{"id":1041,"date":"2023-10-31T12:50:13","date_gmt":"2023-10-31T11:50:13","guid":{"rendered":"https:\/\/www.hedera-etc.com\/?post_type=product&#038;p=1041"},"modified":"2026-04-28T07:09:28","modified_gmt":"2026-04-28T05:09:28","slug":"hedera-helix-micro-kolibri","status":"publish","type":"product","link":"https:\/\/www.hedera-etc.com\/de\/product\/hedera-helix-micro-kolibri\/","title":{"rendered":"<em>Hedera helix<\/em> &lsquo;Micro Kolibri&rsquo; &#8211; Zier-Efeu"},"content":{"rendered":"<div data-elementor-type=\"product-post\" data-elementor-id=\"1041\" class=\"elementor elementor-1041\" data-elementor-post-type=\"product\">\n\t\t\t\t<div class=\"elementor-element elementor-element-22876316 e-con-full e-flex e-con e-child\" data-id=\"22876316\" data-element_type=\"container\">\n\t\t\t\t<div class=\"elementor-element elementor-element-5d5f0eb elementor-widget elementor-widget-text-editor\" data-id=\"5d5f0eb\" data-element_type=\"widget\" data-widget_type=\"text-editor.default\">\n\t\t\t\t<div class=\"elementor-widget-container\">\n\t\t\t\t\t\t\t\t\t<h2><span style=\"color: #f0ffed;\">Der Zier-Efeu\u00a0 &#8211; Hedera helix &lsquo;Micro Kolibri&rsquo;<\/span><\/h2>\t\t\t\t\t\t\t\t<\/div>\n\t\t\t\t<\/div>\n\t\t\t\t<\/div>\n\t\t<div class=\"elementor-element elementor-element-1d15da91 e-flex e-con-boxed e-con e-parent\" data-id=\"1d15da91\" data-element_type=\"container\">\n\t\t\t\t\t<div class=\"e-con-inner\">\n\t\t<div class=\"elementor-element elementor-element-29f2527c e-flex e-con-boxed e-con e-child\" data-id=\"29f2527c\" data-element_type=\"container\">\n\t\t\t\t\t<div class=\"e-con-inner\">\n\t\t\t\t<div class=\"elementor-element elementor-element-274f2cfd elementor-widget elementor-widget-heading\" data-id=\"274f2cfd\" data-element_type=\"widget\" data-widget_type=\"heading.default\">\n\t\t\t\t<div class=\"elementor-widget-container\">\n\t\t\t\t\t<h2 class=\"elementor-heading-title elementor-size-default\">Zusammenfassend<\/h2>\t\t\t\t<\/div>\n\t\t\t\t<\/div>\n\t\t\t\t<div class=\"elementor-element elementor-element-229832d6 elementor-widget elementor-widget-text-editor\" data-id=\"229832d6\" data-element_type=\"widget\" data-widget_type=\"text-editor.default\">\n\t\t\t\t<div class=\"elementor-widget-container\">\n\t\t\t\t\t\t\t\t\t<p>Zier-Efeu, <strong><em>Hedera helix<\/em> &lsquo;Micro Kolibri&rsquo;<\/strong>, ist ein h\u00fcbscher Efeu mit panaschierten Bl\u00e4ttern, die sich im Winter rosa f\u00e4rben.<\/p><p>Sie sind unregelm\u00e4\u00dfig geformt und bestehen aus drei schwach ausgepr\u00e4gten Lappen. Die Blattspreite ist auf einem mittelgr\u00fcnen Hintergrund unterschiedlich wei\u00df und graugr\u00fcn gefleckt. Einige sind fast wei\u00df, andere haben ein wei\u00dfes Zebramuster und wieder andere sind fast gr\u00fcn.<\/p><p>Die St\u00e4ngel sind ziemlich gut verzweigt. Die Internodien sind eher kurz. Dies ist ein idealer Efeu f\u00fcr Ihre T\u00f6pfe.<\/p>\t\t\t\t\t\t\t\t<\/div>\n\t\t\t\t<\/div>\n\t\t\t\t<div class=\"elementor-element elementor-element-bd069d5 elementor-widget elementor-widget-heading\" data-id=\"bd069d5\" data-element_type=\"widget\" data-widget_type=\"heading.default\">\n\t\t\t\t<div class=\"elementor-widget-container\">\n\t\t\t\t\t<h2 class=\"elementor-heading-title elementor-size-default\">Geschichte<\/h2>\t\t\t\t<\/div>\n\t\t\t\t<\/div>\n\t\t\t\t<div class=\"elementor-element elementor-element-4e0cb99 elementor-widget elementor-widget-text-editor\" data-id=\"4e0cb99\" data-element_type=\"widget\" data-widget_type=\"text-editor.default\">\n\t\t\t\t<div class=\"elementor-widget-container\">\n\t\t\t\t\t\t\t\t\t<p>Wir kennen den Ursprung dieser Kultivar nicht.<\/p>\t\t\t\t\t\t\t\t<\/div>\n\t\t\t\t<\/div>\n\t\t\t\t<div class=\"elementor-element elementor-element-5e1d73ab elementor-widget elementor-widget-heading\" data-id=\"5e1d73ab\" data-element_type=\"widget\" data-widget_type=\"heading.default\">\n\t\t\t\t<div class=\"elementor-widget-container\">\n\t\t\t\t\t<h2 class=\"elementor-heading-title elementor-size-default\">Technisches Datenblatt - Hedera helix 'Micro Kolibri'<\/h2>\t\t\t\t<\/div>\n\t\t\t\t<\/div>\n\t\t\t\t<div class=\"elementor-element elementor-element-34360412 elementor-widget elementor-widget-text-editor\" data-id=\"34360412\" data-element_type=\"widget\" data-widget_type=\"text-editor.default\">\n\t\t\t\t<div class=\"elementor-widget-container\">\n\t\t\t\t\t\t\t\t\t<h3>Botanische Informationen<\/h3><ul><li>Familie: Araliaceae<\/li><li>Gattung : <em><strong>Hedera<\/strong><\/em><\/li><li>Art : <em>helix<\/em><\/li><li>Anbauen : &lsquo;Micro Kolibri\u00a0\u00bb<\/li><li>Pierot-Klassifikation: Panaschierter Efeu<\/li><li>Blattstadium: juvenil<\/li><li>Herkunft der Art: Europa, von Spanien bis Norwegen, jedoch kaum an der Atlantikk\u00fcste.<\/li><li>Ursprung des Kultivars: unbekannt<\/li><\/ul><h3>\u00a0<\/h3><h3>Beschreibung von Hedera helix &lsquo;Micro Kolibri&rsquo;<\/h3><ul><li>Habitus: gedrungen<\/li><li>Anzahl der Lappen: meist 3 Lappen, wenig ausgepr\u00e4gt<\/li><li>L\u00e4nge des Blattes: 3-4 cm<\/li><li>Breite des Blattes: 3 bis 4 cm<\/li><li>Blattfarbe: gr\u00fcn mit wei\u00dfen Panaschierungen, unregelm\u00e4\u00dfig<\/li><li>Farbe der Rippen: hellgr\u00fcn oder cremefarben<\/li><li>Farbe Stiel und Blattstiel: r\u00f6tlich-gr\u00fcn<\/li><li>L\u00e4nge des Blattstiels: 2 bis 3 cm<\/li><li>Verzweigungen: ziemlich verzweigt<\/li><li>Dicke des Teppichs: wenig dick<\/li><li>Zwischenknoten: 1 cm<\/li><li>Haare: sternf\u00f6rmig, 3 bis 5 Arme<\/li><\/ul><h3>\u00a0<\/h3><h3>Tipps zu Pflanzung, Anbau und Pflege f\u00fcr Hedera helix &lsquo;Micro Kolibri&rsquo;<\/h3><ul><li>Standort: Schatten, Halbschatten<\/li><li>Winterh\u00e4rte: -15\u00b0C<\/li><li>Bodenfeuchtigkeit: frischer Boden<\/li><li>PH-Wert des Bodens: neutral oder kalkhaltig<\/li><li>Bodenart: alle<\/li><li>Bodenreichtum: gew\u00f6hnlich oder humos<\/li><li>Verwendung: Bodendecker, T\u00f6pfe, Blumenk\u00e4sten<\/li><li>Entwicklung: m\u00e4\u00dfig<\/li><li>Beschneiden: einmal im Jahr<\/li><li>Sch\u00e4dlinge: sehr selten (Rote Spinne, Schildl\u00e4use)<\/li><li>Krankheiten: sehr selten (Flecken auf den Bl\u00e4ttern)<\/li><\/ul>\t\t\t\t\t\t\t\t<\/div>\n\t\t\t\t<\/div>\n\t\t\t\t\t<\/div>\n\t\t\t\t<\/div>\n\t\t\t\t\t<\/div>\n\t\t\t\t<\/div>\n\t\t<div class=\"elementor-element elementor-element-3a57b35a e-flex e-con-boxed e-con e-parent\" data-id=\"3a57b35a\" data-element_type=\"container\">\n\t\t\t\t\t<div class=\"e-con-inner\">\n\t\t\t\t<div class=\"elementor-element elementor-element-4d2c30d9 elementor-widget elementor-widget-image\" data-id=\"4d2c30d9\" data-element_type=\"widget\" data-widget_type=\"image.default\">\n\t\t\t\t<div class=\"elementor-widget-container\">\n\t\t\t\t\t\t\t\t\t\t\t\t\t\t\t<img fetchpriority=\"high\" decoding=\"async\" width=\"1024\" height=\"146\" src=\"https:\/\/www.hedera-etc.com\/wp-content\/uploads\/2023\/10\/guirlande-1024x146.webp\" class=\"attachment-large size-large wp-image-116\" alt=\"La boutique du lierre - Efeu-Girlande\" srcset=\"https:\/\/www.hedera-etc.com\/wp-content\/uploads\/2023\/10\/guirlande-1024x146.webp 1024w, https:\/\/www.hedera-etc.com\/wp-content\/uploads\/2023\/10\/guirlande-900x129.webp 900w, https:\/\/www.hedera-etc.com\/wp-content\/uploads\/2023\/10\/guirlande-300x43.webp 300w, https:\/\/www.hedera-etc.com\/wp-content\/uploads\/2023\/10\/guirlande-768x110.webp 768w, https:\/\/www.hedera-etc.com\/wp-content\/uploads\/2023\/10\/guirlande.webp 1126w\" sizes=\"(max-width: 1024px) 100vw, 1024px\" \/>\t\t\t\t\t\t\t\t\t\t\t\t\t\t\t<\/div>\n\t\t\t\t<\/div>\n\t\t\t\t<div class=\"elementor-element elementor-element-4c9e8105 elementor-widget elementor-widget-text-editor\" data-id=\"4c9e8105\" data-element_type=\"widget\" data-widget_type=\"text-editor.default\">\n\t\t\t\t<div class=\"elementor-widget-container\">\n\t\t\t\t\t\t\t\t\t<h3 style=\"text-align: center;\"><span style=\"color: #008000;\">Efeu in der Literatur<\/span><\/h3><blockquote><p style=\"text-align: center;\"><span style=\"color: #993366;\">\u201cDie alten, mit Efeu bewachsenen Steine schienen noch von der W\u00e4rme der vergangenen Tage zu vibrieren.<\/span><span style=\"color: #993366;\">\u201d<\/span><\/p><\/blockquote><h5 style=\"text-align: right;\"><strong>Gustave Flaubert<\/strong>, <em>Salammb\u00f4<\/em><\/h5>\t\t\t\t\t\t\t\t<\/div>\n\t\t\t\t<\/div>\n\t\t\t\t\t<\/div>\n\t\t\t\t<\/div>\n\t\t\t\t<\/div>","protected":false},"excerpt":{"rendered":"<p>H\u00fcbscher Efeu mit panaschierten Bl\u00e4ttern, die sich im Winter rosa f\u00e4rben.<\/p>\n<p>Unregelm\u00e4\u00dfig geformt, aus 3 wenig ausgepr\u00e4gten Lappen bestehend. Die Blattspreite ist unterschiedlich wei\u00df und graugr\u00fcn gefleckt auf einem mittelgr\u00fcnen Hintergrund.<\/p>\n<p>Ziemlich gut verzweigte St\u00e4ngel. Die Internodien sind eher kurz. Idealer Efeu f\u00fcr Ihre T\u00f6pfe.<\/p>","protected":false},"featured_media":11331,"comment_status":"open","ping_status":"closed","template":"","meta":{"_acf_changed":false,"ocean_post_layout":"","ocean_both_sidebars_style":"","ocean_both_sidebars_content_width":0,"ocean_both_sidebars_sidebars_width":0,"ocean_sidebar":"0","ocean_second_sidebar":"0","ocean_disable_margins":"enable","ocean_add_body_class":"","ocean_shortcode_before_top_bar":"","ocean_shortcode_after_top_bar":"","ocean_shortcode_before_header":"","ocean_shortcode_after_header":"","ocean_has_shortcode":"","ocean_shortcode_after_title":"","ocean_shortcode_before_footer_widgets":"","ocean_shortcode_after_footer_widgets":"","ocean_shortcode_before_footer_bottom":"","ocean_shortcode_after_footer_bottom":"","ocean_display_top_bar":"default","ocean_display_header":"default","ocean_header_style":"","ocean_center_header_left_menu":"0","ocean_custom_header_template":"0","ocean_custom_logo":0,"ocean_custom_retina_logo":0,"ocean_custom_logo_max_width":0,"ocean_custom_logo_tablet_max_width":0,"ocean_custom_logo_mobile_max_width":0,"ocean_custom_logo_max_height":0,"ocean_custom_logo_tablet_max_height":0,"ocean_custom_logo_mobile_max_height":0,"ocean_header_custom_menu":"0","ocean_menu_typo_font_family":"0","ocean_menu_typo_font_subset":"","ocean_menu_typo_font_size":0,"ocean_menu_typo_font_size_tablet":0,"ocean_menu_typo_font_size_mobile":0,"ocean_menu_typo_font_size_unit":"px","ocean_menu_typo_font_weight":"","ocean_menu_typo_font_weight_tablet":"","ocean_menu_typo_font_weight_mobile":"","ocean_menu_typo_transform":"","ocean_menu_typo_transform_tablet":"","ocean_menu_typo_transform_mobile":"","ocean_menu_typo_line_height":0,"ocean_menu_typo_line_height_tablet":0,"ocean_menu_typo_line_height_mobile":0,"ocean_menu_typo_line_height_unit":"","ocean_menu_typo_spacing":0,"ocean_menu_typo_spacing_tablet":0,"ocean_menu_typo_spacing_mobile":0,"ocean_menu_typo_spacing_unit":"","ocean_menu_link_color":"","ocean_menu_link_color_hover":"","ocean_menu_link_color_active":"","ocean_menu_link_background":"","ocean_menu_link_hover_background":"","ocean_menu_link_active_background":"","ocean_menu_social_links_bg":"","ocean_menu_social_hover_links_bg":"","ocean_menu_social_links_color":"","ocean_menu_social_hover_links_color":"","ocean_disable_title":"default","ocean_disable_heading":"default","ocean_post_title":"","ocean_post_subheading":"","ocean_post_title_style":"","ocean_post_title_background_color":"","ocean_post_title_background":0,"ocean_post_title_bg_image_position":"","ocean_post_title_bg_image_attachment":"","ocean_post_title_bg_image_repeat":"","ocean_post_title_bg_image_size":"","ocean_post_title_height":0,"ocean_post_title_bg_overlay":0.5,"ocean_post_title_bg_overlay_color":"","ocean_disable_breadcrumbs":"default","ocean_breadcrumbs_color":"","ocean_breadcrumbs_separator_color":"","ocean_breadcrumbs_links_color":"","ocean_breadcrumbs_links_hover_color":"","ocean_display_footer_widgets":"default","ocean_display_footer_bottom":"default","ocean_custom_footer_template":"0"},"product_brand":[],"product_cat":[134],"product_tag":[],"class_list":{"0":"post-1041","1":"product","2":"type-product","3":"status-publish","4":"has-post-thumbnail","6":"product_cat-lierre","8":"entry","9":"has-media","11":"first","12":"instock","13":"purchasable","14":"product-type-variable","15":"has-default-attributes","16":"has-product-nav","17":"col","18":"span_1_of_4","19":"owp-content-center","20":"item-entry","21":"owp-thumbs-layout-horizontal","22":"owp-btn-normal","23":"owp-tabs-layout-section"},"acf":[],"jetpack_sharing_enabled":true,"_links":{"self":[{"href":"https:\/\/www.hedera-etc.com\/de\/wp-json\/wp\/v2\/product\/1041","targetHints":{"allow":["GET"]}}],"collection":[{"href":"https:\/\/www.hedera-etc.com\/de\/wp-json\/wp\/v2\/product"}],"about":[{"href":"https:\/\/www.hedera-etc.com\/de\/wp-json\/wp\/v2\/types\/product"}],"replies":[{"embeddable":true,"href":"https:\/\/www.hedera-etc.com\/de\/wp-json\/wp\/v2\/comments?post=1041"}],"version-history":[{"count":3,"href":"https:\/\/www.hedera-etc.com\/de\/wp-json\/wp\/v2\/product\/1041\/revisions"}],"predecessor-version":[{"id":14389,"href":"https:\/\/www.hedera-etc.com\/de\/wp-json\/wp\/v2\/product\/1041\/revisions\/14389"}],"wp:featuredmedia":[{"embeddable":true,"href":"https:\/\/www.hedera-etc.com\/de\/wp-json\/wp\/v2\/media\/11331"}],"wp:attachment":[{"href":"https:\/\/www.hedera-etc.com\/de\/wp-json\/wp\/v2\/media?parent=1041"}],"wp:term":[{"taxonomy":"product_brand","embeddable":true,"href":"https:\/\/www.hedera-etc.com\/de\/wp-json\/wp\/v2\/product_brand?post=1041"},{"taxonomy":"product_cat","embeddable":true,"href":"https:\/\/www.hedera-etc.com\/de\/wp-json\/wp\/v2\/product_cat?post=1041"},{"taxonomy":"product_tag","embeddable":true,"href":"https:\/\/www.hedera-etc.com\/de\/wp-json\/wp\/v2\/product_tag?post=1041"}],"curies":[{"name":"wp","href":"https:\/\/api.w.org\/{rel}","templated":true}]}}

<div data-elementor-type="product-post" data-elementor-id="1041" class="elementor elementor-1041" data-elementor-post-type="product">
				<div class="elementor-element elementor-element-22876316 e-con-full e-flex e-con e-child" data-id="22876316" data-element_type="container">
				<div class="elementor-element elementor-element-5d5f0eb elementor-widget elementor-widget-text-editor" data-id="5d5f0eb" data-element_type="widget" data-widget_type="text-editor.default">
				<div class="elementor-widget-container">
									<h2><span style="color: #f0ffed;">Der Zier-Efeu  &#8211; Hedera helix &lsquo;Micro Kolibri&rsquo;</span></h2>								</div>
				</div>
				</div>
		<div class="elementor-element elementor-element-1d15da91 e-flex e-con-boxed e-con e-parent" data-id="1d15da91" data-element_type="container">
					<div class="e-con-inner">
		<div class="elementor-element elementor-element-29f2527c e-flex e-con-boxed e-con e-child" data-id="29f2527c" data-element_type="container">
					<div class="e-con-inner">
				<div class="elementor-element elementor-element-274f2cfd elementor-widget elementor-widget-heading" data-id="274f2cfd" data-element_type="widget" data-widget_type="heading.default">
				<div class="elementor-widget-container">
					<h2 class="elementor-heading-title elementor-size-default">Zusammenfassend</h2>				</div>
				</div>
				<div class="elementor-element elementor-element-229832d6 elementor-widget elementor-widget-text-editor" data-id="229832d6" data-element_type="widget" data-widget_type="text-editor.default">
				<div class="elementor-widget-container">
									<p>Zier-Efeu, <strong><em>Hedera helix</em> &lsquo;Micro Kolibri&rsquo;</strong>, ist ein hübscher Efeu mit panaschierten Blättern, die sich im Winter rosa färben.</p><p>Sie sind unregelmäßig geformt und bestehen aus drei schwach ausgeprägten Lappen. Die Blattspreite ist auf einem mittelgrünen Hintergrund unterschiedlich weiß und graugrün gefleckt. Einige sind fast weiß, andere haben ein weißes Zebramuster und wieder andere sind fast grün.</p><p>Die Stängel sind ziemlich gut verzweigt. Die Internodien sind eher kurz. Dies ist ein idealer Efeu für Ihre Töpfe.</p>								</div>
				</div>
				<div class="elementor-element elementor-element-bd069d5 elementor-widget elementor-widget-heading" data-id="bd069d5" data-element_type="widget" data-widget_type="heading.default">
				<div class="elementor-widget-container">
					<h2 class="elementor-heading-title elementor-size-default">Geschichte</h2>				</div>
				</div>
				<div class="elementor-element elementor-element-4e0cb99 elementor-widget elementor-widget-text-editor" data-id="4e0cb99" data-element_type="widget" data-widget_type="text-editor.default">
				<div class="elementor-widget-container">
									<p>Wir kennen den Ursprung dieser Kultivar nicht.</p>								</div>
				</div>
				<div class="elementor-element elementor-element-5e1d73ab elementor-widget elementor-widget-heading" data-id="5e1d73ab" data-element_type="widget" data-widget_type="heading.default">
				<div class="elementor-widget-container">
					<h2 class="elementor-heading-title elementor-size-default">Technisches Datenblatt - Hedera helix 'Micro Kolibri'</h2>				</div>
				</div>
				<div class="elementor-element elementor-element-34360412 elementor-widget elementor-widget-text-editor" data-id="34360412" data-element_type="widget" data-widget_type="text-editor.default">
				<div class="elementor-widget-container">
									<h3>Botanische Informationen</h3><ul><li>Familie: Araliaceae</li><li>Gattung : <em><strong>Hedera</strong></em></li><li>Art : <em>helix</em></li><li>Anbauen : &lsquo;Micro Kolibri »</li><li>Pierot-Klassifikation: Panaschierter Efeu</li><li>Blattstadium: juvenil</li><li>Herkunft der Art: Europa, von Spanien bis Norwegen, jedoch kaum an der Atlantikküste.</li><li>Ursprung des Kultivars: unbekannt</li></ul><h3> </h3><h3>Beschreibung von Hedera helix &lsquo;Micro Kolibri&rsquo;</h3><ul><li>Habitus: gedrungen</li><li>Anzahl der Lappen: meist 3 Lappen, wenig ausgeprägt</li><li>Länge des Blattes: 3-4 cm</li><li>Breite des Blattes: 3 bis 4 cm</li><li>Blattfarbe: grün mit weißen Panaschierungen, unregelmäßig</li><li>Farbe der Rippen: hellgrün oder cremefarben</li><li>Farbe Stiel und Blattstiel: rötlich-grün</li><li>Länge des Blattstiels: 2 bis 3 cm</li><li>Verzweigungen: ziemlich verzweigt</li><li>Dicke des Teppichs: wenig dick</li><li>Zwischenknoten: 1 cm</li><li>Haare: sternförmig, 3 bis 5 Arme</li></ul><h3> </h3><h3>Tipps zu Pflanzung, Anbau und Pflege für Hedera helix &lsquo;Micro Kolibri&rsquo;</h3><ul><li>Standort: Schatten, Halbschatten</li><li>Winterhärte: -15°C</li><li>Bodenfeuchtigkeit: frischer Boden</li><li>PH-Wert des Bodens: neutral oder kalkhaltig</li><li>Bodenart: alle</li><li>Bodenreichtum: gewöhnlich oder humos</li><li>Verwendung: Bodendecker, Töpfe, Blumenkästen</li><li>Entwicklung: mäßig</li><li>Beschneiden: einmal im Jahr</li><li>Schädlinge: sehr selten (Rote Spinne, Schildläuse)</li><li>Krankheiten: sehr selten (Flecken auf den Blättern)</li></ul>								</div>
				</div>
					</div>
				</div>
					</div>
				</div>
		<div class="elementor-element elementor-element-3a57b35a e-flex e-con-boxed e-con e-parent" data-id="3a57b35a" data-element_type="container">
					<div class="e-con-inner">
				<div class="elementor-element elementor-element-4d2c30d9 elementor-widget elementor-widget-image" data-id="4d2c30d9" data-element_type="widget" data-widget_type="image.default">
				<div class="elementor-widget-container">
															<img fetchpriority="high" decoding="async" width="1024" height="146" src="https://www.hedera-etc.com/wp-content/uploads/2023/10/guirlande-1024x146.webp" class="attachment-large size-large wp-image-116" alt="La boutique du lierre - Efeu-Girlande" srcset="https://www.hedera-etc.com/wp-content/uploads/2023/10/guirlande-1024x146.webp 1024w, https://www.hedera-etc.com/wp-content/uploads/2023/10/guirlande-900x129.webp 900w, https://www.hedera-etc.com/wp-content/uploads/2023/10/guirlande-300x43.webp 300w, https://www.hedera-etc.com/wp-content/uploads/2023/10/guirlande-768x110.webp 768w, https://www.hedera-etc.com/wp-content/uploads/2023/10/guirlande.webp 1126w" sizes="(max-width: 1024px) 100vw, 1024px" />															</div>
				</div>
				<div class="elementor-element elementor-element-4c9e8105 elementor-widget elementor-widget-text-editor" data-id="4c9e8105" data-element_type="widget" data-widget_type="text-editor.default">
				<div class="elementor-widget-container">
									<h3 style="text-align: center;"><span style="color: #008000;">Efeu in der Literatur</span></h3><blockquote><p style="text-align: center;"><span style="color: #993366;">“Die alten, mit Efeu bewachsenen Steine schienen noch von der Wärme der vergangenen Tage zu vibrieren.</span><span style="color: #993366;">”</span></p></blockquote><h5 style="text-align: right;"><strong>Gustave Flaubert</strong>, <em>Salammbô</em></h5>								</div>
				</div>
					</div>
				</div>
				</div>

<p>Hübscher Efeu mit panaschierten Blättern, die sich im Winter rosa färben.</p>
<p>Unregelmäßig geformt, aus 3 wenig ausgeprägten Lappen bestehend. Die Blattspreite ist unterschiedlich weiß und graugrün gefleckt auf einem mittelgrünen Hintergrund.</p>
<p>Ziemlich gut verzweigte Stängel. Die Internodien sind eher kurz. Idealer Efeu für Ihre Töpfe.</p>
