{"id":1134,"date":"2023-10-31T20:50:04","date_gmt":"2023-10-31T19:50:04","guid":{"rendered":"https:\/\/www.hedera-etc.com\/?post_type=product&#038;p=1134"},"modified":"2026-04-29T07:09:33","modified_gmt":"2026-04-29T05:09:33","slug":"hedera-helix-odin","status":"publish","type":"product","link":"https:\/\/www.hedera-etc.com\/de\/product\/hedera-helix-odin\/","title":{"rendered":"<em>Hedera helix<\/em> &lsquo;Odin&rsquo; &#8211; Zier-Efeu"},"content":{"rendered":"<div data-elementor-type=\"product-post\" data-elementor-id=\"1134\" class=\"elementor elementor-1134\" data-elementor-post-type=\"product\">\n\t\t\t\t<div class=\"elementor-element elementor-element-58b79cbd e-con-full e-flex e-con e-child\" data-id=\"58b79cbd\" data-element_type=\"container\">\n\t\t\t\t<div class=\"elementor-element elementor-element-2fe9fea2 elementor-widget elementor-widget-text-editor\" data-id=\"2fe9fea2\" data-element_type=\"widget\" data-widget_type=\"text-editor.default\">\n\t\t\t\t<div class=\"elementor-widget-container\">\n\t\t\t\t\t\t\t\t\t<h2><span style=\"color: #f0ffed;\">Der Zier-Efeu\u00a0 &#8211; Hedera helix &lsquo;Odin&rsquo;<\/span><\/h2>\t\t\t\t\t\t\t\t<\/div>\n\t\t\t\t<\/div>\n\t\t\t\t<\/div>\n\t\t<div class=\"elementor-element elementor-element-18761ec0 e-flex e-con-boxed e-con e-parent\" data-id=\"18761ec0\" data-element_type=\"container\">\n\t\t\t\t\t<div class=\"e-con-inner\">\n\t\t<div class=\"elementor-element elementor-element-e47f5e4 e-flex e-con-boxed e-con e-child\" data-id=\"e47f5e4\" data-element_type=\"container\">\n\t\t\t\t\t<div class=\"e-con-inner\">\n\t\t\t\t<div class=\"elementor-element elementor-element-58727f0 elementor-widget elementor-widget-heading\" data-id=\"58727f0\" data-element_type=\"widget\" data-widget_type=\"heading.default\">\n\t\t\t\t<div class=\"elementor-widget-container\">\n\t\t\t\t\t<h2 class=\"elementor-heading-title elementor-size-default\">Zusammenfassend<\/h2>\t\t\t\t<\/div>\n\t\t\t\t<\/div>\n\t\t\t\t<div class=\"elementor-element elementor-element-19249565 elementor-widget elementor-widget-text-editor\" data-id=\"19249565\" data-element_type=\"widget\" data-widget_type=\"text-editor.default\">\n\t\t\t\t<div class=\"elementor-widget-container\">\n\t\t\t\t\t\t\t\t\t<p>Zier-Efeu, <strong><em>Hedera helix<\/em> &lsquo;Odin<\/strong>&lsquo;, pr\u00e9sente un feuillage asym\u00e9trique, aux lobes peu prononc\u00e9s.<\/p><p>Die Blattspreite ist gl\u00e4nzend gr\u00fcn mit einer leichten cremefarbenen Panaschierung, die der Pflanze eine zus\u00e4tzliche Seele verleiht.<\/p><p>Mit ihrem eher gedrungenen Wuchs und den recht verzweigten St\u00e4ngeln eignet sie sich gleicherma\u00dfen als Bodendecker wie als Kletterpflanze oder sogar als H\u00e4ngepflanze.<\/p>\t\t\t\t\t\t\t\t<\/div>\n\t\t\t\t<\/div>\n\t\t\t\t<div class=\"elementor-element elementor-element-70f60fbd elementor-widget elementor-widget-heading\" data-id=\"70f60fbd\" data-element_type=\"widget\" data-widget_type=\"heading.default\">\n\t\t\t\t<div class=\"elementor-widget-container\">\n\t\t\t\t\t<h2 class=\"elementor-heading-title elementor-size-default\">Geschichte<\/h2>\t\t\t\t<\/div>\n\t\t\t\t<\/div>\n\t\t\t\t<div class=\"elementor-element elementor-element-4db60e16 elementor-widget elementor-widget-text-editor\" data-id=\"4db60e16\" data-element_type=\"widget\" data-widget_type=\"text-editor.default\">\n\t\t\t\t<div class=\"elementor-widget-container\">\n\t\t\t\t\t\t\t\t\t<p>Diese Sorte wurde in einem Gartencenter in Remscheid, Deutschland, entdeckt und auf dem Treffen 2007 der Deutschen Efeugesellschaft benannt.<\/p>\t\t\t\t\t\t\t\t<\/div>\n\t\t\t\t<\/div>\n\t\t\t\t<div class=\"elementor-element elementor-element-3d8b1277 elementor-widget elementor-widget-heading\" data-id=\"3d8b1277\" data-element_type=\"widget\" data-widget_type=\"heading.default\">\n\t\t\t\t<div class=\"elementor-widget-container\">\n\t\t\t\t\t<h2 class=\"elementor-heading-title elementor-size-default\">Technisches Datenblatt - Hedera helix 'Odin'<\/h2>\t\t\t\t<\/div>\n\t\t\t\t<\/div>\n\t\t\t\t<div class=\"elementor-element elementor-element-1615121a elementor-widget elementor-widget-text-editor\" data-id=\"1615121a\" data-element_type=\"widget\" data-widget_type=\"text-editor.default\">\n\t\t\t\t<div class=\"elementor-widget-container\">\n\t\t\t\t\t\t\t\t\t<h3>Botanische Informationen<\/h3><ul><li>Familie: Araliaceae<\/li><li>Gattung : <em><strong>Hedera<\/strong><\/em><\/li><li>Art : <em>helix<\/em><\/li><li>Anbauen : &lsquo;Odin&rsquo;<\/li><li>Pierot-Klassifikation: Efeu-Typ, Efeu mit f\u00e4cherf\u00f6rmigen Bl\u00e4ttern<\/li><li>Blattstadium: juvenil<\/li><li>Herkunft der Art: Europa, von Spanien bis Norwegen, jedoch kaum an der Atlantikk\u00fcste.<\/li><li>Herkunft des Kultivars: Entdeckt in einem Gartencenter in Remscheid, Deutschland, und beim Treffen 2007 der Deutschen Efeugesellschaft benannt.<\/li><\/ul><h3>\u00a0<\/h3><h3>Beschreibung von Hedera helix &lsquo;Odin&rsquo;<\/h3><ul><li>Habitus: gedrungen<\/li><li>Anzahl der Lappen: 5 bis 7 Lappen im Allgemeinen, wenig ausgepr\u00e4gt<\/li><li>L\u00e4nge des Blattes: 4-5 cm<\/li><li>Breite des Blattes: 3 bis 4 cm<\/li><li>Blattfarbe: dunkelgr\u00fcn mit leichter cremefarbener Panaschierung<\/li><li>Farbe der Rippen: gr\u00fcn<\/li><li>Blattform: asymmetrisch<\/li><li>Farbe Stiel und Blattstiel: rosa-gr\u00fcn<\/li><li>St\u00e4ngel: ziemlich verzweigt<\/li><li>Internodien: 3 bis 4 cm<\/li><li>L\u00e4nge des Blattstiels: 3 bis 4 cm<\/li><li>Haare: sternf\u00f6rmig, 3 bis 5 Arme<\/li><\/ul><h3>\u00a0<\/h3><h3>Tipps zu Pflanzung, Anbau und Pflege f\u00fcr Hedera helix &lsquo;Odin&rsquo;<\/h3><ul><li>Standort: Schatten, Halbschatten, Sonne<\/li><li>Winterh\u00e4rte: -15\u00b0C<\/li><li>Bodenfeuchtigkeit: frischer Boden<\/li><li>PH-Wert des Bodens: neutral oder kalkhaltig<\/li><li>Bodenart: alle<\/li><li>Bodenreichtum: gew\u00f6hnlich oder humos<\/li><li>Verwendung: Bodendecker, Kletterpflanze, H\u00e4ngepflanze<\/li><li>Entwicklung: m\u00e4\u00dfig<\/li><li>Beschneiden: einmal im Jahr<\/li><li>Sch\u00e4dlinge: sehr selten (Rote Spinne, Schildl\u00e4use)<\/li><li>Krankheiten: sehr selten (Flecken auf den Bl\u00e4ttern)<\/li><\/ul>\t\t\t\t\t\t\t\t<\/div>\n\t\t\t\t<\/div>\n\t\t\t\t\t<\/div>\n\t\t\t\t<\/div>\n\t\t\t\t\t<\/div>\n\t\t\t\t<\/div>\n\t\t<div class=\"elementor-element elementor-element-19ae6263 e-flex e-con-boxed e-con e-parent\" data-id=\"19ae6263\" data-element_type=\"container\">\n\t\t\t\t\t<div class=\"e-con-inner\">\n\t\t\t\t<div class=\"elementor-element elementor-element-3473ba15 elementor-widget elementor-widget-image\" data-id=\"3473ba15\" data-element_type=\"widget\" data-widget_type=\"image.default\">\n\t\t\t\t<div class=\"elementor-widget-container\">\n\t\t\t\t\t\t\t\t\t\t\t\t\t\t\t<img fetchpriority=\"high\" decoding=\"async\" width=\"1024\" height=\"146\" src=\"https:\/\/www.hedera-etc.com\/wp-content\/uploads\/2023\/10\/guirlande-1024x146.webp\" class=\"attachment-large size-large wp-image-116\" alt=\"La boutique du lierre - Efeu-Girlande\" srcset=\"https:\/\/www.hedera-etc.com\/wp-content\/uploads\/2023\/10\/guirlande-1024x146.webp 1024w, https:\/\/www.hedera-etc.com\/wp-content\/uploads\/2023\/10\/guirlande-900x129.webp 900w, https:\/\/www.hedera-etc.com\/wp-content\/uploads\/2023\/10\/guirlande-300x43.webp 300w, https:\/\/www.hedera-etc.com\/wp-content\/uploads\/2023\/10\/guirlande-768x110.webp 768w, https:\/\/www.hedera-etc.com\/wp-content\/uploads\/2023\/10\/guirlande.webp 1126w\" sizes=\"(max-width: 1024px) 100vw, 1024px\" \/>\t\t\t\t\t\t\t\t\t\t\t\t\t\t\t<\/div>\n\t\t\t\t<\/div>\n\t\t\t\t<div class=\"elementor-element elementor-element-234858e5 elementor-widget elementor-widget-text-editor\" data-id=\"234858e5\" data-element_type=\"widget\" data-widget_type=\"text-editor.default\">\n\t\t\t\t<div class=\"elementor-widget-container\">\n\t\t\t\t\t\t\t\t\t<h3 style=\"text-align: center;\"><span style=\"color: #008000;\">Efeu in der Literatur<\/span><\/h3><blockquote><p style=\"text-align: center;\"><span style=\"color: #993366;\">\u201cWie ein treuer Liebhaber schlang sich der Efeu um die S\u00e4ulen, unbeeindruckt vom Lauf der Zeit.<\/span><span style=\"color: #993366;\">\u201d<\/span><\/p><\/blockquote><h5 style=\"text-align: right;\"><strong>Oscar Wilde<\/strong>, <em>Das Bildnis des Dorian Gray<\/em><\/h5>\t\t\t\t\t\t\t\t<\/div>\n\t\t\t\t<\/div>\n\t\t\t\t\t<\/div>\n\t\t\t\t<\/div>\n\t\t\t\t<\/div>","protected":false},"excerpt":{"rendered":"<p>Asymmetrisches Laub mit wenig ausgepr\u00e4gten Lappen.<\/p>\n<p>Gl\u00e4nzend gr\u00fcne Blattspreite mit einer leichten cremefarbenen Panaschierung, die ihr eine zus\u00e4tzliche Seele verleiht.<\/p>\n<p>Sie hat einen eher gedrungenen Wuchs mit ziemlich verzweigten St\u00e4ngeln und eignet sich sowohl als Bodendecker als auch als Kletterpflanze oder sogar als H\u00e4ngepflanze.<\/p>","protected":false},"featured_media":1135,"comment_status":"open","ping_status":"closed","template":"","meta":{"_acf_changed":false,"ocean_post_layout":"","ocean_both_sidebars_style":"","ocean_both_sidebars_content_width":0,"ocean_both_sidebars_sidebars_width":0,"ocean_sidebar":"0","ocean_second_sidebar":"0","ocean_disable_margins":"enable","ocean_add_body_class":"","ocean_shortcode_before_top_bar":"","ocean_shortcode_after_top_bar":"","ocean_shortcode_before_header":"","ocean_shortcode_after_header":"","ocean_has_shortcode":"","ocean_shortcode_after_title":"","ocean_shortcode_before_footer_widgets":"","ocean_shortcode_after_footer_widgets":"","ocean_shortcode_before_footer_bottom":"","ocean_shortcode_after_footer_bottom":"","ocean_display_top_bar":"default","ocean_display_header":"default","ocean_header_style":"","ocean_center_header_left_menu":"0","ocean_custom_header_template":"0","ocean_custom_logo":0,"ocean_custom_retina_logo":0,"ocean_custom_logo_max_width":0,"ocean_custom_logo_tablet_max_width":0,"ocean_custom_logo_mobile_max_width":0,"ocean_custom_logo_max_height":0,"ocean_custom_logo_tablet_max_height":0,"ocean_custom_logo_mobile_max_height":0,"ocean_header_custom_menu":"0","ocean_menu_typo_font_family":"0","ocean_menu_typo_font_subset":"","ocean_menu_typo_font_size":0,"ocean_menu_typo_font_size_tablet":0,"ocean_menu_typo_font_size_mobile":0,"ocean_menu_typo_font_size_unit":"px","ocean_menu_typo_font_weight":"","ocean_menu_typo_font_weight_tablet":"","ocean_menu_typo_font_weight_mobile":"","ocean_menu_typo_transform":"","ocean_menu_typo_transform_tablet":"","ocean_menu_typo_transform_mobile":"","ocean_menu_typo_line_height":0,"ocean_menu_typo_line_height_tablet":0,"ocean_menu_typo_line_height_mobile":0,"ocean_menu_typo_line_height_unit":"","ocean_menu_typo_spacing":0,"ocean_menu_typo_spacing_tablet":0,"ocean_menu_typo_spacing_mobile":0,"ocean_menu_typo_spacing_unit":"","ocean_menu_link_color":"","ocean_menu_link_color_hover":"","ocean_menu_link_color_active":"","ocean_menu_link_background":"","ocean_menu_link_hover_background":"","ocean_menu_link_active_background":"","ocean_menu_social_links_bg":"","ocean_menu_social_hover_links_bg":"","ocean_menu_social_links_color":"","ocean_menu_social_hover_links_color":"","ocean_disable_title":"default","ocean_disable_heading":"default","ocean_post_title":"","ocean_post_subheading":"","ocean_post_title_style":"","ocean_post_title_background_color":"","ocean_post_title_background":0,"ocean_post_title_bg_image_position":"","ocean_post_title_bg_image_attachment":"","ocean_post_title_bg_image_repeat":"","ocean_post_title_bg_image_size":"","ocean_post_title_height":0,"ocean_post_title_bg_overlay":0.5,"ocean_post_title_bg_overlay_color":"","ocean_disable_breadcrumbs":"default","ocean_breadcrumbs_color":"","ocean_breadcrumbs_separator_color":"","ocean_breadcrumbs_links_color":"","ocean_breadcrumbs_links_hover_color":"","ocean_display_footer_widgets":"default","ocean_display_footer_bottom":"default","ocean_custom_footer_template":"0"},"product_brand":[],"product_cat":[134],"product_tag":[],"class_list":{"0":"post-1134","1":"product","2":"type-product","3":"status-publish","4":"has-post-thumbnail","6":"product_cat-lierre","8":"entry","9":"has-media","11":"first","12":"instock","13":"purchasable","14":"product-type-variable","15":"has-default-attributes","16":"has-product-nav","17":"col","18":"span_1_of_4","19":"owp-content-center","20":"item-entry","21":"owp-thumbs-layout-horizontal","22":"owp-btn-normal","23":"owp-tabs-layout-section"},"acf":[],"jetpack_sharing_enabled":true,"_links":{"self":[{"href":"https:\/\/www.hedera-etc.com\/de\/wp-json\/wp\/v2\/product\/1134","targetHints":{"allow":["GET"]}}],"collection":[{"href":"https:\/\/www.hedera-etc.com\/de\/wp-json\/wp\/v2\/product"}],"about":[{"href":"https:\/\/www.hedera-etc.com\/de\/wp-json\/wp\/v2\/types\/product"}],"replies":[{"embeddable":true,"href":"https:\/\/www.hedera-etc.com\/de\/wp-json\/wp\/v2\/comments?post=1134"}],"version-history":[{"count":4,"href":"https:\/\/www.hedera-etc.com\/de\/wp-json\/wp\/v2\/product\/1134\/revisions"}],"predecessor-version":[{"id":18489,"href":"https:\/\/www.hedera-etc.com\/de\/wp-json\/wp\/v2\/product\/1134\/revisions\/18489"}],"wp:featuredmedia":[{"embeddable":true,"href":"https:\/\/www.hedera-etc.com\/de\/wp-json\/wp\/v2\/media\/1135"}],"wp:attachment":[{"href":"https:\/\/www.hedera-etc.com\/de\/wp-json\/wp\/v2\/media?parent=1134"}],"wp:term":[{"taxonomy":"product_brand","embeddable":true,"href":"https:\/\/www.hedera-etc.com\/de\/wp-json\/wp\/v2\/product_brand?post=1134"},{"taxonomy":"product_cat","embeddable":true,"href":"https:\/\/www.hedera-etc.com\/de\/wp-json\/wp\/v2\/product_cat?post=1134"},{"taxonomy":"product_tag","embeddable":true,"href":"https:\/\/www.hedera-etc.com\/de\/wp-json\/wp\/v2\/product_tag?post=1134"}],"curies":[{"name":"wp","href":"https:\/\/api.w.org\/{rel}","templated":true}]}}

<div data-elementor-type="product-post" data-elementor-id="1134" class="elementor elementor-1134" data-elementor-post-type="product">
				<div class="elementor-element elementor-element-58b79cbd e-con-full e-flex e-con e-child" data-id="58b79cbd" data-element_type="container">
				<div class="elementor-element elementor-element-2fe9fea2 elementor-widget elementor-widget-text-editor" data-id="2fe9fea2" data-element_type="widget" data-widget_type="text-editor.default">
				<div class="elementor-widget-container">
									<h2><span style="color: #f0ffed;">Der Zier-Efeu  &#8211; Hedera helix &lsquo;Odin&rsquo;</span></h2>								</div>
				</div>
				</div>
		<div class="elementor-element elementor-element-18761ec0 e-flex e-con-boxed e-con e-parent" data-id="18761ec0" data-element_type="container">
					<div class="e-con-inner">
		<div class="elementor-element elementor-element-e47f5e4 e-flex e-con-boxed e-con e-child" data-id="e47f5e4" data-element_type="container">
					<div class="e-con-inner">
				<div class="elementor-element elementor-element-58727f0 elementor-widget elementor-widget-heading" data-id="58727f0" data-element_type="widget" data-widget_type="heading.default">
				<div class="elementor-widget-container">
					<h2 class="elementor-heading-title elementor-size-default">Zusammenfassend</h2>				</div>
				</div>
				<div class="elementor-element elementor-element-19249565 elementor-widget elementor-widget-text-editor" data-id="19249565" data-element_type="widget" data-widget_type="text-editor.default">
				<div class="elementor-widget-container">
									<p>Zier-Efeu, <strong><em>Hedera helix</em> &lsquo;Odin</strong>&lsquo;, présente un feuillage asymétrique, aux lobes peu prononcés.</p><p>Die Blattspreite ist glänzend grün mit einer leichten cremefarbenen Panaschierung, die der Pflanze eine zusätzliche Seele verleiht.</p><p>Mit ihrem eher gedrungenen Wuchs und den recht verzweigten Stängeln eignet sie sich gleichermaßen als Bodendecker wie als Kletterpflanze oder sogar als Hängepflanze.</p>								</div>
				</div>
				<div class="elementor-element elementor-element-70f60fbd elementor-widget elementor-widget-heading" data-id="70f60fbd" data-element_type="widget" data-widget_type="heading.default">
				<div class="elementor-widget-container">
					<h2 class="elementor-heading-title elementor-size-default">Geschichte</h2>				</div>
				</div>
				<div class="elementor-element elementor-element-4db60e16 elementor-widget elementor-widget-text-editor" data-id="4db60e16" data-element_type="widget" data-widget_type="text-editor.default">
				<div class="elementor-widget-container">
									<p>Diese Sorte wurde in einem Gartencenter in Remscheid, Deutschland, entdeckt und auf dem Treffen 2007 der Deutschen Efeugesellschaft benannt.</p>								</div>
				</div>
				<div class="elementor-element elementor-element-3d8b1277 elementor-widget elementor-widget-heading" data-id="3d8b1277" data-element_type="widget" data-widget_type="heading.default">
				<div class="elementor-widget-container">
					<h2 class="elementor-heading-title elementor-size-default">Technisches Datenblatt - Hedera helix 'Odin'</h2>				</div>
				</div>
				<div class="elementor-element elementor-element-1615121a elementor-widget elementor-widget-text-editor" data-id="1615121a" data-element_type="widget" data-widget_type="text-editor.default">
				<div class="elementor-widget-container">
									<h3>Botanische Informationen</h3><ul><li>Familie: Araliaceae</li><li>Gattung : <em><strong>Hedera</strong></em></li><li>Art : <em>helix</em></li><li>Anbauen : &lsquo;Odin&rsquo;</li><li>Pierot-Klassifikation: Efeu-Typ, Efeu mit fächerförmigen Blättern</li><li>Blattstadium: juvenil</li><li>Herkunft der Art: Europa, von Spanien bis Norwegen, jedoch kaum an der Atlantikküste.</li><li>Herkunft des Kultivars: Entdeckt in einem Gartencenter in Remscheid, Deutschland, und beim Treffen 2007 der Deutschen Efeugesellschaft benannt.</li></ul><h3> </h3><h3>Beschreibung von Hedera helix &lsquo;Odin&rsquo;</h3><ul><li>Habitus: gedrungen</li><li>Anzahl der Lappen: 5 bis 7 Lappen im Allgemeinen, wenig ausgeprägt</li><li>Länge des Blattes: 4-5 cm</li><li>Breite des Blattes: 3 bis 4 cm</li><li>Blattfarbe: dunkelgrün mit leichter cremefarbener Panaschierung</li><li>Farbe der Rippen: grün</li><li>Blattform: asymmetrisch</li><li>Farbe Stiel und Blattstiel: rosa-grün</li><li>Stängel: ziemlich verzweigt</li><li>Internodien: 3 bis 4 cm</li><li>Länge des Blattstiels: 3 bis 4 cm</li><li>Haare: sternförmig, 3 bis 5 Arme</li></ul><h3> </h3><h3>Tipps zu Pflanzung, Anbau und Pflege für Hedera helix &lsquo;Odin&rsquo;</h3><ul><li>Standort: Schatten, Halbschatten, Sonne</li><li>Winterhärte: -15°C</li><li>Bodenfeuchtigkeit: frischer Boden</li><li>PH-Wert des Bodens: neutral oder kalkhaltig</li><li>Bodenart: alle</li><li>Bodenreichtum: gewöhnlich oder humos</li><li>Verwendung: Bodendecker, Kletterpflanze, Hängepflanze</li><li>Entwicklung: mäßig</li><li>Beschneiden: einmal im Jahr</li><li>Schädlinge: sehr selten (Rote Spinne, Schildläuse)</li><li>Krankheiten: sehr selten (Flecken auf den Blättern)</li></ul>								</div>
				</div>
					</div>
				</div>
					</div>
				</div>
		<div class="elementor-element elementor-element-19ae6263 e-flex e-con-boxed e-con e-parent" data-id="19ae6263" data-element_type="container">
					<div class="e-con-inner">
				<div class="elementor-element elementor-element-3473ba15 elementor-widget elementor-widget-image" data-id="3473ba15" data-element_type="widget" data-widget_type="image.default">
				<div class="elementor-widget-container">
															<img fetchpriority="high" decoding="async" width="1024" height="146" src="https://www.hedera-etc.com/wp-content/uploads/2023/10/guirlande-1024x146.webp" class="attachment-large size-large wp-image-116" alt="La boutique du lierre - Efeu-Girlande" srcset="https://www.hedera-etc.com/wp-content/uploads/2023/10/guirlande-1024x146.webp 1024w, https://www.hedera-etc.com/wp-content/uploads/2023/10/guirlande-900x129.webp 900w, https://www.hedera-etc.com/wp-content/uploads/2023/10/guirlande-300x43.webp 300w, https://www.hedera-etc.com/wp-content/uploads/2023/10/guirlande-768x110.webp 768w, https://www.hedera-etc.com/wp-content/uploads/2023/10/guirlande.webp 1126w" sizes="(max-width: 1024px) 100vw, 1024px" />															</div>
				</div>
				<div class="elementor-element elementor-element-234858e5 elementor-widget elementor-widget-text-editor" data-id="234858e5" data-element_type="widget" data-widget_type="text-editor.default">
				<div class="elementor-widget-container">
									<h3 style="text-align: center;"><span style="color: #008000;">Efeu in der Literatur</span></h3><blockquote><p style="text-align: center;"><span style="color: #993366;">“Wie ein treuer Liebhaber schlang sich der Efeu um die Säulen, unbeeindruckt vom Lauf der Zeit.</span><span style="color: #993366;">”</span></p></blockquote><h5 style="text-align: right;"><strong>Oscar Wilde</strong>, <em>Das Bildnis des Dorian Gray</em></h5>								</div>
				</div>
					</div>
				</div>
				</div>

<p>Asymmetrisches Laub mit wenig ausgeprägten Lappen.</p>
<p>Glänzend grüne Blattspreite mit einer leichten cremefarbenen Panaschierung, die ihr eine zusätzliche Seele verleiht.</p>
<p>Sie hat einen eher gedrungenen Wuchs mit ziemlich verzweigten Stängeln und eignet sich sowohl als Bodendecker als auch als Kletterpflanze oder sogar als Hängepflanze.</p>
