{"id":11894,"date":"2024-12-10T20:27:15","date_gmt":"2024-12-10T19:27:15","guid":{"rendered":"https:\/\/www.hedera-etc.com\/?post_type=product&#038;p=11894"},"modified":"2026-04-28T07:09:20","modified_gmt":"2026-04-28T05:09:20","slug":"hedera-helix-mini-adam","status":"publish","type":"product","link":"https:\/\/www.hedera-etc.com\/de\/product\/hedera-helix-mini-adam\/","title":{"rendered":"<em>Hedera helix<\/em> &lsquo;Mini Adam&rsquo;"},"content":{"rendered":"<div data-elementor-type=\"product-post\" data-elementor-id=\"11894\" class=\"elementor elementor-11894\" data-elementor-post-type=\"product\">\n\t\t\t\t<div class=\"elementor-element elementor-element-3ec20187 e-flex e-con-boxed e-con e-parent\" data-id=\"3ec20187\" data-element_type=\"container\">\n\t\t\t\t\t<div class=\"e-con-inner\">\n\t\t<div class=\"elementor-element elementor-element-5de32290 e-flex e-con-boxed e-con e-child\" data-id=\"5de32290\" data-element_type=\"container\">\n\t\t\t\t\t<div class=\"e-con-inner\">\n\t\t\t\t<div class=\"elementor-element elementor-element-433159c9 elementor-widget elementor-widget-text-editor\" data-id=\"433159c9\" data-element_type=\"widget\" data-widget_type=\"text-editor.default\">\n\t\t\t\t<div class=\"elementor-widget-container\">\n\t\t\t\t\t\t\t\t\t<h2><span style=\"color: #f0ffed;\">Der Zier-Efeu\u00a0 &#8211; Hedera helix &lsquo;Mini Adam&rsquo;<\/span><\/h2>\t\t\t\t\t\t\t\t<\/div>\n\t\t\t\t<\/div>\n\t\t\t\t<div class=\"elementor-element elementor-element-5cca24d9 elementor-widget elementor-widget-heading\" data-id=\"5cca24d9\" data-element_type=\"widget\" data-widget_type=\"heading.default\">\n\t\t\t\t<div class=\"elementor-widget-container\">\n\t\t\t\t\t<h2 class=\"elementor-heading-title elementor-size-default\">Zusammenfassend<\/h2>\t\t\t\t<\/div>\n\t\t\t\t<\/div>\n\t\t\t\t<div class=\"elementor-element elementor-element-1447ef71 elementor-widget elementor-widget-text-editor\" data-id=\"1447ef71\" data-element_type=\"widget\" data-widget_type=\"text-editor.default\">\n\t\t\t\t<div class=\"elementor-widget-container\">\n\t\t\t\t\t\t\t\t\t<p>Zier-Efeu, <strong><em>Hedera helix<\/em> &lsquo;Mini Adam&rsquo;<\/strong>, ist ein panaschierter Mini-Efeu, der sich sowohl f\u00fcr den Garten als auch f\u00fcr Innenr\u00e4ume eignet.<\/p>\n<p>Die Bl\u00e4tter sind klein, dreilappig und asymmetrisch. Die Blattspreite ist wei\u00df gerandet auf einem gr\u00fcn-olivfarbenen Hintergrund. Der Wuchs ist buschig und kompakt. Die Internodien sind sehr kurz.<\/p>\n<p>Dies ist ein kleiner, eleganter Efeu, der sich ideal als Topfpflanze oder als Bodendecker in kleinen Bereichen des Gartens eignet. Er bevorzugt schattige bis halbschattige Lagen.<\/p>\t\t\t\t\t\t\t\t<\/div>\n\t\t\t\t<\/div>\n\t\t\t\t<div class=\"elementor-element elementor-element-3f94ab42 elementor-widget elementor-widget-heading\" data-id=\"3f94ab42\" data-element_type=\"widget\" data-widget_type=\"heading.default\">\n\t\t\t\t<div class=\"elementor-widget-container\">\n\t\t\t\t\t<h2 class=\"elementor-heading-title elementor-size-default\">Geschichte<\/h2>\t\t\t\t<\/div>\n\t\t\t\t<\/div>\n\t\t\t\t<div class=\"elementor-element elementor-element-652c782d elementor-widget elementor-widget-text-editor\" data-id=\"652c782d\" data-element_type=\"widget\" data-widget_type=\"text-editor.default\">\n\t\t\t\t<div class=\"elementor-widget-container\">\n\t\t\t\t\t\t\t\t\t<p>Ce cultivar est d&rsquo;origine inconnue, peut-\u00eatre une Ver\u00e4nderung de &lsquo;Eva&rsquo;.<\/p>\t\t\t\t\t\t\t\t<\/div>\n\t\t\t\t<\/div>\n\t\t\t\t<div class=\"elementor-element elementor-element-1ab2078a elementor-widget elementor-widget-heading\" data-id=\"1ab2078a\" data-element_type=\"widget\" data-widget_type=\"heading.default\">\n\t\t\t\t<div class=\"elementor-widget-container\">\n\t\t\t\t\t<h2 class=\"elementor-heading-title elementor-size-default\">Detailansicht - Hedera helix 'Mini Adam'<\/h2>\t\t\t\t<\/div>\n\t\t\t\t<\/div>\n\t\t\t\t<div class=\"elementor-element elementor-element-5dc8d5ef elementor-widget elementor-widget-text-editor\" data-id=\"5dc8d5ef\" data-element_type=\"widget\" data-widget_type=\"text-editor.default\">\n\t\t\t\t<div class=\"elementor-widget-container\">\n\t\t\t\t\t\t\t\t\t<h3>Botanische Informationen<\/h3><ul><li>Familie: Araliaceae<\/li><li>Gattung : <em><strong>Hedera<\/strong><\/em><\/li><li>Art : <em>helix<\/em><\/li><li>Anbauen : &lsquo;Mini Adam&rsquo;<\/li><li>Pierot-Klassifikation: Miniaturefeu, panaschierter Efeu<\/li><li>Blattstadium: juvenil<\/li><li>Herkunft der Art: Europa, von Spanien bis Norwegen, jedoch kaum an der Atlantikk\u00fcste.<\/li><li>Origine du cultivar : inconnue, peut-\u00eatre un sport de &lsquo;Eva&rsquo;<\/li><\/ul><h3>\u00a0<\/h3><h3>Beschreibung von Hedera helix &lsquo;Mini Adam&rsquo;<\/h3><ul><li>Wuchs: buschig, kompakt<\/li><li>Anzahl der Blattlappen: in der Regel 3 Lappen<\/li><li>Blattl\u00e4nge: 1 bis 1,5 cm<\/li><li>Breite des Blattes: 1 bis 1,5 cm<\/li><li>Blattfarbe: gr\u00fcn und olivfarben, wei\u00df marginalisiert<\/li><li>Farbe der Rippen: graugr\u00fcn<\/li><li>Farbe Stiel und Blattstiel: gr\u00fcn-violett<\/li><li>L\u00e4nge des Blattstiels: 1 cm<\/li><li>Verzweigungen: ziemlich verzweigt<\/li><li>Dicke der Matratze: dicht, aber nicht sehr dick<\/li><li>Haare: sternf\u00f6rmig, 3 bis 5 Arme<\/li><\/ul><h3>\u00a0<\/h3><h3>Tipps zu Pflanzung, Anbau und Pflege f\u00fcr Hedera helix &lsquo;Mini Adam&rsquo;<\/h3><ul><li>Standort: Schatten, Halbschatten<\/li><li>Winterh\u00e4rte: -15\u00b0C<\/li><li>Bodenfeuchtigkeit: frischer Boden<\/li><li>PH-Wert des Bodens: neutral oder kalkhaltig<\/li><li>Bodenart: alle<\/li><li>Bodenreichtum: gew\u00f6hnlich oder humos<\/li><li>Verwendung: Bodendecker, T\u00f6pfe, Zimmerpflanze<\/li><li>Entwicklung: bescheiden<\/li><li>Beschneiden: einmal im Jahr<\/li><li>Sch\u00e4dlinge: sehr selten (Rote Spinne, Schildl\u00e4use)<\/li><li>Krankheiten: sehr selten (Flecken auf den Bl\u00e4ttern)<\/li><\/ul>\t\t\t\t\t\t\t\t<\/div>\n\t\t\t\t<\/div>\n\t\t\t\t\t<\/div>\n\t\t\t\t<\/div>\n\t\t\t\t\t<\/div>\n\t\t\t\t<\/div>\n\t\t<div class=\"elementor-element elementor-element-e0c326d e-flex e-con-boxed e-con e-parent\" data-id=\"e0c326d\" data-element_type=\"container\">\n\t\t\t\t\t<div class=\"e-con-inner\">\n\t\t\t\t<div class=\"elementor-element elementor-element-2a38ceb9 elementor-widget elementor-widget-image\" data-id=\"2a38ceb9\" data-element_type=\"widget\" data-widget_type=\"image.default\">\n\t\t\t\t<div class=\"elementor-widget-container\">\n\t\t\t\t\t\t\t\t\t\t\t\t\t\t\t<img fetchpriority=\"high\" decoding=\"async\" width=\"1024\" height=\"146\" src=\"https:\/\/www.hedera-etc.com\/wp-content\/uploads\/2023\/10\/guirlande-1024x146.webp\" class=\"attachment-large size-large wp-image-116\" alt=\"La boutique du lierre - Efeu-Girlande\" srcset=\"https:\/\/www.hedera-etc.com\/wp-content\/uploads\/2023\/10\/guirlande-1024x146.webp 1024w, https:\/\/www.hedera-etc.com\/wp-content\/uploads\/2023\/10\/guirlande-900x129.webp 900w, https:\/\/www.hedera-etc.com\/wp-content\/uploads\/2023\/10\/guirlande-300x43.webp 300w, https:\/\/www.hedera-etc.com\/wp-content\/uploads\/2023\/10\/guirlande-768x110.webp 768w, https:\/\/www.hedera-etc.com\/wp-content\/uploads\/2023\/10\/guirlande.webp 1126w\" sizes=\"(max-width: 1024px) 100vw, 1024px\" \/>\t\t\t\t\t\t\t\t\t\t\t\t\t\t\t<\/div>\n\t\t\t\t<\/div>\n\t\t\t\t<div class=\"elementor-element elementor-element-3578f121 elementor-widget elementor-widget-text-editor\" data-id=\"3578f121\" data-element_type=\"widget\" data-widget_type=\"text-editor.default\">\n\t\t\t\t<div class=\"elementor-widget-container\">\n\t\t\t\t\t\t\t\t\t<h3 style=\"text-align: center;\"><span style=\"color: #008000;\">Efeu in der Literatur<\/span><\/h3><blockquote><p style=\"text-align: center;\"><span style=\"color: #993366;\">\u201cDer Efeu schlang seine Arme um die zerbrochenen S\u00e4ulen und bot dem Verfall Trost.<\/span><span style=\"color: #993366;\">\u201d<\/span><\/p><\/blockquote><h5 style=\"text-align: right;\"><strong>Oscar Wilde<\/strong>, <em>Ein Haus aus Granat\u00e4pfeln<\/em><\/h5>\t\t\t\t\t\t\t\t<\/div>\n\t\t\t\t<\/div>\n\t\t\t\t\t<\/div>\n\t\t\t\t<\/div>\n\t\t\t\t<\/div>","protected":false},"excerpt":{"rendered":"<p>Panaschierter Mini-Efeu, der sich sowohl f\u00fcr den Garten als auch f\u00fcr Innenr\u00e4ume eignet.<\/p>\n<p>Kleine, dreilappige und asymmetrische Bl\u00e4tter. Wei\u00df gerandete Blattspreite auf gr\u00fcnem und olivgr\u00fcnem Grund. Buschiger und kompakter Wuchs. Sehr kurze Internodien.<\/p>\n<p>Kleiner, eleganter Efeu, ideal f\u00fcr T\u00f6pfe oder als Bodendecker in kleinen Bereichen des Gartens. Bevorzugt schattige bis halbschattige Lagen.<\/p>","protected":false},"featured_media":11899,"comment_status":"open","ping_status":"closed","template":"","meta":{"_acf_changed":false,"ocean_post_layout":"","ocean_both_sidebars_style":"","ocean_both_sidebars_content_width":0,"ocean_both_sidebars_sidebars_width":0,"ocean_sidebar":"0","ocean_second_sidebar":"0","ocean_disable_margins":"enable","ocean_add_body_class":"","ocean_shortcode_before_top_bar":"","ocean_shortcode_after_top_bar":"","ocean_shortcode_before_header":"","ocean_shortcode_after_header":"","ocean_has_shortcode":"","ocean_shortcode_after_title":"","ocean_shortcode_before_footer_widgets":"","ocean_shortcode_after_footer_widgets":"","ocean_shortcode_before_footer_bottom":"","ocean_shortcode_after_footer_bottom":"","ocean_display_top_bar":"default","ocean_display_header":"default","ocean_header_style":"","ocean_center_header_left_menu":"0","ocean_custom_header_template":"0","ocean_custom_logo":0,"ocean_custom_retina_logo":0,"ocean_custom_logo_max_width":0,"ocean_custom_logo_tablet_max_width":0,"ocean_custom_logo_mobile_max_width":0,"ocean_custom_logo_max_height":0,"ocean_custom_logo_tablet_max_height":0,"ocean_custom_logo_mobile_max_height":0,"ocean_header_custom_menu":"0","ocean_menu_typo_font_family":"0","ocean_menu_typo_font_subset":"","ocean_menu_typo_font_size":0,"ocean_menu_typo_font_size_tablet":0,"ocean_menu_typo_font_size_mobile":0,"ocean_menu_typo_font_size_unit":"px","ocean_menu_typo_font_weight":"","ocean_menu_typo_font_weight_tablet":"","ocean_menu_typo_font_weight_mobile":"","ocean_menu_typo_transform":"","ocean_menu_typo_transform_tablet":"","ocean_menu_typo_transform_mobile":"","ocean_menu_typo_line_height":0,"ocean_menu_typo_line_height_tablet":0,"ocean_menu_typo_line_height_mobile":0,"ocean_menu_typo_line_height_unit":"","ocean_menu_typo_spacing":0,"ocean_menu_typo_spacing_tablet":0,"ocean_menu_typo_spacing_mobile":0,"ocean_menu_typo_spacing_unit":"","ocean_menu_link_color":"","ocean_menu_link_color_hover":"","ocean_menu_link_color_active":"","ocean_menu_link_background":"","ocean_menu_link_hover_background":"","ocean_menu_link_active_background":"","ocean_menu_social_links_bg":"","ocean_menu_social_hover_links_bg":"","ocean_menu_social_links_color":"","ocean_menu_social_hover_links_color":"","ocean_disable_title":"default","ocean_disable_heading":"default","ocean_post_title":"","ocean_post_subheading":"","ocean_post_title_style":"","ocean_post_title_background_color":"","ocean_post_title_background":0,"ocean_post_title_bg_image_position":"","ocean_post_title_bg_image_attachment":"","ocean_post_title_bg_image_repeat":"","ocean_post_title_bg_image_size":"","ocean_post_title_height":0,"ocean_post_title_bg_overlay":0.5,"ocean_post_title_bg_overlay_color":"","ocean_disable_breadcrumbs":"default","ocean_breadcrumbs_color":"","ocean_breadcrumbs_separator_color":"","ocean_breadcrumbs_links_color":"","ocean_breadcrumbs_links_hover_color":"","ocean_display_footer_widgets":"default","ocean_display_footer_bottom":"default","ocean_custom_footer_template":"0"},"product_brand":[],"product_cat":[134],"product_tag":[],"class_list":{"0":"post-11894","1":"product","2":"type-product","3":"status-publish","4":"has-post-thumbnail","6":"product_cat-lierre","8":"entry","9":"has-media","11":"first","12":"instock","13":"shipping-taxable","14":"purchasable","15":"product-type-variable","16":"has-default-attributes","17":"has-product-nav","18":"col","19":"span_1_of_4","20":"owp-content-center","21":"item-entry","22":"owp-thumbs-layout-horizontal","23":"owp-btn-normal","24":"owp-tabs-layout-section","25":"has-no-thumbnails"},"acf":[],"jetpack_sharing_enabled":true,"_links":{"self":[{"href":"https:\/\/www.hedera-etc.com\/de\/wp-json\/wp\/v2\/product\/11894","targetHints":{"allow":["GET"]}}],"collection":[{"href":"https:\/\/www.hedera-etc.com\/de\/wp-json\/wp\/v2\/product"}],"about":[{"href":"https:\/\/www.hedera-etc.com\/de\/wp-json\/wp\/v2\/types\/product"}],"replies":[{"embeddable":true,"href":"https:\/\/www.hedera-etc.com\/de\/wp-json\/wp\/v2\/comments?post=11894"}],"version-history":[{"count":5,"href":"https:\/\/www.hedera-etc.com\/de\/wp-json\/wp\/v2\/product\/11894\/revisions"}],"predecessor-version":[{"id":16599,"href":"https:\/\/www.hedera-etc.com\/de\/wp-json\/wp\/v2\/product\/11894\/revisions\/16599"}],"wp:featuredmedia":[{"embeddable":true,"href":"https:\/\/www.hedera-etc.com\/de\/wp-json\/wp\/v2\/media\/11899"}],"wp:attachment":[{"href":"https:\/\/www.hedera-etc.com\/de\/wp-json\/wp\/v2\/media?parent=11894"}],"wp:term":[{"taxonomy":"product_brand","embeddable":true,"href":"https:\/\/www.hedera-etc.com\/de\/wp-json\/wp\/v2\/product_brand?post=11894"},{"taxonomy":"product_cat","embeddable":true,"href":"https:\/\/www.hedera-etc.com\/de\/wp-json\/wp\/v2\/product_cat?post=11894"},{"taxonomy":"product_tag","embeddable":true,"href":"https:\/\/www.hedera-etc.com\/de\/wp-json\/wp\/v2\/product_tag?post=11894"}],"curies":[{"name":"wp","href":"https:\/\/api.w.org\/{rel}","templated":true}]}}

<div data-elementor-type="product-post" data-elementor-id="11894" class="elementor elementor-11894" data-elementor-post-type="product">
				<div class="elementor-element elementor-element-3ec20187 e-flex e-con-boxed e-con e-parent" data-id="3ec20187" data-element_type="container">
					<div class="e-con-inner">
		<div class="elementor-element elementor-element-5de32290 e-flex e-con-boxed e-con e-child" data-id="5de32290" data-element_type="container">
					<div class="e-con-inner">
				<div class="elementor-element elementor-element-433159c9 elementor-widget elementor-widget-text-editor" data-id="433159c9" data-element_type="widget" data-widget_type="text-editor.default">
				<div class="elementor-widget-container">
									<h2><span style="color: #f0ffed;">Der Zier-Efeu  &#8211; Hedera helix &lsquo;Mini Adam&rsquo;</span></h2>								</div>
				</div>
				<div class="elementor-element elementor-element-5cca24d9 elementor-widget elementor-widget-heading" data-id="5cca24d9" data-element_type="widget" data-widget_type="heading.default">
				<div class="elementor-widget-container">
					<h2 class="elementor-heading-title elementor-size-default">Zusammenfassend</h2>				</div>
				</div>
				<div class="elementor-element elementor-element-1447ef71 elementor-widget elementor-widget-text-editor" data-id="1447ef71" data-element_type="widget" data-widget_type="text-editor.default">
				<div class="elementor-widget-container">
									<p>Zier-Efeu, <strong><em>Hedera helix</em> &lsquo;Mini Adam&rsquo;</strong>, ist ein panaschierter Mini-Efeu, der sich sowohl für den Garten als auch für Innenräume eignet.</p>
<p>Die Blätter sind klein, dreilappig und asymmetrisch. Die Blattspreite ist weiß gerandet auf einem grün-olivfarbenen Hintergrund. Der Wuchs ist buschig und kompakt. Die Internodien sind sehr kurz.</p>
<p>Dies ist ein kleiner, eleganter Efeu, der sich ideal als Topfpflanze oder als Bodendecker in kleinen Bereichen des Gartens eignet. Er bevorzugt schattige bis halbschattige Lagen.</p>								</div>
				</div>
				<div class="elementor-element elementor-element-3f94ab42 elementor-widget elementor-widget-heading" data-id="3f94ab42" data-element_type="widget" data-widget_type="heading.default">
				<div class="elementor-widget-container">
					<h2 class="elementor-heading-title elementor-size-default">Geschichte</h2>				</div>
				</div>
				<div class="elementor-element elementor-element-652c782d elementor-widget elementor-widget-text-editor" data-id="652c782d" data-element_type="widget" data-widget_type="text-editor.default">
				<div class="elementor-widget-container">
									<p>Ce cultivar est d&rsquo;origine inconnue, peut-être une Veränderung de &lsquo;Eva&rsquo;.</p>								</div>
				</div>
				<div class="elementor-element elementor-element-1ab2078a elementor-widget elementor-widget-heading" data-id="1ab2078a" data-element_type="widget" data-widget_type="heading.default">
				<div class="elementor-widget-container">
					<h2 class="elementor-heading-title elementor-size-default">Detailansicht - Hedera helix 'Mini Adam'</h2>				</div>
				</div>
				<div class="elementor-element elementor-element-5dc8d5ef elementor-widget elementor-widget-text-editor" data-id="5dc8d5ef" data-element_type="widget" data-widget_type="text-editor.default">
				<div class="elementor-widget-container">
									<h3>Botanische Informationen</h3><ul><li>Familie: Araliaceae</li><li>Gattung : <em><strong>Hedera</strong></em></li><li>Art : <em>helix</em></li><li>Anbauen : &lsquo;Mini Adam&rsquo;</li><li>Pierot-Klassifikation: Miniaturefeu, panaschierter Efeu</li><li>Blattstadium: juvenil</li><li>Herkunft der Art: Europa, von Spanien bis Norwegen, jedoch kaum an der Atlantikküste.</li><li>Origine du cultivar : inconnue, peut-être un sport de &lsquo;Eva&rsquo;</li></ul><h3> </h3><h3>Beschreibung von Hedera helix &lsquo;Mini Adam&rsquo;</h3><ul><li>Wuchs: buschig, kompakt</li><li>Anzahl der Blattlappen: in der Regel 3 Lappen</li><li>Blattlänge: 1 bis 1,5 cm</li><li>Breite des Blattes: 1 bis 1,5 cm</li><li>Blattfarbe: grün und olivfarben, weiß marginalisiert</li><li>Farbe der Rippen: graugrün</li><li>Farbe Stiel und Blattstiel: grün-violett</li><li>Länge des Blattstiels: 1 cm</li><li>Verzweigungen: ziemlich verzweigt</li><li>Dicke der Matratze: dicht, aber nicht sehr dick</li><li>Haare: sternförmig, 3 bis 5 Arme</li></ul><h3> </h3><h3>Tipps zu Pflanzung, Anbau und Pflege für Hedera helix &lsquo;Mini Adam&rsquo;</h3><ul><li>Standort: Schatten, Halbschatten</li><li>Winterhärte: -15°C</li><li>Bodenfeuchtigkeit: frischer Boden</li><li>PH-Wert des Bodens: neutral oder kalkhaltig</li><li>Bodenart: alle</li><li>Bodenreichtum: gewöhnlich oder humos</li><li>Verwendung: Bodendecker, Töpfe, Zimmerpflanze</li><li>Entwicklung: bescheiden</li><li>Beschneiden: einmal im Jahr</li><li>Schädlinge: sehr selten (Rote Spinne, Schildläuse)</li><li>Krankheiten: sehr selten (Flecken auf den Blättern)</li></ul>								</div>
				</div>
					</div>
				</div>
					</div>
				</div>
		<div class="elementor-element elementor-element-e0c326d e-flex e-con-boxed e-con e-parent" data-id="e0c326d" data-element_type="container">
					<div class="e-con-inner">
				<div class="elementor-element elementor-element-2a38ceb9 elementor-widget elementor-widget-image" data-id="2a38ceb9" data-element_type="widget" data-widget_type="image.default">
				<div class="elementor-widget-container">
															<img fetchpriority="high" decoding="async" width="1024" height="146" src="https://www.hedera-etc.com/wp-content/uploads/2023/10/guirlande-1024x146.webp" class="attachment-large size-large wp-image-116" alt="La boutique du lierre - Efeu-Girlande" srcset="https://www.hedera-etc.com/wp-content/uploads/2023/10/guirlande-1024x146.webp 1024w, https://www.hedera-etc.com/wp-content/uploads/2023/10/guirlande-900x129.webp 900w, https://www.hedera-etc.com/wp-content/uploads/2023/10/guirlande-300x43.webp 300w, https://www.hedera-etc.com/wp-content/uploads/2023/10/guirlande-768x110.webp 768w, https://www.hedera-etc.com/wp-content/uploads/2023/10/guirlande.webp 1126w" sizes="(max-width: 1024px) 100vw, 1024px" />															</div>
				</div>
				<div class="elementor-element elementor-element-3578f121 elementor-widget elementor-widget-text-editor" data-id="3578f121" data-element_type="widget" data-widget_type="text-editor.default">
				<div class="elementor-widget-container">
									<h3 style="text-align: center;"><span style="color: #008000;">Efeu in der Literatur</span></h3><blockquote><p style="text-align: center;"><span style="color: #993366;">“Der Efeu schlang seine Arme um die zerbrochenen Säulen und bot dem Verfall Trost.</span><span style="color: #993366;">”</span></p></blockquote><h5 style="text-align: right;"><strong>Oscar Wilde</strong>, <em>Ein Haus aus Granatäpfeln</em></h5>								</div>
				</div>
					</div>
				</div>
				</div>

<p>Panaschierter Mini-Efeu, der sich sowohl für den Garten als auch für Innenräume eignet.</p>
<p>Kleine, dreilappige und asymmetrische Blätter. Weiß gerandete Blattspreite auf grünem und olivgrünem Grund. Buschiger und kompakter Wuchs. Sehr kurze Internodien.</p>
<p>Kleiner, eleganter Efeu, ideal für Töpfe oder als Bodendecker in kleinen Bereichen des Gartens. Bevorzugt schattige bis halbschattige Lagen.</p>
