{"id":129,"date":"2023-10-25T09:00:00","date_gmt":"2023-10-25T07:00:00","guid":{"rendered":"https:\/\/www.hedera-etc.com\/?post_type=product&#038;p=129"},"modified":"2026-04-28T07:09:33","modified_gmt":"2026-04-28T05:09:33","slug":"hedera-helix-baccifer","status":"publish","type":"product","link":"https:\/\/www.hedera-etc.com\/de\/product\/hedera-helix-baccifer\/","title":{"rendered":"<em>Hedera helix<\/em> &lsquo;Baccifer&rsquo; &#8211; Zier-Efeu"},"content":{"rendered":"<div data-elementor-type=\"product-post\" data-elementor-id=\"129\" class=\"elementor elementor-129\" data-elementor-post-type=\"product\">\n\t\t\t\t<div class=\"elementor-element elementor-element-2f9664a4 e-con-full e-flex e-con e-child\" data-id=\"2f9664a4\" data-element_type=\"container\">\n\t\t\t\t<div class=\"elementor-element elementor-element-3e19e844 elementor-widget elementor-widget-text-editor\" data-id=\"3e19e844\" data-element_type=\"widget\" data-widget_type=\"text-editor.default\">\n\t\t\t\t<div class=\"elementor-widget-container\">\n\t\t\t\t\t\t\t\t\t<h2 style=\"font-variant-ligatures: normal; font-variant-caps: normal; font-family: Spectral, sans-serif; font-style: normal;\"><span style=\"font-size: 30px; color: #f0ffed;\">Der Zier-Efeu\u00a0 &#8211; Hedera helix &lsquo;Baccifer&rsquo;<\/span><\/h2>\t\t\t\t\t\t\t\t<\/div>\n\t\t\t\t<\/div>\n\t\t\t\t<\/div>\n\t\t<div class=\"elementor-element elementor-element-2069165b e-flex e-con-boxed e-con e-parent\" data-id=\"2069165b\" data-element_type=\"container\">\n\t\t\t\t\t<div class=\"e-con-inner\">\n\t\t<div class=\"elementor-element elementor-element-30bf41fe e-flex e-con-boxed e-con e-child\" data-id=\"30bf41fe\" data-element_type=\"container\">\n\t\t\t\t\t<div class=\"e-con-inner\">\n\t\t\t\t<div class=\"elementor-element elementor-element-6a6fd23b elementor-widget elementor-widget-heading\" data-id=\"6a6fd23b\" data-element_type=\"widget\" data-widget_type=\"heading.default\">\n\t\t\t\t<div class=\"elementor-widget-container\">\n\t\t\t\t\t<h2 class=\"elementor-heading-title elementor-size-default\">Zusammenfassend<\/h2>\t\t\t\t<\/div>\n\t\t\t\t<\/div>\n\t\t\t\t<div class=\"elementor-element elementor-element-8d62683 elementor-widget elementor-widget-text-editor\" data-id=\"8d62683\" data-element_type=\"widget\" data-widget_type=\"text-editor.default\">\n\t\t\t\t<div class=\"elementor-widget-container\">\n\t\t\t\t\t\t\t\t\t<p>Zier-Efeu, <strong><em>Hedera helix<\/em> &lsquo;Baccifer&rsquo;<\/strong>, Die Pflanze hat ein atypisches Laub mit charakteristischen 5 eckigen Lappen.<\/p><p>Die jungen Triebe nehmen im Fr\u00fchling sch\u00f6ne Goldt\u00f6ne an und werden im Sommer gr\u00fcn. Der Blattstiel und die Mitteladern sind bei der Reife rot. Die St\u00e4ngel sind gut verzweigt.<\/p><p>Dieser Efeu ist als Bodendecker interessant, da sein Laub sehr dicht ist und eine gute Dicke hat. Auch als Topfpflanze sieht er toll aus.<\/p>\t\t\t\t\t\t\t\t<\/div>\n\t\t\t\t<\/div>\n\t\t\t\t<div class=\"elementor-element elementor-element-45a7fd52 elementor-widget elementor-widget-heading\" data-id=\"45a7fd52\" data-element_type=\"widget\" data-widget_type=\"heading.default\">\n\t\t\t\t<div class=\"elementor-widget-container\">\n\t\t\t\t\t<h2 class=\"elementor-heading-title elementor-size-default\">Geschichte<\/h2>\t\t\t\t<\/div>\n\t\t\t\t<\/div>\n\t\t\t\t<div class=\"elementor-element elementor-element-5e61e5f1 elementor-widget elementor-widget-text-editor\" data-id=\"5e61e5f1\" data-element_type=\"widget\" data-widget_type=\"text-editor.default\">\n\t\t\t\t<div class=\"elementor-widget-container\">\n\t\t\t\t\t\t\t\t\t<p>Diese Sorte wurde ab 1980 von der Baumschule Fibrex, Gro\u00dfbritannien, auf der Grundlage eines aus einem Privatgarten erhaltenen Setzlings angebaut.<\/p>\t\t\t\t\t\t\t\t<\/div>\n\t\t\t\t<\/div>\n\t\t\t\t<div class=\"elementor-element elementor-element-6db9cf6 elementor-widget elementor-widget-heading\" data-id=\"6db9cf6\" data-element_type=\"widget\" data-widget_type=\"heading.default\">\n\t\t\t\t<div class=\"elementor-widget-container\">\n\t\t\t\t\t<h2 class=\"elementor-heading-title elementor-size-default\">Detailansicht - Hedera helix 'Baccifer'<\/h2>\t\t\t\t<\/div>\n\t\t\t\t<\/div>\n\t\t\t\t<div class=\"elementor-element elementor-element-40c5f1ef elementor-widget elementor-widget-text-editor\" data-id=\"40c5f1ef\" data-element_type=\"widget\" data-widget_type=\"text-editor.default\">\n\t\t\t\t<div class=\"elementor-widget-container\">\n\t\t\t\t\t\t\t\t\t<h3>Botanische Informationen<\/h3>\n<ul>\n<li>Familie: Araliaceae<\/li>\n<li>Gattung : <em><strong>Hedera<\/strong><\/em><\/li>\n<li>Art : <em>helix<\/em><\/li>\n<li>Anbauen : &lsquo;Baccifer&rsquo;<\/li>\n<li>Pierot-Klassifikation: Efeu-Typ<\/li>\n<li>Blattstadium: juvenil<\/li>\n<li>Herkunft der Art: Europa, von Spanien bis Norwegen, aber kaum an der Atlantikk\u00fcste.<\/li>\n<li>Herkunft der Sorte: Ab 1980 von der Baumschule Fibrex, Gro\u00dfbritannien, auf der Grundlage eines aus einem Privatgarten erhaltenen Setzlings verbreitet.<\/li>\n<\/ul>\n<h3>&nbsp;<\/h3>\n<h3>Beschreibung von Hedera helix &lsquo;Baccifer&rsquo;<\/h3>\n<ul>\n<li>Wuchs: B\u00fcschel<\/li>\n<li>Anzahl der Lappen: 5 eckige Lappen<\/li>\n<li>L\u00e4nge des Blattes: 5 cm<\/li>\n<li>Breite des Blattes: 5 cm<\/li>\n<li>Blattfarbe: gr\u00fcn<\/li>\n<li>Farbvariante des Blattes: junge goldene Bl\u00e4tter im Fr\u00fchling<\/li>\n<li>Farbe der Rippen: hellgr\u00fcn<\/li>\n<li>Farbe von Trieb und Blattstiel: rot<\/li>\n<li>Verzweigungen: gut verzweigt<\/li>\n<li>Haare: sternf\u00f6rmig, 3 bis 5 Arme<\/li>\n<\/ul>\n<h3>&nbsp;<\/h3>\n<h3>Tipps zu Pflanzung, Anbau und Pflege f\u00fcr Hedera helix &lsquo;Baccifer&rsquo;<\/h3>\n<ul>\n<li>Standort: Schatten, Halbschatten, Sonne<\/li>\n<li>Winterh\u00e4rte: -7\u00b0C<\/li>\n<li>Bodenfeuchtigkeit: frischer Boden<\/li>\n<li>PH-Wert des Bodens: neutral oder kalkhaltig<\/li>\n<li>Bodenart: alle<\/li>\n<li>Bodenreichtum: gew\u00f6hnlich oder humos<\/li>\n<li>Verwendung: Bodendecker, T\u00f6pfe, Blumenk\u00e4sten<\/li>\n<li>Entwicklung: mittel<\/li>\n<li>Beschneiden: einmal im Jahr<\/li>\n<li>Sch\u00e4dlinge: sehr selten (Rote Spinne, Schildl\u00e4use)<\/li>\n<li>Krankheiten: sehr selten (Flecken auf den Bl\u00e4ttern)<\/li>\n<\/ul>\t\t\t\t\t\t\t\t<\/div>\n\t\t\t\t<\/div>\n\t\t\t\t\t<\/div>\n\t\t\t\t<\/div>\n\t\t\t\t\t<\/div>\n\t\t\t\t<\/div>\n\t\t<div class=\"elementor-element elementor-element-432ac69a e-flex e-con-boxed e-con e-parent\" data-id=\"432ac69a\" data-element_type=\"container\">\n\t\t\t\t\t<div class=\"e-con-inner\">\n\t\t\t\t<div class=\"elementor-element elementor-element-2814fd69 elementor-widget elementor-widget-image\" data-id=\"2814fd69\" data-element_type=\"widget\" data-widget_type=\"image.default\">\n\t\t\t\t<div class=\"elementor-widget-container\">\n\t\t\t\t\t\t\t\t\t\t\t\t\t\t\t<img fetchpriority=\"high\" decoding=\"async\" width=\"1024\" height=\"146\" src=\"https:\/\/www.hedera-etc.com\/wp-content\/uploads\/2023\/10\/guirlande-1024x146.webp\" class=\"attachment-large size-large wp-image-116\" alt=\"La boutique du lierre - Efeu-Girlande\" srcset=\"https:\/\/www.hedera-etc.com\/wp-content\/uploads\/2023\/10\/guirlande-1024x146.webp 1024w, https:\/\/www.hedera-etc.com\/wp-content\/uploads\/2023\/10\/guirlande-900x129.webp 900w, https:\/\/www.hedera-etc.com\/wp-content\/uploads\/2023\/10\/guirlande-300x43.webp 300w, https:\/\/www.hedera-etc.com\/wp-content\/uploads\/2023\/10\/guirlande-768x110.webp 768w, https:\/\/www.hedera-etc.com\/wp-content\/uploads\/2023\/10\/guirlande.webp 1126w\" sizes=\"(max-width: 1024px) 100vw, 1024px\" \/>\t\t\t\t\t\t\t\t\t\t\t\t\t\t\t<\/div>\n\t\t\t\t<\/div>\n\t\t\t\t<div class=\"elementor-element elementor-element-35c1409c elementor-widget elementor-widget-text-editor\" data-id=\"35c1409c\" data-element_type=\"widget\" data-widget_type=\"text-editor.default\">\n\t\t\t\t<div class=\"elementor-widget-container\">\n\t\t\t\t\t\t\t\t\t<h3 style=\"text-align: center;\"><span style=\"color: #008000;\">Efeu in der Literatur<\/span><\/h3><blockquote><p style=\"text-align: center;\"><span style=\"color: #993366;\">\u201cDer Efeu kroch mit entschlossener Langsamkeit und eroberte jede Ritze im kalten Stein.<\/span><span style=\"color: #993366;\">\u201d<\/span><\/p><\/blockquote><h5 style=\"text-align: right;\"><strong>Charles Dickens<\/strong>, <em>Das Spukhaus<\/em><\/h5>\t\t\t\t\t\t\t\t<\/div>\n\t\t\t\t<\/div>\n\t\t\t\t\t<\/div>\n\t\t\t\t<\/div>\n\t\t\t\t<\/div>","protected":false},"excerpt":{"rendered":"<p>Untypisches Blatt mit charakteristischen 5 eckigen Lappen.<\/p>\n<p>Junge Triebe, die im Fr\u00fchjahr sch\u00f6ne Goldt\u00f6ne annehmen und im Sommer gr\u00fcn werden. Stiel und Mittelader sind bei Reife rot. Gut verzweigte St\u00e4ngel.<\/p>\n<p>Interessanter Efeu als Bodendecker, da sein Laub sehr dicht ist und eine gute Dicke hat. Auch als Topfpflanze hervorragend geeignet.<\/p>","protected":false},"featured_media":130,"comment_status":"open","ping_status":"closed","template":"","meta":{"_acf_changed":false,"ocean_post_layout":"","ocean_both_sidebars_style":"","ocean_both_sidebars_content_width":0,"ocean_both_sidebars_sidebars_width":0,"ocean_sidebar":"0","ocean_second_sidebar":"0","ocean_disable_margins":"enable","ocean_add_body_class":"","ocean_shortcode_before_top_bar":"","ocean_shortcode_after_top_bar":"","ocean_shortcode_before_header":"","ocean_shortcode_after_header":"","ocean_has_shortcode":"","ocean_shortcode_after_title":"","ocean_shortcode_before_footer_widgets":"","ocean_shortcode_after_footer_widgets":"","ocean_shortcode_before_footer_bottom":"","ocean_shortcode_after_footer_bottom":"","ocean_display_top_bar":"default","ocean_display_header":"default","ocean_header_style":"","ocean_center_header_left_menu":"0","ocean_custom_header_template":"0","ocean_custom_logo":0,"ocean_custom_retina_logo":0,"ocean_custom_logo_max_width":0,"ocean_custom_logo_tablet_max_width":0,"ocean_custom_logo_mobile_max_width":0,"ocean_custom_logo_max_height":0,"ocean_custom_logo_tablet_max_height":0,"ocean_custom_logo_mobile_max_height":0,"ocean_header_custom_menu":"0","ocean_menu_typo_font_family":"0","ocean_menu_typo_font_subset":"","ocean_menu_typo_font_size":0,"ocean_menu_typo_font_size_tablet":0,"ocean_menu_typo_font_size_mobile":0,"ocean_menu_typo_font_size_unit":"px","ocean_menu_typo_font_weight":"","ocean_menu_typo_font_weight_tablet":"","ocean_menu_typo_font_weight_mobile":"","ocean_menu_typo_transform":"","ocean_menu_typo_transform_tablet":"","ocean_menu_typo_transform_mobile":"","ocean_menu_typo_line_height":0,"ocean_menu_typo_line_height_tablet":0,"ocean_menu_typo_line_height_mobile":0,"ocean_menu_typo_line_height_unit":"","ocean_menu_typo_spacing":0,"ocean_menu_typo_spacing_tablet":0,"ocean_menu_typo_spacing_mobile":0,"ocean_menu_typo_spacing_unit":"","ocean_menu_link_color":"","ocean_menu_link_color_hover":"","ocean_menu_link_color_active":"","ocean_menu_link_background":"","ocean_menu_link_hover_background":"","ocean_menu_link_active_background":"","ocean_menu_social_links_bg":"","ocean_menu_social_hover_links_bg":"","ocean_menu_social_links_color":"","ocean_menu_social_hover_links_color":"","ocean_disable_title":"default","ocean_disable_heading":"default","ocean_post_title":"","ocean_post_subheading":"","ocean_post_title_style":"","ocean_post_title_background_color":"","ocean_post_title_background":0,"ocean_post_title_bg_image_position":"","ocean_post_title_bg_image_attachment":"","ocean_post_title_bg_image_repeat":"","ocean_post_title_bg_image_size":"","ocean_post_title_height":0,"ocean_post_title_bg_overlay":0.5,"ocean_post_title_bg_overlay_color":"","ocean_disable_breadcrumbs":"default","ocean_breadcrumbs_color":"","ocean_breadcrumbs_separator_color":"","ocean_breadcrumbs_links_color":"","ocean_breadcrumbs_links_hover_color":"","ocean_display_footer_widgets":"default","ocean_display_footer_bottom":"default","ocean_custom_footer_template":"0"},"product_brand":[],"product_cat":[134],"product_tag":[],"class_list":{"0":"post-129","1":"product","2":"type-product","3":"status-publish","4":"has-post-thumbnail","6":"product_cat-lierre","8":"entry","9":"has-media","11":"first","12":"instock","13":"purchasable","14":"product-type-variable","15":"has-default-attributes","16":"has-product-nav","17":"col","18":"span_1_of_4","19":"owp-content-center","20":"item-entry","21":"owp-thumbs-layout-horizontal","22":"owp-btn-normal","23":"owp-tabs-layout-section"},"acf":[],"jetpack_sharing_enabled":true,"_links":{"self":[{"href":"https:\/\/www.hedera-etc.com\/de\/wp-json\/wp\/v2\/product\/129","targetHints":{"allow":["GET"]}}],"collection":[{"href":"https:\/\/www.hedera-etc.com\/de\/wp-json\/wp\/v2\/product"}],"about":[{"href":"https:\/\/www.hedera-etc.com\/de\/wp-json\/wp\/v2\/types\/product"}],"replies":[{"embeddable":true,"href":"https:\/\/www.hedera-etc.com\/de\/wp-json\/wp\/v2\/comments?post=129"}],"version-history":[{"count":3,"href":"https:\/\/www.hedera-etc.com\/de\/wp-json\/wp\/v2\/product\/129\/revisions"}],"predecessor-version":[{"id":14979,"href":"https:\/\/www.hedera-etc.com\/de\/wp-json\/wp\/v2\/product\/129\/revisions\/14979"}],"wp:featuredmedia":[{"embeddable":true,"href":"https:\/\/www.hedera-etc.com\/de\/wp-json\/wp\/v2\/media\/130"}],"wp:attachment":[{"href":"https:\/\/www.hedera-etc.com\/de\/wp-json\/wp\/v2\/media?parent=129"}],"wp:term":[{"taxonomy":"product_brand","embeddable":true,"href":"https:\/\/www.hedera-etc.com\/de\/wp-json\/wp\/v2\/product_brand?post=129"},{"taxonomy":"product_cat","embeddable":true,"href":"https:\/\/www.hedera-etc.com\/de\/wp-json\/wp\/v2\/product_cat?post=129"},{"taxonomy":"product_tag","embeddable":true,"href":"https:\/\/www.hedera-etc.com\/de\/wp-json\/wp\/v2\/product_tag?post=129"}],"curies":[{"name":"wp","href":"https:\/\/api.w.org\/{rel}","templated":true}]}}

<div data-elementor-type="product-post" data-elementor-id="129" class="elementor elementor-129" data-elementor-post-type="product">
				<div class="elementor-element elementor-element-2f9664a4 e-con-full e-flex e-con e-child" data-id="2f9664a4" data-element_type="container">
				<div class="elementor-element elementor-element-3e19e844 elementor-widget elementor-widget-text-editor" data-id="3e19e844" data-element_type="widget" data-widget_type="text-editor.default">
				<div class="elementor-widget-container">
									<h2 style="font-variant-ligatures: normal; font-variant-caps: normal; font-family: Spectral, sans-serif; font-style: normal;"><span style="font-size: 30px; color: #f0ffed;">Der Zier-Efeu  &#8211; Hedera helix &lsquo;Baccifer&rsquo;</span></h2>								</div>
				</div>
				</div>
		<div class="elementor-element elementor-element-2069165b e-flex e-con-boxed e-con e-parent" data-id="2069165b" data-element_type="container">
					<div class="e-con-inner">
		<div class="elementor-element elementor-element-30bf41fe e-flex e-con-boxed e-con e-child" data-id="30bf41fe" data-element_type="container">
					<div class="e-con-inner">
				<div class="elementor-element elementor-element-6a6fd23b elementor-widget elementor-widget-heading" data-id="6a6fd23b" data-element_type="widget" data-widget_type="heading.default">
				<div class="elementor-widget-container">
					<h2 class="elementor-heading-title elementor-size-default">Zusammenfassend</h2>				</div>
				</div>
				<div class="elementor-element elementor-element-8d62683 elementor-widget elementor-widget-text-editor" data-id="8d62683" data-element_type="widget" data-widget_type="text-editor.default">
				<div class="elementor-widget-container">
									<p>Zier-Efeu, <strong><em>Hedera helix</em> &lsquo;Baccifer&rsquo;</strong>, Die Pflanze hat ein atypisches Laub mit charakteristischen 5 eckigen Lappen.</p><p>Die jungen Triebe nehmen im Frühling schöne Goldtöne an und werden im Sommer grün. Der Blattstiel und die Mitteladern sind bei der Reife rot. Die Stängel sind gut verzweigt.</p><p>Dieser Efeu ist als Bodendecker interessant, da sein Laub sehr dicht ist und eine gute Dicke hat. Auch als Topfpflanze sieht er toll aus.</p>								</div>
				</div>
				<div class="elementor-element elementor-element-45a7fd52 elementor-widget elementor-widget-heading" data-id="45a7fd52" data-element_type="widget" data-widget_type="heading.default">
				<div class="elementor-widget-container">
					<h2 class="elementor-heading-title elementor-size-default">Geschichte</h2>				</div>
				</div>
				<div class="elementor-element elementor-element-5e61e5f1 elementor-widget elementor-widget-text-editor" data-id="5e61e5f1" data-element_type="widget" data-widget_type="text-editor.default">
				<div class="elementor-widget-container">
									<p>Diese Sorte wurde ab 1980 von der Baumschule Fibrex, Großbritannien, auf der Grundlage eines aus einem Privatgarten erhaltenen Setzlings angebaut.</p>								</div>
				</div>
				<div class="elementor-element elementor-element-6db9cf6 elementor-widget elementor-widget-heading" data-id="6db9cf6" data-element_type="widget" data-widget_type="heading.default">
				<div class="elementor-widget-container">
					<h2 class="elementor-heading-title elementor-size-default">Detailansicht - Hedera helix 'Baccifer'</h2>				</div>
				</div>
				<div class="elementor-element elementor-element-40c5f1ef elementor-widget elementor-widget-text-editor" data-id="40c5f1ef" data-element_type="widget" data-widget_type="text-editor.default">
				<div class="elementor-widget-container">
									<h3>Botanische Informationen</h3>
<ul>
<li>Familie: Araliaceae</li>
<li>Gattung : <em><strong>Hedera</strong></em></li>
<li>Art : <em>helix</em></li>
<li>Anbauen : &lsquo;Baccifer&rsquo;</li>
<li>Pierot-Klassifikation: Efeu-Typ</li>
<li>Blattstadium: juvenil</li>
<li>Herkunft der Art: Europa, von Spanien bis Norwegen, aber kaum an der Atlantikküste.</li>
<li>Herkunft der Sorte: Ab 1980 von der Baumschule Fibrex, Großbritannien, auf der Grundlage eines aus einem Privatgarten erhaltenen Setzlings verbreitet.</li>
</ul>
<h3>&nbsp;</h3>
<h3>Beschreibung von Hedera helix &lsquo;Baccifer&rsquo;</h3>
<ul>
<li>Wuchs: Büschel</li>
<li>Anzahl der Lappen: 5 eckige Lappen</li>
<li>Länge des Blattes: 5 cm</li>
<li>Breite des Blattes: 5 cm</li>
<li>Blattfarbe: grün</li>
<li>Farbvariante des Blattes: junge goldene Blätter im Frühling</li>
<li>Farbe der Rippen: hellgrün</li>
<li>Farbe von Trieb und Blattstiel: rot</li>
<li>Verzweigungen: gut verzweigt</li>
<li>Haare: sternförmig, 3 bis 5 Arme</li>
</ul>
<h3>&nbsp;</h3>
<h3>Tipps zu Pflanzung, Anbau und Pflege für Hedera helix &lsquo;Baccifer&rsquo;</h3>
<ul>
<li>Standort: Schatten, Halbschatten, Sonne</li>
<li>Winterhärte: -7°C</li>
<li>Bodenfeuchtigkeit: frischer Boden</li>
<li>PH-Wert des Bodens: neutral oder kalkhaltig</li>
<li>Bodenart: alle</li>
<li>Bodenreichtum: gewöhnlich oder humos</li>
<li>Verwendung: Bodendecker, Töpfe, Blumenkästen</li>
<li>Entwicklung: mittel</li>
<li>Beschneiden: einmal im Jahr</li>
<li>Schädlinge: sehr selten (Rote Spinne, Schildläuse)</li>
<li>Krankheiten: sehr selten (Flecken auf den Blättern)</li>
</ul>								</div>
				</div>
					</div>
				</div>
					</div>
				</div>
		<div class="elementor-element elementor-element-432ac69a e-flex e-con-boxed e-con e-parent" data-id="432ac69a" data-element_type="container">
					<div class="e-con-inner">
				<div class="elementor-element elementor-element-2814fd69 elementor-widget elementor-widget-image" data-id="2814fd69" data-element_type="widget" data-widget_type="image.default">
				<div class="elementor-widget-container">
															<img fetchpriority="high" decoding="async" width="1024" height="146" src="https://www.hedera-etc.com/wp-content/uploads/2023/10/guirlande-1024x146.webp" class="attachment-large size-large wp-image-116" alt="La boutique du lierre - Efeu-Girlande" srcset="https://www.hedera-etc.com/wp-content/uploads/2023/10/guirlande-1024x146.webp 1024w, https://www.hedera-etc.com/wp-content/uploads/2023/10/guirlande-900x129.webp 900w, https://www.hedera-etc.com/wp-content/uploads/2023/10/guirlande-300x43.webp 300w, https://www.hedera-etc.com/wp-content/uploads/2023/10/guirlande-768x110.webp 768w, https://www.hedera-etc.com/wp-content/uploads/2023/10/guirlande.webp 1126w" sizes="(max-width: 1024px) 100vw, 1024px" />															</div>
				</div>
				<div class="elementor-element elementor-element-35c1409c elementor-widget elementor-widget-text-editor" data-id="35c1409c" data-element_type="widget" data-widget_type="text-editor.default">
				<div class="elementor-widget-container">
									<h3 style="text-align: center;"><span style="color: #008000;">Efeu in der Literatur</span></h3><blockquote><p style="text-align: center;"><span style="color: #993366;">“Der Efeu kroch mit entschlossener Langsamkeit und eroberte jede Ritze im kalten Stein.</span><span style="color: #993366;">”</span></p></blockquote><h5 style="text-align: right;"><strong>Charles Dickens</strong>, <em>Das Spukhaus</em></h5>								</div>
				</div>
					</div>
				</div>
				</div>

<p>Untypisches Blatt mit charakteristischen 5 eckigen Lappen.</p>
<p>Junge Triebe, die im Frühjahr schöne Goldtöne annehmen und im Sommer grün werden. Stiel und Mittelader sind bei Reife rot. Gut verzweigte Stängel.</p>
<p>Interessanter Efeu als Bodendecker, da sein Laub sehr dicht ist und eine gute Dicke hat. Auch als Topfpflanze hervorragend geeignet.</p>
