{"id":1363,"date":"2023-11-03T22:05:14","date_gmt":"2023-11-03T21:05:14","guid":{"rendered":"https:\/\/www.hedera-etc.com\/?post_type=product&#038;p=1363"},"modified":"2026-04-28T07:09:26","modified_gmt":"2026-04-28T05:09:26","slug":"hedera-hibernica-scutifolia","status":"publish","type":"product","link":"https:\/\/www.hedera-etc.com\/de\/product\/hedera-hibernica-scutifolia\/","title":{"rendered":"<em>Hedera hibernica<\/em> &lsquo;Scutifolia&rsquo; &#8211; Zier-Efeu"},"content":{"rendered":"<div data-elementor-type=\"product-post\" data-elementor-id=\"1363\" class=\"elementor elementor-1363\" data-elementor-post-type=\"product\">\n\t\t\t\t<div class=\"elementor-element elementor-element-16202d56 e-con-full e-flex e-con e-child\" data-id=\"16202d56\" data-element_type=\"container\">\n\t\t\t\t<div class=\"elementor-element elementor-element-108bff18 elementor-widget elementor-widget-text-editor\" data-id=\"108bff18\" data-element_type=\"widget\" data-widget_type=\"text-editor.default\">\n\t\t\t\t<div class=\"elementor-widget-container\">\n\t\t\t\t\t\t\t\t\t<h2><span style=\"color: #f0ffed;\">Le Irisches Efeu\u00a0 &#8211; Hedera hibernica &lsquo;Scutifolia&rsquo;<\/span><\/h2>\t\t\t\t\t\t\t\t<\/div>\n\t\t\t\t<\/div>\n\t\t\t\t<\/div>\n\t\t<div class=\"elementor-element elementor-element-2220fce0 e-flex e-con-boxed e-con e-parent\" data-id=\"2220fce0\" data-element_type=\"container\">\n\t\t\t\t\t<div class=\"e-con-inner\">\n\t\t<div class=\"elementor-element elementor-element-8c7ed59 e-flex e-con-boxed e-con e-child\" data-id=\"8c7ed59\" data-element_type=\"container\">\n\t\t\t\t\t<div class=\"e-con-inner\">\n\t\t\t\t<div class=\"elementor-element elementor-element-40895756 elementor-widget elementor-widget-heading\" data-id=\"40895756\" data-element_type=\"widget\" data-widget_type=\"heading.default\">\n\t\t\t\t<div class=\"elementor-widget-container\">\n\t\t\t\t\t<h2 class=\"elementor-heading-title elementor-size-default\">Zusammenfassend<\/h2>\t\t\t\t<\/div>\n\t\t\t\t<\/div>\n\t\t\t\t<div class=\"elementor-element elementor-element-325e6d8a elementor-widget elementor-widget-text-editor\" data-id=\"325e6d8a\" data-element_type=\"widget\" data-widget_type=\"text-editor.default\">\n\t\t\t\t<div class=\"elementor-widget-container\">\n\t\t\t\t\t\t\t\t\t<p>Der Efeu aus Irland, <strong><em>Hedera hibernica<\/em> &lsquo;Scutifolia&rsquo;<\/strong>, pr\u00e9sente un feuillage triangulaire, ressemblant \u00e0 &lsquo;Deltoidea&rsquo;, mais les tiges et le limbe sont plus fins, le limbe est plus brillant, les nervures sont vertes et non grises, les lobes basilaires ne se superposent pas.<\/p><p>Die Blattbasis ist deutlich herzf\u00f6rmig. Das Blatt ist meist ungelappt oder in Ausnahmef\u00e4llen dreilappig mit schwach ausgepr\u00e4gten, abgerundeten Lappen.<\/p><p>Es ist ein h\u00fcbscher kletternder oder bodenbedeckender Efeu mit seiner gl\u00e4nzenden dunkelgr\u00fcnen Farbe.<\/p>\t\t\t\t\t\t\t\t<\/div>\n\t\t\t\t<\/div>\n\t\t\t\t<div class=\"elementor-element elementor-element-2a1c0132 elementor-widget elementor-widget-heading\" data-id=\"2a1c0132\" data-element_type=\"widget\" data-widget_type=\"heading.default\">\n\t\t\t\t<div class=\"elementor-widget-container\">\n\t\t\t\t\t<h2 class=\"elementor-heading-title elementor-size-default\">Geschichte<\/h2>\t\t\t\t<\/div>\n\t\t\t\t<\/div>\n\t\t\t\t<div class=\"elementor-element elementor-element-22647731 elementor-widget elementor-widget-text-editor\" data-id=\"22647731\" data-element_type=\"widget\" data-widget_type=\"text-editor.default\">\n\t\t\t\t<div class=\"elementor-widget-container\">\n\t\t\t\t\t\t\t\t\t<p>Diese Sorte soll urspr\u00fcnglich aus dem Vereinigten K\u00f6nigreich stammen und bereits vor 1872 bekannt gewesen sein.<\/p>\t\t\t\t\t\t\t\t<\/div>\n\t\t\t\t<\/div>\n\t\t\t\t<div class=\"elementor-element elementor-element-258496ad elementor-widget elementor-widget-heading\" data-id=\"258496ad\" data-element_type=\"widget\" data-widget_type=\"heading.default\">\n\t\t\t\t<div class=\"elementor-widget-container\">\n\t\t\t\t\t<h2 class=\"elementor-heading-title elementor-size-default\">Technisches Datenblatt - Hedera hibernica 'Scutifolia'<\/h2>\t\t\t\t<\/div>\n\t\t\t\t<\/div>\n\t\t\t\t<div class=\"elementor-element elementor-element-2ed59263 elementor-widget elementor-widget-text-editor\" data-id=\"2ed59263\" data-element_type=\"widget\" data-widget_type=\"text-editor.default\">\n\t\t\t\t<div class=\"elementor-widget-container\">\n\t\t\t\t\t\t\t\t\t<h3>Botanische Informationen<\/h3><ul><li>Familie: Araliaceae<\/li><li>Gattung : <em><strong>Hedera<\/strong><\/em><\/li><li>Art : <em>hibernica<\/em><\/li><li>Anbauen : &lsquo;Scutifolia&rsquo;<\/li><li>Pierot-Klassifikation: Herzf\u00f6rmiger Efeu<\/li><li>Blattstadium: juvenil<\/li><li>Herkunft der Art: Europa, von Spanien bis Norwegen, haupts\u00e4chlich an der Atlantikk\u00fcste.<\/li><li>Ursprung des Kultivars: unbekannt<\/li><\/ul><h3>\u00a0<\/h3><h3>Beschreibung von Hedera hibernica &lsquo;Scutifolia&rsquo;<\/h3><ul><li>Wuchs: ausgebreitet<\/li><li>Anzahl der Lappen: ungelappt, oder in Ausnahmef\u00e4llen 3 oder 5 Lappen, die wenig ausgepr\u00e4gt sind<\/li><li>L\u00e4nge des Blattes: 4 bis 6 oder sogar 8 cm<\/li><li>Breite des Blattes: 4 bis 6 cm<\/li><li>Blattfarbe: dunkelgr\u00fcn<\/li><li>Farbe der Rippen: gr\u00fcn<\/li><li>Blattform: Deltoid<\/li><li>Blattansatz: herzf\u00f6rmig<\/li><li>Blattspitze: abgerundet<\/li><li>Farbe Stiel und Blattstiel: gr\u00fcnliches Purpurrot<\/li><li>L\u00e4nge des Blattstiels: 10 bis 15 cm<\/li><li>St\u00e4ngel: wenig verzweigt<\/li><li>Internodien: 5 bis 7 cm<\/li><li>Haare: stellar, klein, 3 bis 5 Arme<\/li><\/ul><h3>\u00a0<\/h3><h3>Tipps zu Pflanzung, Anbau und Pflege f\u00fcr Hedera hibernica &lsquo;Scutifolia&rsquo;<\/h3><ul><li>Standort: Schatten, Halbschatten, Sonne<\/li><li>Winterh\u00e4rte: -15\u00b0C<\/li><li>Bodenfeuchtigkeit: frischer Boden<\/li><li>PH-Wert des Bodens: neutral oder kalkhaltig oder sauer<\/li><li>Bodenart: alle<\/li><li>Bodenreichtum: gew\u00f6hnlich oder humos<\/li><li>Verwendung: Bodendecker, Kletterpflanze<\/li><li>Entwicklung: kr\u00e4ftig, schnell<\/li><li>Beschneiden: einmal im Jahr<\/li><li>Sch\u00e4dlinge: sehr selten (Rote Spinne, Schildl\u00e4use)<\/li><li>Krankheiten: sehr selten (Flecken auf den Bl\u00e4ttern)<\/li><\/ul>\t\t\t\t\t\t\t\t<\/div>\n\t\t\t\t<\/div>\n\t\t\t\t\t<\/div>\n\t\t\t\t<\/div>\n\t\t\t\t\t<\/div>\n\t\t\t\t<\/div>\n\t\t<div class=\"elementor-element elementor-element-5d1fe75a e-flex e-con-boxed e-con e-parent\" data-id=\"5d1fe75a\" data-element_type=\"container\">\n\t\t\t\t\t<div class=\"e-con-inner\">\n\t\t\t\t<div class=\"elementor-element elementor-element-1f652091 elementor-widget elementor-widget-image\" data-id=\"1f652091\" data-element_type=\"widget\" data-widget_type=\"image.default\">\n\t\t\t\t<div class=\"elementor-widget-container\">\n\t\t\t\t\t\t\t\t\t\t\t\t\t\t\t<img fetchpriority=\"high\" decoding=\"async\" width=\"1024\" height=\"146\" src=\"https:\/\/www.hedera-etc.com\/wp-content\/uploads\/2023\/10\/guirlande-1024x146.webp\" class=\"attachment-large size-large wp-image-116\" alt=\"La boutique du lierre - Efeu-Girlande\" srcset=\"https:\/\/www.hedera-etc.com\/wp-content\/uploads\/2023\/10\/guirlande-1024x146.webp 1024w, https:\/\/www.hedera-etc.com\/wp-content\/uploads\/2023\/10\/guirlande-900x129.webp 900w, https:\/\/www.hedera-etc.com\/wp-content\/uploads\/2023\/10\/guirlande-300x43.webp 300w, https:\/\/www.hedera-etc.com\/wp-content\/uploads\/2023\/10\/guirlande-768x110.webp 768w, https:\/\/www.hedera-etc.com\/wp-content\/uploads\/2023\/10\/guirlande.webp 1126w\" sizes=\"(max-width: 1024px) 100vw, 1024px\" \/>\t\t\t\t\t\t\t\t\t\t\t\t\t\t\t<\/div>\n\t\t\t\t<\/div>\n\t\t\t\t<div class=\"elementor-element elementor-element-531d6946 elementor-widget elementor-widget-text-editor\" data-id=\"531d6946\" data-element_type=\"widget\" data-widget_type=\"text-editor.default\">\n\t\t\t\t<div class=\"elementor-widget-container\">\n\t\t\t\t\t\t\t\t\t<h3 style=\"text-align: center;\"><span style=\"color: #008000;\">Efeu in der Literatur<\/span><\/h3><blockquote><p style=\"text-align: center;\"><span style=\"color: #993366;\">\u201cEfeu klammert sich an den Stein, so wie sich die Liebe an die Seelen klammert.\u201d<\/span><\/p><\/blockquote><h5 style=\"text-align: right;\">Gustave Flaubert, <em>Madame Bovary<\/em><\/h5>\t\t\t\t\t\t\t\t<\/div>\n\t\t\t\t<\/div>\n\t\t\t\t\t<\/div>\n\t\t\t\t<\/div>\n\t\t\t\t<\/div>","protected":false},"excerpt":{"rendered":"<p>Dreieckiges Blatt, \u00e4hnlich wie \u2018Deltoidea\u2019, aber d\u00fcnnere St\u00e4ngel und Blattspreite, Blattspreite gl\u00e4nzender, Nerven gr\u00fcn statt grau, Basilarlappen \u00fcberlappen sich nicht.<\/p>\n<p>Basis der Bl\u00e4tter deutlich herzf\u00f6rmig. Blatt meist ungelappt oder in Ausnahmef\u00e4llen dreilappig mit schwach ausgepr\u00e4gten, abgerundeten Lappen.<\/p>\n<p>H\u00fcbscher kletternder oder bodenbedeckender Efeu mit seiner gl\u00e4nzenden dunkelgr\u00fcnen Farbe.<\/p>","protected":false},"featured_media":1364,"comment_status":"open","ping_status":"closed","template":"","meta":{"_acf_changed":false,"ocean_post_layout":"","ocean_both_sidebars_style":"","ocean_both_sidebars_content_width":0,"ocean_both_sidebars_sidebars_width":0,"ocean_sidebar":"0","ocean_second_sidebar":"0","ocean_disable_margins":"enable","ocean_add_body_class":"","ocean_shortcode_before_top_bar":"","ocean_shortcode_after_top_bar":"","ocean_shortcode_before_header":"","ocean_shortcode_after_header":"","ocean_has_shortcode":"","ocean_shortcode_after_title":"","ocean_shortcode_before_footer_widgets":"","ocean_shortcode_after_footer_widgets":"","ocean_shortcode_before_footer_bottom":"","ocean_shortcode_after_footer_bottom":"","ocean_display_top_bar":"default","ocean_display_header":"default","ocean_header_style":"","ocean_center_header_left_menu":"0","ocean_custom_header_template":"0","ocean_custom_logo":0,"ocean_custom_retina_logo":0,"ocean_custom_logo_max_width":0,"ocean_custom_logo_tablet_max_width":0,"ocean_custom_logo_mobile_max_width":0,"ocean_custom_logo_max_height":0,"ocean_custom_logo_tablet_max_height":0,"ocean_custom_logo_mobile_max_height":0,"ocean_header_custom_menu":"0","ocean_menu_typo_font_family":"0","ocean_menu_typo_font_subset":"","ocean_menu_typo_font_size":0,"ocean_menu_typo_font_size_tablet":0,"ocean_menu_typo_font_size_mobile":0,"ocean_menu_typo_font_size_unit":"px","ocean_menu_typo_font_weight":"","ocean_menu_typo_font_weight_tablet":"","ocean_menu_typo_font_weight_mobile":"","ocean_menu_typo_transform":"","ocean_menu_typo_transform_tablet":"","ocean_menu_typo_transform_mobile":"","ocean_menu_typo_line_height":0,"ocean_menu_typo_line_height_tablet":0,"ocean_menu_typo_line_height_mobile":0,"ocean_menu_typo_line_height_unit":"","ocean_menu_typo_spacing":0,"ocean_menu_typo_spacing_tablet":0,"ocean_menu_typo_spacing_mobile":0,"ocean_menu_typo_spacing_unit":"","ocean_menu_link_color":"","ocean_menu_link_color_hover":"","ocean_menu_link_color_active":"","ocean_menu_link_background":"","ocean_menu_link_hover_background":"","ocean_menu_link_active_background":"","ocean_menu_social_links_bg":"","ocean_menu_social_hover_links_bg":"","ocean_menu_social_links_color":"","ocean_menu_social_hover_links_color":"","ocean_disable_title":"default","ocean_disable_heading":"default","ocean_post_title":"","ocean_post_subheading":"","ocean_post_title_style":"","ocean_post_title_background_color":"","ocean_post_title_background":0,"ocean_post_title_bg_image_position":"","ocean_post_title_bg_image_attachment":"","ocean_post_title_bg_image_repeat":"","ocean_post_title_bg_image_size":"","ocean_post_title_height":0,"ocean_post_title_bg_overlay":0.5,"ocean_post_title_bg_overlay_color":"","ocean_disable_breadcrumbs":"default","ocean_breadcrumbs_color":"","ocean_breadcrumbs_separator_color":"","ocean_breadcrumbs_links_color":"","ocean_breadcrumbs_links_hover_color":"","ocean_display_footer_widgets":"default","ocean_display_footer_bottom":"default","ocean_custom_footer_template":"0"},"product_brand":[],"product_cat":[134],"product_tag":[],"class_list":{"0":"post-1363","1":"product","2":"type-product","3":"status-publish","4":"has-post-thumbnail","6":"product_cat-lierre","8":"entry","9":"has-media","11":"first","12":"instock","13":"purchasable","14":"product-type-variable","15":"has-default-attributes","16":"has-product-nav","17":"col","18":"span_1_of_4","19":"owp-content-center","20":"item-entry","21":"owp-thumbs-layout-horizontal","22":"owp-btn-normal","23":"owp-tabs-layout-section"},"acf":[],"jetpack_sharing_enabled":true,"_links":{"self":[{"href":"https:\/\/www.hedera-etc.com\/de\/wp-json\/wp\/v2\/product\/1363","targetHints":{"allow":["GET"]}}],"collection":[{"href":"https:\/\/www.hedera-etc.com\/de\/wp-json\/wp\/v2\/product"}],"about":[{"href":"https:\/\/www.hedera-etc.com\/de\/wp-json\/wp\/v2\/types\/product"}],"replies":[{"embeddable":true,"href":"https:\/\/www.hedera-etc.com\/de\/wp-json\/wp\/v2\/comments?post=1363"}],"version-history":[{"count":3,"href":"https:\/\/www.hedera-etc.com\/de\/wp-json\/wp\/v2\/product\/1363\/revisions"}],"predecessor-version":[{"id":15179,"href":"https:\/\/www.hedera-etc.com\/de\/wp-json\/wp\/v2\/product\/1363\/revisions\/15179"}],"wp:featuredmedia":[{"embeddable":true,"href":"https:\/\/www.hedera-etc.com\/de\/wp-json\/wp\/v2\/media\/1364"}],"wp:attachment":[{"href":"https:\/\/www.hedera-etc.com\/de\/wp-json\/wp\/v2\/media?parent=1363"}],"wp:term":[{"taxonomy":"product_brand","embeddable":true,"href":"https:\/\/www.hedera-etc.com\/de\/wp-json\/wp\/v2\/product_brand?post=1363"},{"taxonomy":"product_cat","embeddable":true,"href":"https:\/\/www.hedera-etc.com\/de\/wp-json\/wp\/v2\/product_cat?post=1363"},{"taxonomy":"product_tag","embeddable":true,"href":"https:\/\/www.hedera-etc.com\/de\/wp-json\/wp\/v2\/product_tag?post=1363"}],"curies":[{"name":"wp","href":"https:\/\/api.w.org\/{rel}","templated":true}]}}

<div data-elementor-type="product-post" data-elementor-id="1363" class="elementor elementor-1363" data-elementor-post-type="product">
				<div class="elementor-element elementor-element-16202d56 e-con-full e-flex e-con e-child" data-id="16202d56" data-element_type="container">
				<div class="elementor-element elementor-element-108bff18 elementor-widget elementor-widget-text-editor" data-id="108bff18" data-element_type="widget" data-widget_type="text-editor.default">
				<div class="elementor-widget-container">
									<h2><span style="color: #f0ffed;">Le Irisches Efeu  &#8211; Hedera hibernica &lsquo;Scutifolia&rsquo;</span></h2>								</div>
				</div>
				</div>
		<div class="elementor-element elementor-element-2220fce0 e-flex e-con-boxed e-con e-parent" data-id="2220fce0" data-element_type="container">
					<div class="e-con-inner">
		<div class="elementor-element elementor-element-8c7ed59 e-flex e-con-boxed e-con e-child" data-id="8c7ed59" data-element_type="container">
					<div class="e-con-inner">
				<div class="elementor-element elementor-element-40895756 elementor-widget elementor-widget-heading" data-id="40895756" data-element_type="widget" data-widget_type="heading.default">
				<div class="elementor-widget-container">
					<h2 class="elementor-heading-title elementor-size-default">Zusammenfassend</h2>				</div>
				</div>
				<div class="elementor-element elementor-element-325e6d8a elementor-widget elementor-widget-text-editor" data-id="325e6d8a" data-element_type="widget" data-widget_type="text-editor.default">
				<div class="elementor-widget-container">
									<p>Der Efeu aus Irland, <strong><em>Hedera hibernica</em> &lsquo;Scutifolia&rsquo;</strong>, présente un feuillage triangulaire, ressemblant à &lsquo;Deltoidea&rsquo;, mais les tiges et le limbe sont plus fins, le limbe est plus brillant, les nervures sont vertes et non grises, les lobes basilaires ne se superposent pas.</p><p>Die Blattbasis ist deutlich herzförmig. Das Blatt ist meist ungelappt oder in Ausnahmefällen dreilappig mit schwach ausgeprägten, abgerundeten Lappen.</p><p>Es ist ein hübscher kletternder oder bodenbedeckender Efeu mit seiner glänzenden dunkelgrünen Farbe.</p>								</div>
				</div>
				<div class="elementor-element elementor-element-2a1c0132 elementor-widget elementor-widget-heading" data-id="2a1c0132" data-element_type="widget" data-widget_type="heading.default">
				<div class="elementor-widget-container">
					<h2 class="elementor-heading-title elementor-size-default">Geschichte</h2>				</div>
				</div>
				<div class="elementor-element elementor-element-22647731 elementor-widget elementor-widget-text-editor" data-id="22647731" data-element_type="widget" data-widget_type="text-editor.default">
				<div class="elementor-widget-container">
									<p>Diese Sorte soll ursprünglich aus dem Vereinigten Königreich stammen und bereits vor 1872 bekannt gewesen sein.</p>								</div>
				</div>
				<div class="elementor-element elementor-element-258496ad elementor-widget elementor-widget-heading" data-id="258496ad" data-element_type="widget" data-widget_type="heading.default">
				<div class="elementor-widget-container">
					<h2 class="elementor-heading-title elementor-size-default">Technisches Datenblatt - Hedera hibernica 'Scutifolia'</h2>				</div>
				</div>
				<div class="elementor-element elementor-element-2ed59263 elementor-widget elementor-widget-text-editor" data-id="2ed59263" data-element_type="widget" data-widget_type="text-editor.default">
				<div class="elementor-widget-container">
									<h3>Botanische Informationen</h3><ul><li>Familie: Araliaceae</li><li>Gattung : <em><strong>Hedera</strong></em></li><li>Art : <em>hibernica</em></li><li>Anbauen : &lsquo;Scutifolia&rsquo;</li><li>Pierot-Klassifikation: Herzförmiger Efeu</li><li>Blattstadium: juvenil</li><li>Herkunft der Art: Europa, von Spanien bis Norwegen, hauptsächlich an der Atlantikküste.</li><li>Ursprung des Kultivars: unbekannt</li></ul><h3> </h3><h3>Beschreibung von Hedera hibernica &lsquo;Scutifolia&rsquo;</h3><ul><li>Wuchs: ausgebreitet</li><li>Anzahl der Lappen: ungelappt, oder in Ausnahmefällen 3 oder 5 Lappen, die wenig ausgeprägt sind</li><li>Länge des Blattes: 4 bis 6 oder sogar 8 cm</li><li>Breite des Blattes: 4 bis 6 cm</li><li>Blattfarbe: dunkelgrün</li><li>Farbe der Rippen: grün</li><li>Blattform: Deltoid</li><li>Blattansatz: herzförmig</li><li>Blattspitze: abgerundet</li><li>Farbe Stiel und Blattstiel: grünliches Purpurrot</li><li>Länge des Blattstiels: 10 bis 15 cm</li><li>Stängel: wenig verzweigt</li><li>Internodien: 5 bis 7 cm</li><li>Haare: stellar, klein, 3 bis 5 Arme</li></ul><h3> </h3><h3>Tipps zu Pflanzung, Anbau und Pflege für Hedera hibernica &lsquo;Scutifolia&rsquo;</h3><ul><li>Standort: Schatten, Halbschatten, Sonne</li><li>Winterhärte: -15°C</li><li>Bodenfeuchtigkeit: frischer Boden</li><li>PH-Wert des Bodens: neutral oder kalkhaltig oder sauer</li><li>Bodenart: alle</li><li>Bodenreichtum: gewöhnlich oder humos</li><li>Verwendung: Bodendecker, Kletterpflanze</li><li>Entwicklung: kräftig, schnell</li><li>Beschneiden: einmal im Jahr</li><li>Schädlinge: sehr selten (Rote Spinne, Schildläuse)</li><li>Krankheiten: sehr selten (Flecken auf den Blättern)</li></ul>								</div>
				</div>
					</div>
				</div>
					</div>
				</div>
		<div class="elementor-element elementor-element-5d1fe75a e-flex e-con-boxed e-con e-parent" data-id="5d1fe75a" data-element_type="container">
					<div class="e-con-inner">
				<div class="elementor-element elementor-element-1f652091 elementor-widget elementor-widget-image" data-id="1f652091" data-element_type="widget" data-widget_type="image.default">
				<div class="elementor-widget-container">
															<img fetchpriority="high" decoding="async" width="1024" height="146" src="https://www.hedera-etc.com/wp-content/uploads/2023/10/guirlande-1024x146.webp" class="attachment-large size-large wp-image-116" alt="La boutique du lierre - Efeu-Girlande" srcset="https://www.hedera-etc.com/wp-content/uploads/2023/10/guirlande-1024x146.webp 1024w, https://www.hedera-etc.com/wp-content/uploads/2023/10/guirlande-900x129.webp 900w, https://www.hedera-etc.com/wp-content/uploads/2023/10/guirlande-300x43.webp 300w, https://www.hedera-etc.com/wp-content/uploads/2023/10/guirlande-768x110.webp 768w, https://www.hedera-etc.com/wp-content/uploads/2023/10/guirlande.webp 1126w" sizes="(max-width: 1024px) 100vw, 1024px" />															</div>
				</div>
				<div class="elementor-element elementor-element-531d6946 elementor-widget elementor-widget-text-editor" data-id="531d6946" data-element_type="widget" data-widget_type="text-editor.default">
				<div class="elementor-widget-container">
									<h3 style="text-align: center;"><span style="color: #008000;">Efeu in der Literatur</span></h3><blockquote><p style="text-align: center;"><span style="color: #993366;">“Efeu klammert sich an den Stein, so wie sich die Liebe an die Seelen klammert.”</span></p></blockquote><h5 style="text-align: right;">Gustave Flaubert, <em>Madame Bovary</em></h5>								</div>
				</div>
					</div>
				</div>
				</div>

<p>Dreieckiges Blatt, ähnlich wie ‘Deltoidea’, aber dünnere Stängel und Blattspreite, Blattspreite glänzender, Nerven grün statt grau, Basilarlappen überlappen sich nicht.</p>
<p>Basis der Blätter deutlich herzförmig. Blatt meist ungelappt oder in Ausnahmefällen dreilappig mit schwach ausgeprägten, abgerundeten Lappen.</p>
<p>Hübscher kletternder oder bodenbedeckender Efeu mit seiner glänzenden dunkelgrünen Farbe.</p>
