{"id":1432,"date":"2023-11-04T19:41:39","date_gmt":"2023-11-04T18:41:39","guid":{"rendered":"https:\/\/www.hedera-etc.com\/?post_type=product&#038;p=1432"},"modified":"2026-04-28T07:09:26","modified_gmt":"2026-04-28T05:09:26","slug":"hedera-helix-smaryll","status":"publish","type":"product","link":"https:\/\/www.hedera-etc.com\/de\/product\/hedera-helix-smaryll\/","title":{"rendered":"<em>Hedera helix<\/em> &lsquo;Smaryll&rsquo; &#8211; Zier-Efeu"},"content":{"rendered":"<div data-elementor-type=\"product-post\" data-elementor-id=\"1432\" class=\"elementor elementor-1432\" data-elementor-post-type=\"product\">\n\t\t\t\t<div class=\"elementor-element elementor-element-246a9915 e-con-full e-flex e-con e-child\" data-id=\"246a9915\" data-element_type=\"container\">\n\t\t\t\t<div class=\"elementor-element elementor-element-6b2c35fc elementor-widget elementor-widget-text-editor\" data-id=\"6b2c35fc\" data-element_type=\"widget\" data-widget_type=\"text-editor.default\">\n\t\t\t\t<div class=\"elementor-widget-container\">\n\t\t\t\t\t\t\t\t\t<h2><span style=\"color: #f0ffed;\">Der Zier-Efeu\u00a0 &#8211; Hedera helix &lsquo;Smaryll&rsquo;<\/span><\/h2>\t\t\t\t\t\t\t\t<\/div>\n\t\t\t\t<\/div>\n\t\t\t\t<\/div>\n\t\t<div class=\"elementor-element elementor-element-7d3d3fc4 e-flex e-con-boxed e-con e-parent\" data-id=\"7d3d3fc4\" data-element_type=\"container\">\n\t\t\t\t\t<div class=\"e-con-inner\">\n\t\t<div class=\"elementor-element elementor-element-27f2a6dc e-flex e-con-boxed e-con e-child\" data-id=\"27f2a6dc\" data-element_type=\"container\">\n\t\t\t\t\t<div class=\"e-con-inner\">\n\t\t\t\t<div class=\"elementor-element elementor-element-3e399e45 elementor-widget elementor-widget-heading\" data-id=\"3e399e45\" data-element_type=\"widget\" data-widget_type=\"heading.default\">\n\t\t\t\t<div class=\"elementor-widget-container\">\n\t\t\t\t\t<h2 class=\"elementor-heading-title elementor-size-default\">Zusammenfassend<\/h2>\t\t\t\t<\/div>\n\t\t\t\t<\/div>\n\t\t\t\t<div class=\"elementor-element elementor-element-dce9c8b elementor-widget elementor-widget-text-editor\" data-id=\"dce9c8b\" data-element_type=\"widget\" data-widget_type=\"text-editor.default\">\n\t\t\t\t<div class=\"elementor-widget-container\">\n\t\t\t\t\t\t\t\t\t<p>Zier-Efeu, <strong><em>Hedera helix<\/em> \u00a0\u00bbSmaryll\u2019<\/strong>, Die gedrungene Sorte hat mittel- bis hellgr\u00fcne Bl\u00e4tter.<\/p><p>Die Bl\u00e4tter bestehen aus drei deutlichen Lappen, die ziemlich breit sind. Die Basis ist meist herzf\u00f6rmig. Die Spitze der Lappen ist abgerundet. Das Laub f\u00e4rbt sich im Winter bei kaltem und trockenem Wetter rot.<\/p><p>Die Pflanze ist nicht stark verzweigt. Das Wachstum ist langsam. Die Vegetation befindet sich in Bodenn\u00e4he, was sie zu einem eleganten Bodendecker macht. Dieser Efeu eignet sich auch als H\u00e4ngepflanze, insbesondere als Zimmerpflanze.<\/p>\t\t\t\t\t\t\t\t<\/div>\n\t\t\t\t<\/div>\n\t\t\t\t<div class=\"elementor-element elementor-element-ca12002 elementor-widget elementor-widget-heading\" data-id=\"ca12002\" data-element_type=\"widget\" data-widget_type=\"heading.default\">\n\t\t\t\t<div class=\"elementor-widget-container\">\n\t\t\t\t\t<h2 class=\"elementor-heading-title elementor-size-default\">Geschichte<\/h2>\t\t\t\t<\/div>\n\t\t\t\t<\/div>\n\t\t\t\t<div class=\"elementor-element elementor-element-0afee65 elementor-widget elementor-widget-text-editor\" data-id=\"0afee65\" data-element_type=\"widget\" data-widget_type=\"text-editor.default\">\n\t\t\t\t<div class=\"elementor-widget-container\">\n\t\t\t\t\t\t\t\t\t<p>Diese Kultivar ist unbekannten Ursprungs.<\/p>\t\t\t\t\t\t\t\t<\/div>\n\t\t\t\t<\/div>\n\t\t\t\t<div class=\"elementor-element elementor-element-3a35868c elementor-widget elementor-widget-heading\" data-id=\"3a35868c\" data-element_type=\"widget\" data-widget_type=\"heading.default\">\n\t\t\t\t<div class=\"elementor-widget-container\">\n\t\t\t\t\t<h2 class=\"elementor-heading-title elementor-size-default\">Technisches Datenblatt - Hedera helix 'Smaryll'<\/h2>\t\t\t\t<\/div>\n\t\t\t\t<\/div>\n\t\t\t\t<div class=\"elementor-element elementor-element-647f0b3f elementor-widget elementor-widget-text-editor\" data-id=\"647f0b3f\" data-element_type=\"widget\" data-widget_type=\"text-editor.default\">\n\t\t\t\t<div class=\"elementor-widget-container\">\n\t\t\t\t\t\t\t\t\t<h3>Botanische Informationen<\/h3><ul><li>Familie: Araliaceae<\/li><li>Gattung : <em><strong>Hedera<\/strong><\/em><\/li><li>Art : <em>helix<\/em><\/li><li>Anbauen : &lsquo;Smaryll&rsquo;<\/li><li>Pierot-Klassifikation: Herzf\u00f6rmiger Efeu<\/li><li>Blattstadium: juvenil<\/li><li>Herkunft der Art: Europa, von Spanien bis Norwegen, jedoch kaum an der Atlantikk\u00fcste.<\/li><li>Ursprung des Kultivars: unbekannt<\/li><\/ul><h3>\u00a0<\/h3><h3>Beschreibung von Hedera helix &lsquo;Smaryll&rsquo;<\/h3><ul><li>Habitus: gedrungen, ckompakt<\/li><li>Anzahl der Blattlappen: in der Regel 3 Lappen<\/li><li>L\u00e4nge des Blattes: 4 cm<\/li><li>Breite des Blattes: 4 cm<\/li><li>Blattfarbe: mittelgr\u00fcn bis hellgr\u00fcn<\/li><li>Farbvariante des Blattes: Rott\u00f6ne bei trockenem und kaltem Wetter<\/li><li>Farbe der Rippen: hellgr\u00fcn<\/li><li>Farbe Stiel und Blattstiel: Purpurgr\u00fcn<\/li><li>L\u00e4nge des Blattstiels: 1 bis 3 cm<\/li><li>St\u00e4ngel: wenig verzweigt<\/li><li>Internodien: 2 bis 3 cm<\/li><li>Haare: sternf\u00f6rmig, 3 bis 5 Arme<\/li><\/ul><h3>\u00a0<\/h3><h3>Tipps zu Pflanzung, Anbau und Pflege f\u00fcr Hedera helix &lsquo;Smaryll&rsquo;<\/h3><ul><li>Standort: Schatten, Halbschatten, Sonne<\/li><li>Winterh\u00e4rte: -15\u00b0C<\/li><li>Bodenfeuchtigkeit: frischer Boden<\/li><li>PH-Wert des Bodens: neutral oder kalkhaltig<\/li><li>Bodenart: alle<\/li><li>Bodenreichtum: gew\u00f6hnlich oder humos<\/li><li>Verwendung: Bodendecker, T\u00f6pfe, Blumenk\u00e4sten, H\u00e4ngeampel, Zimmerpflanze<\/li><li>Entwicklung: langsam<\/li><li>Beschneiden: einmal im Jahr<\/li><li>Sch\u00e4dlinge: sehr selten (Rote Spinne, Schildl\u00e4use)<\/li><li>Krankheiten: sehr selten (Flecken auf den Bl\u00e4ttern)<\/li><\/ul>\t\t\t\t\t\t\t\t<\/div>\n\t\t\t\t<\/div>\n\t\t\t\t\t<\/div>\n\t\t\t\t<\/div>\n\t\t\t\t\t<\/div>\n\t\t\t\t<\/div>\n\t\t<div class=\"elementor-element elementor-element-2fb6675b e-flex e-con-boxed e-con e-parent\" data-id=\"2fb6675b\" data-element_type=\"container\">\n\t\t\t\t\t<div class=\"e-con-inner\">\n\t\t\t\t<div class=\"elementor-element elementor-element-55ea9bb0 elementor-widget elementor-widget-image\" data-id=\"55ea9bb0\" data-element_type=\"widget\" data-widget_type=\"image.default\">\n\t\t\t\t<div class=\"elementor-widget-container\">\n\t\t\t\t\t\t\t\t\t\t\t\t\t\t\t<img fetchpriority=\"high\" decoding=\"async\" width=\"1024\" height=\"146\" src=\"https:\/\/www.hedera-etc.com\/wp-content\/uploads\/2023\/10\/guirlande-1024x146.webp\" class=\"attachment-large size-large wp-image-116\" alt=\"La boutique du lierre - Efeu-Girlande\" srcset=\"https:\/\/www.hedera-etc.com\/wp-content\/uploads\/2023\/10\/guirlande-1024x146.webp 1024w, https:\/\/www.hedera-etc.com\/wp-content\/uploads\/2023\/10\/guirlande-900x129.webp 900w, https:\/\/www.hedera-etc.com\/wp-content\/uploads\/2023\/10\/guirlande-300x43.webp 300w, https:\/\/www.hedera-etc.com\/wp-content\/uploads\/2023\/10\/guirlande-768x110.webp 768w, https:\/\/www.hedera-etc.com\/wp-content\/uploads\/2023\/10\/guirlande.webp 1126w\" sizes=\"(max-width: 1024px) 100vw, 1024px\" \/>\t\t\t\t\t\t\t\t\t\t\t\t\t\t\t<\/div>\n\t\t\t\t<\/div>\n\t\t\t\t<div class=\"elementor-element elementor-element-74ca4a9c elementor-widget elementor-widget-text-editor\" data-id=\"74ca4a9c\" data-element_type=\"widget\" data-widget_type=\"text-editor.default\">\n\t\t\t\t<div class=\"elementor-widget-container\">\n\t\t\t\t\t\t\t\t\t<h3 style=\"text-align: center;\"><span style=\"color: #008000;\">Efeu in der Literatur<\/span><\/h3><blockquote><p style=\"text-align: center;\"><span style=\"color: #993366;\">\u201cEfeu und Brombeeren stritten sich um die Herrschaft in diesem verlassenen Garten, in dem jeder Grashalm eine Erinnerung zu tragen schien.<\/span><span style=\"color: #993366;\">\u201d<\/span><\/p><\/blockquote><h5 style=\"text-align: right;\">Gustave Flaubert, L'Education Sentimentale (Die sentimentale Erziehung)<\/h5>\t\t\t\t\t\t\t\t<\/div>\n\t\t\t\t<\/div>\n\t\t\t\t\t<\/div>\n\t\t\t\t<\/div>\n\t\t\t\t<\/div>","protected":false},"excerpt":{"rendered":"<p>Gedrungene Sorte mit mittel- bis hellgr\u00fcnem Laub.<\/p>\n<p>Bl\u00e4tter bestehen aus 3 deutlichen, ziemlich breiten Lappen. Die Basis ist meist herzf\u00f6rmig. Die Enden der Lappen sind abgerundet. Das Blatt r\u00f6tet sich im Winter bei kaltem und trockenem Wetter.<\/p>\n<p>Die Pflanze ist nicht sehr verzweigt. W\u00e4chst nur langsam. Bodennaher Wuchs, was ihn zu einem eleganten Bodendecker macht. Dieser Efeu eignet sich auch als H\u00e4ngepflanze, insbesondere als Zimmerpflanze.<\/p>","protected":false},"featured_media":14148,"comment_status":"open","ping_status":"closed","template":"","meta":{"_acf_changed":false,"ocean_post_layout":"","ocean_both_sidebars_style":"","ocean_both_sidebars_content_width":0,"ocean_both_sidebars_sidebars_width":0,"ocean_sidebar":"0","ocean_second_sidebar":"0","ocean_disable_margins":"enable","ocean_add_body_class":"","ocean_shortcode_before_top_bar":"","ocean_shortcode_after_top_bar":"","ocean_shortcode_before_header":"","ocean_shortcode_after_header":"","ocean_has_shortcode":"","ocean_shortcode_after_title":"","ocean_shortcode_before_footer_widgets":"","ocean_shortcode_after_footer_widgets":"","ocean_shortcode_before_footer_bottom":"","ocean_shortcode_after_footer_bottom":"","ocean_display_top_bar":"default","ocean_display_header":"default","ocean_header_style":"","ocean_center_header_left_menu":"0","ocean_custom_header_template":"0","ocean_custom_logo":0,"ocean_custom_retina_logo":0,"ocean_custom_logo_max_width":0,"ocean_custom_logo_tablet_max_width":0,"ocean_custom_logo_mobile_max_width":0,"ocean_custom_logo_max_height":0,"ocean_custom_logo_tablet_max_height":0,"ocean_custom_logo_mobile_max_height":0,"ocean_header_custom_menu":"0","ocean_menu_typo_font_family":"0","ocean_menu_typo_font_subset":"","ocean_menu_typo_font_size":0,"ocean_menu_typo_font_size_tablet":0,"ocean_menu_typo_font_size_mobile":0,"ocean_menu_typo_font_size_unit":"px","ocean_menu_typo_font_weight":"","ocean_menu_typo_font_weight_tablet":"","ocean_menu_typo_font_weight_mobile":"","ocean_menu_typo_transform":"","ocean_menu_typo_transform_tablet":"","ocean_menu_typo_transform_mobile":"","ocean_menu_typo_line_height":0,"ocean_menu_typo_line_height_tablet":0,"ocean_menu_typo_line_height_mobile":0,"ocean_menu_typo_line_height_unit":"","ocean_menu_typo_spacing":0,"ocean_menu_typo_spacing_tablet":0,"ocean_menu_typo_spacing_mobile":0,"ocean_menu_typo_spacing_unit":"","ocean_menu_link_color":"","ocean_menu_link_color_hover":"","ocean_menu_link_color_active":"","ocean_menu_link_background":"","ocean_menu_link_hover_background":"","ocean_menu_link_active_background":"","ocean_menu_social_links_bg":"","ocean_menu_social_hover_links_bg":"","ocean_menu_social_links_color":"","ocean_menu_social_hover_links_color":"","ocean_disable_title":"default","ocean_disable_heading":"default","ocean_post_title":"","ocean_post_subheading":"","ocean_post_title_style":"","ocean_post_title_background_color":"","ocean_post_title_background":0,"ocean_post_title_bg_image_position":"","ocean_post_title_bg_image_attachment":"","ocean_post_title_bg_image_repeat":"","ocean_post_title_bg_image_size":"","ocean_post_title_height":0,"ocean_post_title_bg_overlay":0.5,"ocean_post_title_bg_overlay_color":"","ocean_disable_breadcrumbs":"default","ocean_breadcrumbs_color":"","ocean_breadcrumbs_separator_color":"","ocean_breadcrumbs_links_color":"","ocean_breadcrumbs_links_hover_color":"","ocean_display_footer_widgets":"default","ocean_display_footer_bottom":"default","ocean_custom_footer_template":"0"},"product_brand":[],"product_cat":[134],"product_tag":[],"class_list":{"0":"post-1432","1":"product","2":"type-product","3":"status-publish","4":"has-post-thumbnail","6":"product_cat-lierre","8":"entry","9":"has-media","11":"first","12":"instock","13":"purchasable","14":"product-type-variable","15":"has-default-attributes","16":"has-product-nav","17":"col","18":"span_1_of_4","19":"owp-content-center","20":"item-entry","21":"owp-thumbs-layout-horizontal","22":"owp-btn-normal","23":"owp-tabs-layout-section"},"acf":[],"jetpack_sharing_enabled":true,"_links":{"self":[{"href":"https:\/\/www.hedera-etc.com\/de\/wp-json\/wp\/v2\/product\/1432","targetHints":{"allow":["GET"]}}],"collection":[{"href":"https:\/\/www.hedera-etc.com\/de\/wp-json\/wp\/v2\/product"}],"about":[{"href":"https:\/\/www.hedera-etc.com\/de\/wp-json\/wp\/v2\/types\/product"}],"replies":[{"embeddable":true,"href":"https:\/\/www.hedera-etc.com\/de\/wp-json\/wp\/v2\/comments?post=1432"}],"version-history":[{"count":3,"href":"https:\/\/www.hedera-etc.com\/de\/wp-json\/wp\/v2\/product\/1432\/revisions"}],"predecessor-version":[{"id":14147,"href":"https:\/\/www.hedera-etc.com\/de\/wp-json\/wp\/v2\/product\/1432\/revisions\/14147"}],"wp:featuredmedia":[{"embeddable":true,"href":"https:\/\/www.hedera-etc.com\/de\/wp-json\/wp\/v2\/media\/14148"}],"wp:attachment":[{"href":"https:\/\/www.hedera-etc.com\/de\/wp-json\/wp\/v2\/media?parent=1432"}],"wp:term":[{"taxonomy":"product_brand","embeddable":true,"href":"https:\/\/www.hedera-etc.com\/de\/wp-json\/wp\/v2\/product_brand?post=1432"},{"taxonomy":"product_cat","embeddable":true,"href":"https:\/\/www.hedera-etc.com\/de\/wp-json\/wp\/v2\/product_cat?post=1432"},{"taxonomy":"product_tag","embeddable":true,"href":"https:\/\/www.hedera-etc.com\/de\/wp-json\/wp\/v2\/product_tag?post=1432"}],"curies":[{"name":"wp","href":"https:\/\/api.w.org\/{rel}","templated":true}]}}

<div data-elementor-type="product-post" data-elementor-id="1432" class="elementor elementor-1432" data-elementor-post-type="product">
				<div class="elementor-element elementor-element-246a9915 e-con-full e-flex e-con e-child" data-id="246a9915" data-element_type="container">
				<div class="elementor-element elementor-element-6b2c35fc elementor-widget elementor-widget-text-editor" data-id="6b2c35fc" data-element_type="widget" data-widget_type="text-editor.default">
				<div class="elementor-widget-container">
									<h2><span style="color: #f0ffed;">Der Zier-Efeu  &#8211; Hedera helix &lsquo;Smaryll&rsquo;</span></h2>								</div>
				</div>
				</div>
		<div class="elementor-element elementor-element-7d3d3fc4 e-flex e-con-boxed e-con e-parent" data-id="7d3d3fc4" data-element_type="container">
					<div class="e-con-inner">
		<div class="elementor-element elementor-element-27f2a6dc e-flex e-con-boxed e-con e-child" data-id="27f2a6dc" data-element_type="container">
					<div class="e-con-inner">
				<div class="elementor-element elementor-element-3e399e45 elementor-widget elementor-widget-heading" data-id="3e399e45" data-element_type="widget" data-widget_type="heading.default">
				<div class="elementor-widget-container">
					<h2 class="elementor-heading-title elementor-size-default">Zusammenfassend</h2>				</div>
				</div>
				<div class="elementor-element elementor-element-dce9c8b elementor-widget elementor-widget-text-editor" data-id="dce9c8b" data-element_type="widget" data-widget_type="text-editor.default">
				<div class="elementor-widget-container">
									<p>Zier-Efeu, <strong><em>Hedera helix</em>  »Smaryll’</strong>, Die gedrungene Sorte hat mittel- bis hellgrüne Blätter.</p><p>Die Blätter bestehen aus drei deutlichen Lappen, die ziemlich breit sind. Die Basis ist meist herzförmig. Die Spitze der Lappen ist abgerundet. Das Laub färbt sich im Winter bei kaltem und trockenem Wetter rot.</p><p>Die Pflanze ist nicht stark verzweigt. Das Wachstum ist langsam. Die Vegetation befindet sich in Bodennähe, was sie zu einem eleganten Bodendecker macht. Dieser Efeu eignet sich auch als Hängepflanze, insbesondere als Zimmerpflanze.</p>								</div>
				</div>
				<div class="elementor-element elementor-element-ca12002 elementor-widget elementor-widget-heading" data-id="ca12002" data-element_type="widget" data-widget_type="heading.default">
				<div class="elementor-widget-container">
					<h2 class="elementor-heading-title elementor-size-default">Geschichte</h2>				</div>
				</div>
				<div class="elementor-element elementor-element-0afee65 elementor-widget elementor-widget-text-editor" data-id="0afee65" data-element_type="widget" data-widget_type="text-editor.default">
				<div class="elementor-widget-container">
									<p>Diese Kultivar ist unbekannten Ursprungs.</p>								</div>
				</div>
				<div class="elementor-element elementor-element-3a35868c elementor-widget elementor-widget-heading" data-id="3a35868c" data-element_type="widget" data-widget_type="heading.default">
				<div class="elementor-widget-container">
					<h2 class="elementor-heading-title elementor-size-default">Technisches Datenblatt - Hedera helix 'Smaryll'</h2>				</div>
				</div>
				<div class="elementor-element elementor-element-647f0b3f elementor-widget elementor-widget-text-editor" data-id="647f0b3f" data-element_type="widget" data-widget_type="text-editor.default">
				<div class="elementor-widget-container">
									<h3>Botanische Informationen</h3><ul><li>Familie: Araliaceae</li><li>Gattung : <em><strong>Hedera</strong></em></li><li>Art : <em>helix</em></li><li>Anbauen : &lsquo;Smaryll&rsquo;</li><li>Pierot-Klassifikation: Herzförmiger Efeu</li><li>Blattstadium: juvenil</li><li>Herkunft der Art: Europa, von Spanien bis Norwegen, jedoch kaum an der Atlantikküste.</li><li>Ursprung des Kultivars: unbekannt</li></ul><h3> </h3><h3>Beschreibung von Hedera helix &lsquo;Smaryll&rsquo;</h3><ul><li>Habitus: gedrungen, ckompakt</li><li>Anzahl der Blattlappen: in der Regel 3 Lappen</li><li>Länge des Blattes: 4 cm</li><li>Breite des Blattes: 4 cm</li><li>Blattfarbe: mittelgrün bis hellgrün</li><li>Farbvariante des Blattes: Rottöne bei trockenem und kaltem Wetter</li><li>Farbe der Rippen: hellgrün</li><li>Farbe Stiel und Blattstiel: Purpurgrün</li><li>Länge des Blattstiels: 1 bis 3 cm</li><li>Stängel: wenig verzweigt</li><li>Internodien: 2 bis 3 cm</li><li>Haare: sternförmig, 3 bis 5 Arme</li></ul><h3> </h3><h3>Tipps zu Pflanzung, Anbau und Pflege für Hedera helix &lsquo;Smaryll&rsquo;</h3><ul><li>Standort: Schatten, Halbschatten, Sonne</li><li>Winterhärte: -15°C</li><li>Bodenfeuchtigkeit: frischer Boden</li><li>PH-Wert des Bodens: neutral oder kalkhaltig</li><li>Bodenart: alle</li><li>Bodenreichtum: gewöhnlich oder humos</li><li>Verwendung: Bodendecker, Töpfe, Blumenkästen, Hängeampel, Zimmerpflanze</li><li>Entwicklung: langsam</li><li>Beschneiden: einmal im Jahr</li><li>Schädlinge: sehr selten (Rote Spinne, Schildläuse)</li><li>Krankheiten: sehr selten (Flecken auf den Blättern)</li></ul>								</div>
				</div>
					</div>
				</div>
					</div>
				</div>
		<div class="elementor-element elementor-element-2fb6675b e-flex e-con-boxed e-con e-parent" data-id="2fb6675b" data-element_type="container">
					<div class="e-con-inner">
				<div class="elementor-element elementor-element-55ea9bb0 elementor-widget elementor-widget-image" data-id="55ea9bb0" data-element_type="widget" data-widget_type="image.default">
				<div class="elementor-widget-container">
															<img fetchpriority="high" decoding="async" width="1024" height="146" src="https://www.hedera-etc.com/wp-content/uploads/2023/10/guirlande-1024x146.webp" class="attachment-large size-large wp-image-116" alt="La boutique du lierre - Efeu-Girlande" srcset="https://www.hedera-etc.com/wp-content/uploads/2023/10/guirlande-1024x146.webp 1024w, https://www.hedera-etc.com/wp-content/uploads/2023/10/guirlande-900x129.webp 900w, https://www.hedera-etc.com/wp-content/uploads/2023/10/guirlande-300x43.webp 300w, https://www.hedera-etc.com/wp-content/uploads/2023/10/guirlande-768x110.webp 768w, https://www.hedera-etc.com/wp-content/uploads/2023/10/guirlande.webp 1126w" sizes="(max-width: 1024px) 100vw, 1024px" />															</div>
				</div>
				<div class="elementor-element elementor-element-74ca4a9c elementor-widget elementor-widget-text-editor" data-id="74ca4a9c" data-element_type="widget" data-widget_type="text-editor.default">
				<div class="elementor-widget-container">
									<h3 style="text-align: center;"><span style="color: #008000;">Efeu in der Literatur</span></h3><blockquote><p style="text-align: center;"><span style="color: #993366;">“Efeu und Brombeeren stritten sich um die Herrschaft in diesem verlassenen Garten, in dem jeder Grashalm eine Erinnerung zu tragen schien.</span><span style="color: #993366;">”</span></p></blockquote><h5 style="text-align: right;">Gustave Flaubert, L'Education Sentimentale (Die sentimentale Erziehung)</h5>								</div>
				</div>
					</div>
				</div>
				</div>

<p>Gedrungene Sorte mit mittel- bis hellgrünem Laub.</p>
<p>Blätter bestehen aus 3 deutlichen, ziemlich breiten Lappen. Die Basis ist meist herzförmig. Die Enden der Lappen sind abgerundet. Das Blatt rötet sich im Winter bei kaltem und trockenem Wetter.</p>
<p>Die Pflanze ist nicht sehr verzweigt. Wächst nur langsam. Bodennaher Wuchs, was ihn zu einem eleganten Bodendecker macht. Dieser Efeu eignet sich auch als Hängepflanze, insbesondere als Zimmerpflanze.</p>
