{"id":1437,"date":"2023-11-04T19:52:59","date_gmt":"2023-11-04T18:52:59","guid":{"rendered":"https:\/\/www.hedera-etc.com\/?post_type=product&#038;p=1437"},"modified":"2026-04-28T07:09:26","modified_gmt":"2026-04-28T05:09:26","slug":"hedera-helix-smithii","status":"publish","type":"product","link":"https:\/\/www.hedera-etc.com\/de\/product\/hedera-helix-smithii\/","title":{"rendered":"<em>Hedera helix<\/em> &lsquo;Smithii&rsquo; &#8211; Zier-Efeu"},"content":{"rendered":"<div data-elementor-type=\"product-post\" data-elementor-id=\"1437\" class=\"elementor elementor-1437\" data-elementor-post-type=\"product\">\n\t\t\t\t<div class=\"elementor-element elementor-element-22ebbec3 e-con-full e-flex e-con e-child\" data-id=\"22ebbec3\" data-element_type=\"container\">\n\t\t\t\t<div class=\"elementor-element elementor-element-50ef675 elementor-widget elementor-widget-text-editor\" data-id=\"50ef675\" data-element_type=\"widget\" data-widget_type=\"text-editor.default\">\n\t\t\t\t<div class=\"elementor-widget-container\">\n\t\t\t\t\t\t\t\t\t<h2><span style=\"color: #f0ffed;\">Der Zier-Efeu\u00a0 &#8211; Hedera helix &lsquo;Smithii&rsquo;<\/span><\/h2>\t\t\t\t\t\t\t\t<\/div>\n\t\t\t\t<\/div>\n\t\t\t\t<\/div>\n\t\t<div class=\"elementor-element elementor-element-1dfb479e e-flex e-con-boxed e-con e-parent\" data-id=\"1dfb479e\" data-element_type=\"container\">\n\t\t\t\t\t<div class=\"e-con-inner\">\n\t\t<div class=\"elementor-element elementor-element-24525201 e-flex e-con-boxed e-con e-child\" data-id=\"24525201\" data-element_type=\"container\">\n\t\t\t\t\t<div class=\"e-con-inner\">\n\t\t\t\t<div class=\"elementor-element elementor-element-2504a194 elementor-widget elementor-widget-heading\" data-id=\"2504a194\" data-element_type=\"widget\" data-widget_type=\"heading.default\">\n\t\t\t\t<div class=\"elementor-widget-container\">\n\t\t\t\t\t<h2 class=\"elementor-heading-title elementor-size-default\">Zusammenfassend<\/h2>\t\t\t\t<\/div>\n\t\t\t\t<\/div>\n\t\t\t\t<div class=\"elementor-element elementor-element-5b7e2041 elementor-widget elementor-widget-text-editor\" data-id=\"5b7e2041\" data-element_type=\"widget\" data-widget_type=\"text-editor.default\">\n\t\t\t\t<div class=\"elementor-widget-container\">\n\t\t\t\t\t\t\t\t\t<p>Zier-Efeu, <strong><em>Hedera helix<\/em> &lsquo;Smithii&rsquo;,<\/strong> ist eine Sorte, die in Form und Trieben \u2018Baccifer\u2019 \u00e4hnelt.<\/p><p>Nur das jugendliche Laub weist einen Unterschied auf, indem es hellgr\u00fcn bis gelb ist und im Fr\u00fchling in kalten N\u00e4chten einen roten Rand aufweist. Das Blatt besteht aus 5 welligen und gebogenen Lappen. Es hat ein recht geometrisches Aussehen.<\/p><p>Sie ist ein guter Bodendecker, der sich auch hervorragend als Topfpflanze eignet.<\/p>\t\t\t\t\t\t\t\t<\/div>\n\t\t\t\t<\/div>\n\t\t\t\t<div class=\"elementor-element elementor-element-18d48eea elementor-widget elementor-widget-heading\" data-id=\"18d48eea\" data-element_type=\"widget\" data-widget_type=\"heading.default\">\n\t\t\t\t<div class=\"elementor-widget-container\">\n\t\t\t\t\t<h2 class=\"elementor-heading-title elementor-size-default\">Geschichte<\/h2>\t\t\t\t<\/div>\n\t\t\t\t<\/div>\n\t\t\t\t<div class=\"elementor-element elementor-element-61728b1f elementor-widget elementor-widget-text-editor\" data-id=\"61728b1f\" data-element_type=\"widget\" data-widget_type=\"text-editor.default\">\n\t\t\t\t<div class=\"elementor-widget-container\">\n\t\t\t\t\t\t\t\t\t<p>Diese Sorte wurde 1970 von Nannenga-Bremekamp beschrieben.<\/p>\t\t\t\t\t\t\t\t<\/div>\n\t\t\t\t<\/div>\n\t\t\t\t<div class=\"elementor-element elementor-element-543e576b elementor-widget elementor-widget-heading\" data-id=\"543e576b\" data-element_type=\"widget\" data-widget_type=\"heading.default\">\n\t\t\t\t<div class=\"elementor-widget-container\">\n\t\t\t\t\t<h2 class=\"elementor-heading-title elementor-size-default\">Technisches Datenblatt - Hedera helix 'Smithii'<\/h2>\t\t\t\t<\/div>\n\t\t\t\t<\/div>\n\t\t\t\t<div class=\"elementor-element elementor-element-452d3bdc elementor-widget elementor-widget-text-editor\" data-id=\"452d3bdc\" data-element_type=\"widget\" data-widget_type=\"text-editor.default\">\n\t\t\t\t<div class=\"elementor-widget-container\">\n\t\t\t\t\t\t\t\t\t<h3>Botanische Informationen<\/h3><ul><li>Familie: Araliaceae<\/li><li>Gattung : <em><strong>Hedera<\/strong><\/em><\/li><li>Art : <em>helix<\/em><\/li><li>Anbauen : &lsquo;Smithii&rsquo;<\/li><li>Pierot-Klassifikation: Efeu mit wellig-gekr\u00e4uselten Bl\u00e4ttern<\/li><li>Blattstadium: juvenil<\/li><li>Herkunft der Art: Europa, von Spanien bis Norwegen, jedoch kaum an der Atlantikk\u00fcste.<\/li><li>Ursprung des Kultivars: unbekannt<\/li><\/ul><h3>\u00a0<\/h3><h3>Beschreibung von Hedera helix &lsquo;Smithii&rsquo;<\/h3><ul><li>Wuchs: ausgebreitet, gedrungen<\/li><li>Anzahl der Lappen: in der Regel 5 Lappen<\/li><li>L\u00e4nge des Blattes: 4 cm<\/li><li>Breite des Blattes: 4 cm<\/li><li>Blattfarbe: mittelgr\u00fcn<\/li><li>Farbvariante: junge Bl\u00e4tter hellgr\u00fcn bis gelb<\/li><li>Farbe der Rippen: gelbgr\u00fcn<\/li><li>Farbe Stiel und Blattstiel: rosa-gr\u00fcn<\/li><li>Haare: sternf\u00f6rmig, 3 bis 5 Arme<\/li><\/ul><h3>\u00a0<\/h3><h3>Tipps zu Pflanzung, Anbau und Pflege f\u00fcr Hedera helix &lsquo;Smithii&rsquo;<\/h3><ul><li>Standort: Schatten, Halbschatten, Sonne<\/li><li>Winterh\u00e4rte: -15\u00b0C<\/li><li>Bodenfeuchtigkeit: frischer Boden<\/li><li>PH-Wert des Bodens: neutral oder kalkhaltig<\/li><li>Bodenart: alle<\/li><li>Bodenreichtum: gew\u00f6hnlich oder humos<\/li><li>Verwendung: Bodendecker, Kletterer, T\u00f6pfe, Blumenk\u00e4sten, H\u00e4ngeampeln<\/li><li>Entwicklung: schnell<\/li><li>Beschneiden: einmal im Jahr<\/li><li>Sch\u00e4dlinge: sehr selten (Rote Spinne, Schildl\u00e4use)<\/li><li>Krankheiten: sehr selten (Flecken auf den Bl\u00e4ttern)<\/li><\/ul>\t\t\t\t\t\t\t\t<\/div>\n\t\t\t\t<\/div>\n\t\t\t\t\t<\/div>\n\t\t\t\t<\/div>\n\t\t\t\t\t<\/div>\n\t\t\t\t<\/div>\n\t\t<div class=\"elementor-element elementor-element-23ad7a21 e-flex e-con-boxed e-con e-parent\" data-id=\"23ad7a21\" data-element_type=\"container\">\n\t\t\t\t\t<div class=\"e-con-inner\">\n\t\t\t\t<div class=\"elementor-element elementor-element-55dbd794 elementor-widget elementor-widget-image\" data-id=\"55dbd794\" data-element_type=\"widget\" data-widget_type=\"image.default\">\n\t\t\t\t<div class=\"elementor-widget-container\">\n\t\t\t\t\t\t\t\t\t\t\t\t\t\t\t<img fetchpriority=\"high\" decoding=\"async\" width=\"1024\" height=\"146\" src=\"https:\/\/www.hedera-etc.com\/wp-content\/uploads\/2023\/10\/guirlande-1024x146.webp\" class=\"attachment-large size-large wp-image-116\" alt=\"La boutique du lierre - Efeu-Girlande\" srcset=\"https:\/\/www.hedera-etc.com\/wp-content\/uploads\/2023\/10\/guirlande-1024x146.webp 1024w, https:\/\/www.hedera-etc.com\/wp-content\/uploads\/2023\/10\/guirlande-900x129.webp 900w, https:\/\/www.hedera-etc.com\/wp-content\/uploads\/2023\/10\/guirlande-300x43.webp 300w, https:\/\/www.hedera-etc.com\/wp-content\/uploads\/2023\/10\/guirlande-768x110.webp 768w, https:\/\/www.hedera-etc.com\/wp-content\/uploads\/2023\/10\/guirlande.webp 1126w\" sizes=\"(max-width: 1024px) 100vw, 1024px\" \/>\t\t\t\t\t\t\t\t\t\t\t\t\t\t\t<\/div>\n\t\t\t\t<\/div>\n\t\t\t\t<div class=\"elementor-element elementor-element-7e6d103c elementor-widget elementor-widget-text-editor\" data-id=\"7e6d103c\" data-element_type=\"widget\" data-widget_type=\"text-editor.default\">\n\t\t\t\t<div class=\"elementor-widget-container\">\n\t\t\t\t\t\t\t\t\t<h3 style=\"text-align: center;\"><span style=\"color: #008000;\">Efeu in der Literatur<\/span><\/h3><blockquote><p style=\"text-align: center;\"><span style=\"color: #993366;\">\u201cDer Efeu klettert wie die Liebe: Er strebt in den Himmel und bleibt dabei fest mit der Erde verwurzelt.\u201d<\/span><\/p><\/blockquote><h5 style=\"text-align: right;\">Emile Zola, La Faute de l'abb\u00e9 Mouret (Die Schuld des Abb\u00e9 Mouret)<\/h5>\t\t\t\t\t\t\t\t<\/div>\n\t\t\t\t<\/div>\n\t\t\t\t\t<\/div>\n\t\t\t\t<\/div>\n\t\t\t\t<\/div>","protected":false},"excerpt":{"rendered":"<p>Diese Sorte \u00e4hnelt \u2018Baccifer\u2019 in der Form und den Trieben. Nur das jugendliche Laub weist einen Unterschied auf, indem es hellgr\u00fcn bis gelb ist und im Fr\u00fchjahr in kalten N\u00e4chten einen roten Rand hat.<\/p>\n<p>Blatt, das aus 5 welligen und gebogenen Lappen besteht, die ziemlich geometrisch aussehen.<\/p>\n<p>Guter Bodendecker, der sich auch hervorragend als Topfpflanze eignet.<\/p>","protected":false},"featured_media":1438,"comment_status":"open","ping_status":"closed","template":"","meta":{"_acf_changed":false,"ocean_post_layout":"","ocean_both_sidebars_style":"","ocean_both_sidebars_content_width":0,"ocean_both_sidebars_sidebars_width":0,"ocean_sidebar":"0","ocean_second_sidebar":"0","ocean_disable_margins":"enable","ocean_add_body_class":"","ocean_shortcode_before_top_bar":"","ocean_shortcode_after_top_bar":"","ocean_shortcode_before_header":"","ocean_shortcode_after_header":"","ocean_has_shortcode":"","ocean_shortcode_after_title":"","ocean_shortcode_before_footer_widgets":"","ocean_shortcode_after_footer_widgets":"","ocean_shortcode_before_footer_bottom":"","ocean_shortcode_after_footer_bottom":"","ocean_display_top_bar":"default","ocean_display_header":"default","ocean_header_style":"","ocean_center_header_left_menu":"0","ocean_custom_header_template":"0","ocean_custom_logo":0,"ocean_custom_retina_logo":0,"ocean_custom_logo_max_width":0,"ocean_custom_logo_tablet_max_width":0,"ocean_custom_logo_mobile_max_width":0,"ocean_custom_logo_max_height":0,"ocean_custom_logo_tablet_max_height":0,"ocean_custom_logo_mobile_max_height":0,"ocean_header_custom_menu":"0","ocean_menu_typo_font_family":"0","ocean_menu_typo_font_subset":"","ocean_menu_typo_font_size":0,"ocean_menu_typo_font_size_tablet":0,"ocean_menu_typo_font_size_mobile":0,"ocean_menu_typo_font_size_unit":"px","ocean_menu_typo_font_weight":"","ocean_menu_typo_font_weight_tablet":"","ocean_menu_typo_font_weight_mobile":"","ocean_menu_typo_transform":"","ocean_menu_typo_transform_tablet":"","ocean_menu_typo_transform_mobile":"","ocean_menu_typo_line_height":0,"ocean_menu_typo_line_height_tablet":0,"ocean_menu_typo_line_height_mobile":0,"ocean_menu_typo_line_height_unit":"","ocean_menu_typo_spacing":0,"ocean_menu_typo_spacing_tablet":0,"ocean_menu_typo_spacing_mobile":0,"ocean_menu_typo_spacing_unit":"","ocean_menu_link_color":"","ocean_menu_link_color_hover":"","ocean_menu_link_color_active":"","ocean_menu_link_background":"","ocean_menu_link_hover_background":"","ocean_menu_link_active_background":"","ocean_menu_social_links_bg":"","ocean_menu_social_hover_links_bg":"","ocean_menu_social_links_color":"","ocean_menu_social_hover_links_color":"","ocean_disable_title":"default","ocean_disable_heading":"default","ocean_post_title":"","ocean_post_subheading":"","ocean_post_title_style":"","ocean_post_title_background_color":"","ocean_post_title_background":0,"ocean_post_title_bg_image_position":"","ocean_post_title_bg_image_attachment":"","ocean_post_title_bg_image_repeat":"","ocean_post_title_bg_image_size":"","ocean_post_title_height":0,"ocean_post_title_bg_overlay":0.5,"ocean_post_title_bg_overlay_color":"","ocean_disable_breadcrumbs":"default","ocean_breadcrumbs_color":"","ocean_breadcrumbs_separator_color":"","ocean_breadcrumbs_links_color":"","ocean_breadcrumbs_links_hover_color":"","ocean_display_footer_widgets":"default","ocean_display_footer_bottom":"default","ocean_custom_footer_template":"0"},"product_brand":[],"product_cat":[134],"product_tag":[],"class_list":{"0":"post-1437","1":"product","2":"type-product","3":"status-publish","4":"has-post-thumbnail","6":"product_cat-lierre","8":"entry","9":"has-media","11":"first","12":"instock","13":"purchasable","14":"product-type-variable","15":"has-default-attributes","16":"has-product-nav","17":"col","18":"span_1_of_4","19":"owp-content-center","20":"item-entry","21":"owp-thumbs-layout-horizontal","22":"owp-btn-normal","23":"owp-tabs-layout-section"},"acf":[],"jetpack_sharing_enabled":true,"_links":{"self":[{"href":"https:\/\/www.hedera-etc.com\/de\/wp-json\/wp\/v2\/product\/1437","targetHints":{"allow":["GET"]}}],"collection":[{"href":"https:\/\/www.hedera-etc.com\/de\/wp-json\/wp\/v2\/product"}],"about":[{"href":"https:\/\/www.hedera-etc.com\/de\/wp-json\/wp\/v2\/types\/product"}],"replies":[{"embeddable":true,"href":"https:\/\/www.hedera-etc.com\/de\/wp-json\/wp\/v2\/comments?post=1437"}],"version-history":[{"count":3,"href":"https:\/\/www.hedera-etc.com\/de\/wp-json\/wp\/v2\/product\/1437\/revisions"}],"predecessor-version":[{"id":13211,"href":"https:\/\/www.hedera-etc.com\/de\/wp-json\/wp\/v2\/product\/1437\/revisions\/13211"}],"wp:featuredmedia":[{"embeddable":true,"href":"https:\/\/www.hedera-etc.com\/de\/wp-json\/wp\/v2\/media\/1438"}],"wp:attachment":[{"href":"https:\/\/www.hedera-etc.com\/de\/wp-json\/wp\/v2\/media?parent=1437"}],"wp:term":[{"taxonomy":"product_brand","embeddable":true,"href":"https:\/\/www.hedera-etc.com\/de\/wp-json\/wp\/v2\/product_brand?post=1437"},{"taxonomy":"product_cat","embeddable":true,"href":"https:\/\/www.hedera-etc.com\/de\/wp-json\/wp\/v2\/product_cat?post=1437"},{"taxonomy":"product_tag","embeddable":true,"href":"https:\/\/www.hedera-etc.com\/de\/wp-json\/wp\/v2\/product_tag?post=1437"}],"curies":[{"name":"wp","href":"https:\/\/api.w.org\/{rel}","templated":true}]}}

<div data-elementor-type="product-post" data-elementor-id="1437" class="elementor elementor-1437" data-elementor-post-type="product">
				<div class="elementor-element elementor-element-22ebbec3 e-con-full e-flex e-con e-child" data-id="22ebbec3" data-element_type="container">
				<div class="elementor-element elementor-element-50ef675 elementor-widget elementor-widget-text-editor" data-id="50ef675" data-element_type="widget" data-widget_type="text-editor.default">
				<div class="elementor-widget-container">
									<h2><span style="color: #f0ffed;">Der Zier-Efeu  &#8211; Hedera helix &lsquo;Smithii&rsquo;</span></h2>								</div>
				</div>
				</div>
		<div class="elementor-element elementor-element-1dfb479e e-flex e-con-boxed e-con e-parent" data-id="1dfb479e" data-element_type="container">
					<div class="e-con-inner">
		<div class="elementor-element elementor-element-24525201 e-flex e-con-boxed e-con e-child" data-id="24525201" data-element_type="container">
					<div class="e-con-inner">
				<div class="elementor-element elementor-element-2504a194 elementor-widget elementor-widget-heading" data-id="2504a194" data-element_type="widget" data-widget_type="heading.default">
				<div class="elementor-widget-container">
					<h2 class="elementor-heading-title elementor-size-default">Zusammenfassend</h2>				</div>
				</div>
				<div class="elementor-element elementor-element-5b7e2041 elementor-widget elementor-widget-text-editor" data-id="5b7e2041" data-element_type="widget" data-widget_type="text-editor.default">
				<div class="elementor-widget-container">
									<p>Zier-Efeu, <strong><em>Hedera helix</em> &lsquo;Smithii&rsquo;,</strong> ist eine Sorte, die in Form und Trieben ‘Baccifer’ ähnelt.</p><p>Nur das jugendliche Laub weist einen Unterschied auf, indem es hellgrün bis gelb ist und im Frühling in kalten Nächten einen roten Rand aufweist. Das Blatt besteht aus 5 welligen und gebogenen Lappen. Es hat ein recht geometrisches Aussehen.</p><p>Sie ist ein guter Bodendecker, der sich auch hervorragend als Topfpflanze eignet.</p>								</div>
				</div>
				<div class="elementor-element elementor-element-18d48eea elementor-widget elementor-widget-heading" data-id="18d48eea" data-element_type="widget" data-widget_type="heading.default">
				<div class="elementor-widget-container">
					<h2 class="elementor-heading-title elementor-size-default">Geschichte</h2>				</div>
				</div>
				<div class="elementor-element elementor-element-61728b1f elementor-widget elementor-widget-text-editor" data-id="61728b1f" data-element_type="widget" data-widget_type="text-editor.default">
				<div class="elementor-widget-container">
									<p>Diese Sorte wurde 1970 von Nannenga-Bremekamp beschrieben.</p>								</div>
				</div>
				<div class="elementor-element elementor-element-543e576b elementor-widget elementor-widget-heading" data-id="543e576b" data-element_type="widget" data-widget_type="heading.default">
				<div class="elementor-widget-container">
					<h2 class="elementor-heading-title elementor-size-default">Technisches Datenblatt - Hedera helix 'Smithii'</h2>				</div>
				</div>
				<div class="elementor-element elementor-element-452d3bdc elementor-widget elementor-widget-text-editor" data-id="452d3bdc" data-element_type="widget" data-widget_type="text-editor.default">
				<div class="elementor-widget-container">
									<h3>Botanische Informationen</h3><ul><li>Familie: Araliaceae</li><li>Gattung : <em><strong>Hedera</strong></em></li><li>Art : <em>helix</em></li><li>Anbauen : &lsquo;Smithii&rsquo;</li><li>Pierot-Klassifikation: Efeu mit wellig-gekräuselten Blättern</li><li>Blattstadium: juvenil</li><li>Herkunft der Art: Europa, von Spanien bis Norwegen, jedoch kaum an der Atlantikküste.</li><li>Ursprung des Kultivars: unbekannt</li></ul><h3> </h3><h3>Beschreibung von Hedera helix &lsquo;Smithii&rsquo;</h3><ul><li>Wuchs: ausgebreitet, gedrungen</li><li>Anzahl der Lappen: in der Regel 5 Lappen</li><li>Länge des Blattes: 4 cm</li><li>Breite des Blattes: 4 cm</li><li>Blattfarbe: mittelgrün</li><li>Farbvariante: junge Blätter hellgrün bis gelb</li><li>Farbe der Rippen: gelbgrün</li><li>Farbe Stiel und Blattstiel: rosa-grün</li><li>Haare: sternförmig, 3 bis 5 Arme</li></ul><h3> </h3><h3>Tipps zu Pflanzung, Anbau und Pflege für Hedera helix &lsquo;Smithii&rsquo;</h3><ul><li>Standort: Schatten, Halbschatten, Sonne</li><li>Winterhärte: -15°C</li><li>Bodenfeuchtigkeit: frischer Boden</li><li>PH-Wert des Bodens: neutral oder kalkhaltig</li><li>Bodenart: alle</li><li>Bodenreichtum: gewöhnlich oder humos</li><li>Verwendung: Bodendecker, Kletterer, Töpfe, Blumenkästen, Hängeampeln</li><li>Entwicklung: schnell</li><li>Beschneiden: einmal im Jahr</li><li>Schädlinge: sehr selten (Rote Spinne, Schildläuse)</li><li>Krankheiten: sehr selten (Flecken auf den Blättern)</li></ul>								</div>
				</div>
					</div>
				</div>
					</div>
				</div>
		<div class="elementor-element elementor-element-23ad7a21 e-flex e-con-boxed e-con e-parent" data-id="23ad7a21" data-element_type="container">
					<div class="e-con-inner">
				<div class="elementor-element elementor-element-55dbd794 elementor-widget elementor-widget-image" data-id="55dbd794" data-element_type="widget" data-widget_type="image.default">
				<div class="elementor-widget-container">
															<img fetchpriority="high" decoding="async" width="1024" height="146" src="https://www.hedera-etc.com/wp-content/uploads/2023/10/guirlande-1024x146.webp" class="attachment-large size-large wp-image-116" alt="La boutique du lierre - Efeu-Girlande" srcset="https://www.hedera-etc.com/wp-content/uploads/2023/10/guirlande-1024x146.webp 1024w, https://www.hedera-etc.com/wp-content/uploads/2023/10/guirlande-900x129.webp 900w, https://www.hedera-etc.com/wp-content/uploads/2023/10/guirlande-300x43.webp 300w, https://www.hedera-etc.com/wp-content/uploads/2023/10/guirlande-768x110.webp 768w, https://www.hedera-etc.com/wp-content/uploads/2023/10/guirlande.webp 1126w" sizes="(max-width: 1024px) 100vw, 1024px" />															</div>
				</div>
				<div class="elementor-element elementor-element-7e6d103c elementor-widget elementor-widget-text-editor" data-id="7e6d103c" data-element_type="widget" data-widget_type="text-editor.default">
				<div class="elementor-widget-container">
									<h3 style="text-align: center;"><span style="color: #008000;">Efeu in der Literatur</span></h3><blockquote><p style="text-align: center;"><span style="color: #993366;">“Der Efeu klettert wie die Liebe: Er strebt in den Himmel und bleibt dabei fest mit der Erde verwurzelt.”</span></p></blockquote><h5 style="text-align: right;">Emile Zola, La Faute de l'abbé Mouret (Die Schuld des Abbé Mouret)</h5>								</div>
				</div>
					</div>
				</div>
				</div>

<p>Diese Sorte ähnelt ‘Baccifer’ in der Form und den Trieben. Nur das jugendliche Laub weist einen Unterschied auf, indem es hellgrün bis gelb ist und im Frühjahr in kalten Nächten einen roten Rand hat.</p>
<p>Blatt, das aus 5 welligen und gebogenen Lappen besteht, die ziemlich geometrisch aussehen.</p>
<p>Guter Bodendecker, der sich auch hervorragend als Topfpflanze eignet.</p>
