{"id":1448,"date":"2023-11-04T20:15:42","date_gmt":"2023-11-04T19:15:42","guid":{"rendered":"https:\/\/www.hedera-etc.com\/?post_type=product&#038;p=1448"},"modified":"2026-04-28T07:09:26","modified_gmt":"2026-04-28T05:09:26","slug":"hedera-helix-sophien","status":"publish","type":"product","link":"https:\/\/www.hedera-etc.com\/de\/product\/hedera-helix-sophien\/","title":{"rendered":"<em>Hedera helix<\/em> &lsquo;Sophien&rsquo; &#8211; Zier-Efeu"},"content":{"rendered":"<div data-elementor-type=\"product-post\" data-elementor-id=\"1448\" class=\"elementor elementor-1448\" data-elementor-post-type=\"product\">\n\t\t\t\t<div class=\"elementor-element elementor-element-7f9cbc09 e-con-full e-flex e-con e-child\" data-id=\"7f9cbc09\" data-element_type=\"container\">\n\t\t\t\t<div class=\"elementor-element elementor-element-1b733d0c elementor-widget elementor-widget-text-editor\" data-id=\"1b733d0c\" data-element_type=\"widget\" data-widget_type=\"text-editor.default\">\n\t\t\t\t<div class=\"elementor-widget-container\">\n\t\t\t\t\t\t\t\t\t<h2><span style=\"color: #f0ffed;\">Der Zier-Efeu\u00a0 &#8211; Hedera helix &lsquo;Sophien&rsquo;<\/span><\/h2>\t\t\t\t\t\t\t\t<\/div>\n\t\t\t\t<\/div>\n\t\t\t\t<\/div>\n\t\t<div class=\"elementor-element elementor-element-b3f4c6c e-flex e-con-boxed e-con e-parent\" data-id=\"b3f4c6c\" data-element_type=\"container\">\n\t\t\t\t\t<div class=\"e-con-inner\">\n\t\t<div class=\"elementor-element elementor-element-133ec74c e-flex e-con-boxed e-con e-child\" data-id=\"133ec74c\" data-element_type=\"container\">\n\t\t\t\t\t<div class=\"e-con-inner\">\n\t\t\t\t<div class=\"elementor-element elementor-element-1b26378b elementor-widget elementor-widget-heading\" data-id=\"1b26378b\" data-element_type=\"widget\" data-widget_type=\"heading.default\">\n\t\t\t\t<div class=\"elementor-widget-container\">\n\t\t\t\t\t<h2 class=\"elementor-heading-title elementor-size-default\">Zusammenfassend<\/h2>\t\t\t\t<\/div>\n\t\t\t\t<\/div>\n\t\t\t\t<div class=\"elementor-element elementor-element-6c57d82f elementor-widget elementor-widget-text-editor\" data-id=\"6c57d82f\" data-element_type=\"widget\" data-widget_type=\"text-editor.default\">\n\t\t\t\t<div class=\"elementor-widget-container\">\n\t\t\t\t\t\t\t\t\t<p>Zier-Efeu, <strong><em>Hedera helix<\/em> &lsquo;Sophien&rsquo;,<\/strong> hat hell- bis mittelgr\u00fcne Bl\u00e4tter mit sch\u00f6nen, auff\u00e4lligen Maserungen.<\/p><p>Das Blatt ist gl\u00e4nzend, eingerollt und vom apikalen Lappen aus gescheuert. Im Winter nimmt das Laub eine sch\u00f6ne rosa F\u00e4rbung an.<\/p><p>Die Triebe sind kr\u00e4ftig, die Pflanze ist verzweigt und bildet sch\u00f6ne, originelle B\u00fcschel.<br \/><br \/><\/p>\t\t\t\t\t\t\t\t<\/div>\n\t\t\t\t<\/div>\n\t\t\t\t<div class=\"elementor-element elementor-element-1c832b66 elementor-widget elementor-widget-heading\" data-id=\"1c832b66\" data-element_type=\"widget\" data-widget_type=\"heading.default\">\n\t\t\t\t<div class=\"elementor-widget-container\">\n\t\t\t\t\t<h2 class=\"elementor-heading-title elementor-size-default\">Geschichte<\/h2>\t\t\t\t<\/div>\n\t\t\t\t<\/div>\n\t\t\t\t<div class=\"elementor-element elementor-element-617b941c elementor-widget elementor-widget-text-editor\" data-id=\"617b941c\" data-element_type=\"widget\" data-widget_type=\"text-editor.default\">\n\t\t\t\t<div class=\"elementor-widget-container\">\n\t\t\t\t\t\t\t\t\t<p>Diese Sorte wurde 2006 von Robert Krebs von der Deutschen Efeugesellschaft in der N\u00e4he einer G\u00e4rtnerei in Flensburg, Deutschland, entdeckt.<\/p>\t\t\t\t\t\t\t\t<\/div>\n\t\t\t\t<\/div>\n\t\t\t\t<div class=\"elementor-element elementor-element-5497d698 elementor-widget elementor-widget-heading\" data-id=\"5497d698\" data-element_type=\"widget\" data-widget_type=\"heading.default\">\n\t\t\t\t<div class=\"elementor-widget-container\">\n\t\t\t\t\t<h2 class=\"elementor-heading-title elementor-size-default\">Technisches Datenblatt - Hedera helix 'Sophien'<\/h2>\t\t\t\t<\/div>\n\t\t\t\t<\/div>\n\t\t\t\t<div class=\"elementor-element elementor-element-7a742a76 elementor-widget elementor-widget-text-editor\" data-id=\"7a742a76\" data-element_type=\"widget\" data-widget_type=\"text-editor.default\">\n\t\t\t\t<div class=\"elementor-widget-container\">\n\t\t\t\t\t\t\t\t\t<h3>Botanische Informationen<\/h3><ul><li>Familie: Araliaceae<\/li><li>Gattung : <em><strong>Hedera<\/strong><\/em><\/li><li>Art : <em>helix<\/em><\/li><li>Anbauen : &lsquo;Sophien&rsquo;<\/li><li>Pierot-Klassifikation: Herzf\u00f6rmiger Efeu, Efeu mit wellig-gekr\u00e4uselten Bl\u00e4ttern<\/li><li>Blattstadium: juvenil<\/li><li>Herkunft der Art: Europa, von Spanien bis Norwegen, jedoch kaum an der Atlantikk\u00fcste.<\/li><li>Herkunft des Kultivars: entdeckt von Robert Krebs von der Deutschen Efeugesellschaft, 2006<\/li><\/ul><h3>\u00a0<\/h3><h3>Beschreibung von Hedera helix &lsquo;Sophien&rsquo;<\/h3><ul><li>Habitus: gedrungen, buschig<\/li><li>Anzahl der Lappen: 0 bis 3 Lappen in der Regel<\/li><li>L\u00e4nge des Blattes: 5 cm<\/li><li>Breite des Blattes: 5 cm<\/li><li>Blattfarbe: hellgr\u00fcn bis mittelgr\u00fcn<\/li><li>Farbvariante: Rosafarbene T\u00f6ne im Winter<\/li><li>Farbe der Rippen: hellgr\u00fcn<\/li><li>Farbe Stiel und Blattstiel: gr\u00fcnliches Purpurrot<\/li><li>L\u00e4nge des Blattstiels: 3 bis 5 cm<\/li><li>St\u00e4ngel: gut verzweigt, kiemenf\u00f6rmig<\/li><li>Dicke der Matratze: wenig dick<\/li><li>Internodien: 2 bis 3 cm<\/li><li>Haare: sternf\u00f6rmig, 3 bis 5 Arme<\/li><\/ul><h3>\u00a0<\/h3><h3>Tipps zu Pflanzung, Anbau und Pflege f\u00fcr Hedera helix &lsquo;Sophien&rsquo;<\/h3><ul><li>Standort: Schatten, Halbschatten, Sonne<\/li><li>Winterh\u00e4rte: -15\u00b0C<\/li><li>Bodenfeuchtigkeit: frischer Boden<\/li><li>PH-Wert des Bodens: neutral oder kalkhaltig<\/li><li>Bodenart: alle<\/li><li>Bodenreichtum: gew\u00f6hnlich oder humos<\/li><li>Verwendung: Kletterer, Bodendecker, T\u00f6pfe, Blumenk\u00e4sten<\/li><li>Entwicklung: kr\u00e4ftig<\/li><li>Beschneiden: einmal im Jahr<\/li><li>Sch\u00e4dlinge: sehr selten (Rote Spinne, Schildl\u00e4use)<\/li><li>Krankheiten: sehr selten (Flecken auf den Bl\u00e4ttern)<\/li><\/ul>\t\t\t\t\t\t\t\t<\/div>\n\t\t\t\t<\/div>\n\t\t\t\t\t<\/div>\n\t\t\t\t<\/div>\n\t\t\t\t\t<\/div>\n\t\t\t\t<\/div>\n\t\t<div class=\"elementor-element elementor-element-240d124b e-flex e-con-boxed e-con e-parent\" data-id=\"240d124b\" data-element_type=\"container\">\n\t\t\t\t\t<div class=\"e-con-inner\">\n\t\t\t\t<div class=\"elementor-element elementor-element-31c53bc2 elementor-widget elementor-widget-image\" data-id=\"31c53bc2\" data-element_type=\"widget\" data-widget_type=\"image.default\">\n\t\t\t\t<div class=\"elementor-widget-container\">\n\t\t\t\t\t\t\t\t\t\t\t\t\t\t\t<img fetchpriority=\"high\" decoding=\"async\" width=\"1024\" height=\"146\" src=\"https:\/\/www.hedera-etc.com\/wp-content\/uploads\/2023\/10\/guirlande-1024x146.webp\" class=\"attachment-large size-large wp-image-116\" alt=\"La boutique du lierre - Efeu-Girlande\" srcset=\"https:\/\/www.hedera-etc.com\/wp-content\/uploads\/2023\/10\/guirlande-1024x146.webp 1024w, https:\/\/www.hedera-etc.com\/wp-content\/uploads\/2023\/10\/guirlande-900x129.webp 900w, https:\/\/www.hedera-etc.com\/wp-content\/uploads\/2023\/10\/guirlande-300x43.webp 300w, https:\/\/www.hedera-etc.com\/wp-content\/uploads\/2023\/10\/guirlande-768x110.webp 768w, https:\/\/www.hedera-etc.com\/wp-content\/uploads\/2023\/10\/guirlande.webp 1126w\" sizes=\"(max-width: 1024px) 100vw, 1024px\" \/>\t\t\t\t\t\t\t\t\t\t\t\t\t\t\t<\/div>\n\t\t\t\t<\/div>\n\t\t\t\t<div class=\"elementor-element elementor-element-4ce2f1ef elementor-widget elementor-widget-text-editor\" data-id=\"4ce2f1ef\" data-element_type=\"widget\" data-widget_type=\"text-editor.default\">\n\t\t\t\t<div class=\"elementor-widget-container\">\n\t\t\t\t\t\t\t\t\t<h3 style=\"text-align: center;\"><span style=\"color: #008000;\">Efeu in der Literatur<\/span><\/h3><blockquote><p style=\"text-align: center;\"><span style=\"color: #993366;\">\u201cIch betrachtete diesen Efeu, der kriechend und unbezwingbar war, als eine Metapher f\u00fcr die fortdauernde Erinnerung.<\/span><span style=\"color: #993366;\">\u201d<\/span><\/p><\/blockquote><h5 style=\"text-align: right;\">Marcel Proust, Auf der Suche nach der verlorenen Zeit<\/h5>\t\t\t\t\t\t\t\t<\/div>\n\t\t\t\t<\/div>\n\t\t\t\t\t<\/div>\n\t\t\t\t<\/div>\n\t\t\t\t<\/div>","protected":false},"excerpt":{"rendered":"<p>Hell- bis mittelgr\u00fcne Bl\u00e4tter mit sch\u00f6nen, auff\u00e4lligen Maserungen.<\/p>\n<p>Gl\u00e4nzendes, eingerolltes Blatt, das vom apikalen Lappen aus gescheuert ist. Im Winter nimmt das Laub eine sch\u00f6ne rosa F\u00e4rbung an.<\/p>\n<p>Kr\u00e4ftige Triebe, Pflanze verzweigt und bildet sch\u00f6ne, urspr\u00fcngliche B\u00fcschel.<\/p>","protected":false},"featured_media":1449,"comment_status":"open","ping_status":"closed","template":"","meta":{"_acf_changed":false,"ocean_post_layout":"","ocean_both_sidebars_style":"","ocean_both_sidebars_content_width":0,"ocean_both_sidebars_sidebars_width":0,"ocean_sidebar":"0","ocean_second_sidebar":"0","ocean_disable_margins":"enable","ocean_add_body_class":"","ocean_shortcode_before_top_bar":"","ocean_shortcode_after_top_bar":"","ocean_shortcode_before_header":"","ocean_shortcode_after_header":"","ocean_has_shortcode":"","ocean_shortcode_after_title":"","ocean_shortcode_before_footer_widgets":"","ocean_shortcode_after_footer_widgets":"","ocean_shortcode_before_footer_bottom":"","ocean_shortcode_after_footer_bottom":"","ocean_display_top_bar":"default","ocean_display_header":"default","ocean_header_style":"","ocean_center_header_left_menu":"0","ocean_custom_header_template":"0","ocean_custom_logo":0,"ocean_custom_retina_logo":0,"ocean_custom_logo_max_width":0,"ocean_custom_logo_tablet_max_width":0,"ocean_custom_logo_mobile_max_width":0,"ocean_custom_logo_max_height":0,"ocean_custom_logo_tablet_max_height":0,"ocean_custom_logo_mobile_max_height":0,"ocean_header_custom_menu":"0","ocean_menu_typo_font_family":"0","ocean_menu_typo_font_subset":"","ocean_menu_typo_font_size":0,"ocean_menu_typo_font_size_tablet":0,"ocean_menu_typo_font_size_mobile":0,"ocean_menu_typo_font_size_unit":"px","ocean_menu_typo_font_weight":"","ocean_menu_typo_font_weight_tablet":"","ocean_menu_typo_font_weight_mobile":"","ocean_menu_typo_transform":"","ocean_menu_typo_transform_tablet":"","ocean_menu_typo_transform_mobile":"","ocean_menu_typo_line_height":0,"ocean_menu_typo_line_height_tablet":0,"ocean_menu_typo_line_height_mobile":0,"ocean_menu_typo_line_height_unit":"","ocean_menu_typo_spacing":0,"ocean_menu_typo_spacing_tablet":0,"ocean_menu_typo_spacing_mobile":0,"ocean_menu_typo_spacing_unit":"","ocean_menu_link_color":"","ocean_menu_link_color_hover":"","ocean_menu_link_color_active":"","ocean_menu_link_background":"","ocean_menu_link_hover_background":"","ocean_menu_link_active_background":"","ocean_menu_social_links_bg":"","ocean_menu_social_hover_links_bg":"","ocean_menu_social_links_color":"","ocean_menu_social_hover_links_color":"","ocean_disable_title":"default","ocean_disable_heading":"default","ocean_post_title":"","ocean_post_subheading":"","ocean_post_title_style":"","ocean_post_title_background_color":"","ocean_post_title_background":0,"ocean_post_title_bg_image_position":"","ocean_post_title_bg_image_attachment":"","ocean_post_title_bg_image_repeat":"","ocean_post_title_bg_image_size":"","ocean_post_title_height":0,"ocean_post_title_bg_overlay":0.5,"ocean_post_title_bg_overlay_color":"","ocean_disable_breadcrumbs":"default","ocean_breadcrumbs_color":"","ocean_breadcrumbs_separator_color":"","ocean_breadcrumbs_links_color":"","ocean_breadcrumbs_links_hover_color":"","ocean_display_footer_widgets":"default","ocean_display_footer_bottom":"default","ocean_custom_footer_template":"0"},"product_brand":[],"product_cat":[134],"product_tag":[],"class_list":{"0":"post-1448","1":"product","2":"type-product","3":"status-publish","4":"has-post-thumbnail","6":"product_cat-lierre","8":"entry","9":"has-media","11":"first","12":"instock","13":"purchasable","14":"product-type-variable","15":"has-default-attributes","16":"has-product-nav","17":"col","18":"span_1_of_4","19":"owp-content-center","20":"item-entry","21":"owp-thumbs-layout-horizontal","22":"owp-btn-normal","23":"owp-tabs-layout-section"},"acf":[],"jetpack_sharing_enabled":true,"_links":{"self":[{"href":"https:\/\/www.hedera-etc.com\/de\/wp-json\/wp\/v2\/product\/1448","targetHints":{"allow":["GET"]}}],"collection":[{"href":"https:\/\/www.hedera-etc.com\/de\/wp-json\/wp\/v2\/product"}],"about":[{"href":"https:\/\/www.hedera-etc.com\/de\/wp-json\/wp\/v2\/types\/product"}],"replies":[{"embeddable":true,"href":"https:\/\/www.hedera-etc.com\/de\/wp-json\/wp\/v2\/comments?post=1448"}],"version-history":[{"count":3,"href":"https:\/\/www.hedera-etc.com\/de\/wp-json\/wp\/v2\/product\/1448\/revisions"}],"predecessor-version":[{"id":14139,"href":"https:\/\/www.hedera-etc.com\/de\/wp-json\/wp\/v2\/product\/1448\/revisions\/14139"}],"wp:featuredmedia":[{"embeddable":true,"href":"https:\/\/www.hedera-etc.com\/de\/wp-json\/wp\/v2\/media\/1449"}],"wp:attachment":[{"href":"https:\/\/www.hedera-etc.com\/de\/wp-json\/wp\/v2\/media?parent=1448"}],"wp:term":[{"taxonomy":"product_brand","embeddable":true,"href":"https:\/\/www.hedera-etc.com\/de\/wp-json\/wp\/v2\/product_brand?post=1448"},{"taxonomy":"product_cat","embeddable":true,"href":"https:\/\/www.hedera-etc.com\/de\/wp-json\/wp\/v2\/product_cat?post=1448"},{"taxonomy":"product_tag","embeddable":true,"href":"https:\/\/www.hedera-etc.com\/de\/wp-json\/wp\/v2\/product_tag?post=1448"}],"curies":[{"name":"wp","href":"https:\/\/api.w.org\/{rel}","templated":true}]}}

<div data-elementor-type="product-post" data-elementor-id="1448" class="elementor elementor-1448" data-elementor-post-type="product">
				<div class="elementor-element elementor-element-7f9cbc09 e-con-full e-flex e-con e-child" data-id="7f9cbc09" data-element_type="container">
				<div class="elementor-element elementor-element-1b733d0c elementor-widget elementor-widget-text-editor" data-id="1b733d0c" data-element_type="widget" data-widget_type="text-editor.default">
				<div class="elementor-widget-container">
									<h2><span style="color: #f0ffed;">Der Zier-Efeu  &#8211; Hedera helix &lsquo;Sophien&rsquo;</span></h2>								</div>
				</div>
				</div>
		<div class="elementor-element elementor-element-b3f4c6c e-flex e-con-boxed e-con e-parent" data-id="b3f4c6c" data-element_type="container">
					<div class="e-con-inner">
		<div class="elementor-element elementor-element-133ec74c e-flex e-con-boxed e-con e-child" data-id="133ec74c" data-element_type="container">
					<div class="e-con-inner">
				<div class="elementor-element elementor-element-1b26378b elementor-widget elementor-widget-heading" data-id="1b26378b" data-element_type="widget" data-widget_type="heading.default">
				<div class="elementor-widget-container">
					<h2 class="elementor-heading-title elementor-size-default">Zusammenfassend</h2>				</div>
				</div>
				<div class="elementor-element elementor-element-6c57d82f elementor-widget elementor-widget-text-editor" data-id="6c57d82f" data-element_type="widget" data-widget_type="text-editor.default">
				<div class="elementor-widget-container">
									<p>Zier-Efeu, <strong><em>Hedera helix</em> &lsquo;Sophien&rsquo;,</strong> hat hell- bis mittelgrüne Blätter mit schönen, auffälligen Maserungen.</p><p>Das Blatt ist glänzend, eingerollt und vom apikalen Lappen aus gescheuert. Im Winter nimmt das Laub eine schöne rosa Färbung an.</p><p>Die Triebe sind kräftig, die Pflanze ist verzweigt und bildet schöne, originelle Büschel.<br /><br /></p>								</div>
				</div>
				<div class="elementor-element elementor-element-1c832b66 elementor-widget elementor-widget-heading" data-id="1c832b66" data-element_type="widget" data-widget_type="heading.default">
				<div class="elementor-widget-container">
					<h2 class="elementor-heading-title elementor-size-default">Geschichte</h2>				</div>
				</div>
				<div class="elementor-element elementor-element-617b941c elementor-widget elementor-widget-text-editor" data-id="617b941c" data-element_type="widget" data-widget_type="text-editor.default">
				<div class="elementor-widget-container">
									<p>Diese Sorte wurde 2006 von Robert Krebs von der Deutschen Efeugesellschaft in der Nähe einer Gärtnerei in Flensburg, Deutschland, entdeckt.</p>								</div>
				</div>
				<div class="elementor-element elementor-element-5497d698 elementor-widget elementor-widget-heading" data-id="5497d698" data-element_type="widget" data-widget_type="heading.default">
				<div class="elementor-widget-container">
					<h2 class="elementor-heading-title elementor-size-default">Technisches Datenblatt - Hedera helix 'Sophien'</h2>				</div>
				</div>
				<div class="elementor-element elementor-element-7a742a76 elementor-widget elementor-widget-text-editor" data-id="7a742a76" data-element_type="widget" data-widget_type="text-editor.default">
				<div class="elementor-widget-container">
									<h3>Botanische Informationen</h3><ul><li>Familie: Araliaceae</li><li>Gattung : <em><strong>Hedera</strong></em></li><li>Art : <em>helix</em></li><li>Anbauen : &lsquo;Sophien&rsquo;</li><li>Pierot-Klassifikation: Herzförmiger Efeu, Efeu mit wellig-gekräuselten Blättern</li><li>Blattstadium: juvenil</li><li>Herkunft der Art: Europa, von Spanien bis Norwegen, jedoch kaum an der Atlantikküste.</li><li>Herkunft des Kultivars: entdeckt von Robert Krebs von der Deutschen Efeugesellschaft, 2006</li></ul><h3> </h3><h3>Beschreibung von Hedera helix &lsquo;Sophien&rsquo;</h3><ul><li>Habitus: gedrungen, buschig</li><li>Anzahl der Lappen: 0 bis 3 Lappen in der Regel</li><li>Länge des Blattes: 5 cm</li><li>Breite des Blattes: 5 cm</li><li>Blattfarbe: hellgrün bis mittelgrün</li><li>Farbvariante: Rosafarbene Töne im Winter</li><li>Farbe der Rippen: hellgrün</li><li>Farbe Stiel und Blattstiel: grünliches Purpurrot</li><li>Länge des Blattstiels: 3 bis 5 cm</li><li>Stängel: gut verzweigt, kiemenförmig</li><li>Dicke der Matratze: wenig dick</li><li>Internodien: 2 bis 3 cm</li><li>Haare: sternförmig, 3 bis 5 Arme</li></ul><h3> </h3><h3>Tipps zu Pflanzung, Anbau und Pflege für Hedera helix &lsquo;Sophien&rsquo;</h3><ul><li>Standort: Schatten, Halbschatten, Sonne</li><li>Winterhärte: -15°C</li><li>Bodenfeuchtigkeit: frischer Boden</li><li>PH-Wert des Bodens: neutral oder kalkhaltig</li><li>Bodenart: alle</li><li>Bodenreichtum: gewöhnlich oder humos</li><li>Verwendung: Kletterer, Bodendecker, Töpfe, Blumenkästen</li><li>Entwicklung: kräftig</li><li>Beschneiden: einmal im Jahr</li><li>Schädlinge: sehr selten (Rote Spinne, Schildläuse)</li><li>Krankheiten: sehr selten (Flecken auf den Blättern)</li></ul>								</div>
				</div>
					</div>
				</div>
					</div>
				</div>
		<div class="elementor-element elementor-element-240d124b e-flex e-con-boxed e-con e-parent" data-id="240d124b" data-element_type="container">
					<div class="e-con-inner">
				<div class="elementor-element elementor-element-31c53bc2 elementor-widget elementor-widget-image" data-id="31c53bc2" data-element_type="widget" data-widget_type="image.default">
				<div class="elementor-widget-container">
															<img fetchpriority="high" decoding="async" width="1024" height="146" src="https://www.hedera-etc.com/wp-content/uploads/2023/10/guirlande-1024x146.webp" class="attachment-large size-large wp-image-116" alt="La boutique du lierre - Efeu-Girlande" srcset="https://www.hedera-etc.com/wp-content/uploads/2023/10/guirlande-1024x146.webp 1024w, https://www.hedera-etc.com/wp-content/uploads/2023/10/guirlande-900x129.webp 900w, https://www.hedera-etc.com/wp-content/uploads/2023/10/guirlande-300x43.webp 300w, https://www.hedera-etc.com/wp-content/uploads/2023/10/guirlande-768x110.webp 768w, https://www.hedera-etc.com/wp-content/uploads/2023/10/guirlande.webp 1126w" sizes="(max-width: 1024px) 100vw, 1024px" />															</div>
				</div>
				<div class="elementor-element elementor-element-4ce2f1ef elementor-widget elementor-widget-text-editor" data-id="4ce2f1ef" data-element_type="widget" data-widget_type="text-editor.default">
				<div class="elementor-widget-container">
									<h3 style="text-align: center;"><span style="color: #008000;">Efeu in der Literatur</span></h3><blockquote><p style="text-align: center;"><span style="color: #993366;">“Ich betrachtete diesen Efeu, der kriechend und unbezwingbar war, als eine Metapher für die fortdauernde Erinnerung.</span><span style="color: #993366;">”</span></p></blockquote><h5 style="text-align: right;">Marcel Proust, Auf der Suche nach der verlorenen Zeit</h5>								</div>
				</div>
					</div>
				</div>
				</div>

<p>Hell- bis mittelgrüne Blätter mit schönen, auffälligen Maserungen.</p>
<p>Glänzendes, eingerolltes Blatt, das vom apikalen Lappen aus gescheuert ist. Im Winter nimmt das Laub eine schöne rosa Färbung an.</p>
<p>Kräftige Triebe, Pflanze verzweigt und bildet schöne, ursprüngliche Büschel.</p>
