{"id":167,"date":"2023-10-25T19:23:04","date_gmt":"2023-10-25T17:23:04","guid":{"rendered":"https:\/\/www.hedera-etc.com\/?post_type=product&#038;p=167"},"modified":"2026-04-28T07:09:32","modified_gmt":"2026-04-28T05:09:32","slug":"hedera-helix-bettina","status":"publish","type":"product","link":"https:\/\/www.hedera-etc.com\/de\/product\/hedera-helix-bettina\/","title":{"rendered":"<em>Hedera helix<\/em> &lsquo;Bettina&rsquo; &#8211; Zier-Efeu"},"content":{"rendered":"<div data-elementor-type=\"product-post\" data-elementor-id=\"167\" class=\"elementor elementor-167\" data-elementor-post-type=\"product\">\n\t\t\t\t<div class=\"elementor-element elementor-element-494a18e2 e-con-full e-flex e-con e-child\" data-id=\"494a18e2\" data-element_type=\"container\">\n\t\t\t\t<div class=\"elementor-element elementor-element-79671aa7 elementor-widget elementor-widget-text-editor\" data-id=\"79671aa7\" data-element_type=\"widget\" data-widget_type=\"text-editor.default\">\n\t\t\t\t<div class=\"elementor-widget-container\">\n\t\t\t\t\t\t\t\t\t<h2 style=\"font-variant-ligatures: normal; font-variant-caps: normal; font-family: Spectral, sans-serif; font-style: normal;\"><span style=\"font-size: 30px; color: #f0ffed;\">Der Zier-Efeu\u00a0 &#8211; Hedera helix &lsquo;Bettina&rsquo;<\/span><\/h2>\t\t\t\t\t\t\t\t<\/div>\n\t\t\t\t<\/div>\n\t\t\t\t<\/div>\n\t\t<div class=\"elementor-element elementor-element-6b35569a e-flex e-con-boxed e-con e-parent\" data-id=\"6b35569a\" data-element_type=\"container\">\n\t\t\t\t\t<div class=\"e-con-inner\">\n\t\t<div class=\"elementor-element elementor-element-75837468 e-flex e-con-boxed e-con e-child\" data-id=\"75837468\" data-element_type=\"container\">\n\t\t\t\t\t<div class=\"e-con-inner\">\n\t\t\t\t<div class=\"elementor-element elementor-element-66136cc elementor-widget elementor-widget-heading\" data-id=\"66136cc\" data-element_type=\"widget\" data-widget_type=\"heading.default\">\n\t\t\t\t<div class=\"elementor-widget-container\">\n\t\t\t\t\t<h2 class=\"elementor-heading-title elementor-size-default\">Zusammenfassend<\/h2>\t\t\t\t<\/div>\n\t\t\t\t<\/div>\n\t\t\t\t<div class=\"elementor-element elementor-element-1278d163 elementor-widget elementor-widget-text-editor\" data-id=\"1278d163\" data-element_type=\"widget\" data-widget_type=\"text-editor.default\">\n\t\t\t\t<div class=\"elementor-widget-container\">\n\t\t\t\t\t\t\t\t\t<p>Zier-Efeu, <strong><em>Hedera helix<\/em> &lsquo;Bettina&rsquo;<\/strong>, ist einer der anmutigsten wei\u00dfrandigen Efeuarten, die es gibt.<\/p><p>Die Bl\u00e4tter sind breit und gescheitelt, oft asymmetrisch und an den R\u00e4ndern leicht gewellt. Sie bestehen aus 3 bis 5 Lappen, wobei der mittlere Lappen l\u00e4nger ist als die Seitenlappen. Die Blattspreite ist matt blassgr\u00fcn und fein wei\u00df gerandet.\u00a0<\/p><p>Dies ist ein stark verzweigter Efeu, der sich hervorragend als Bodendecker eignet. Mit seinen bescheidenen Trieben von etwa 20 bis 40 cm pro Jahr ist er eher f\u00fcr kleine R\u00e4ume geeignet. Er kann auch als Kletterpflanze auf alkalischen B\u00f6den verwendet werden.<\/p>\t\t\t\t\t\t\t\t<\/div>\n\t\t\t\t<\/div>\n\t\t\t\t<div class=\"elementor-element elementor-element-6e835865 elementor-widget elementor-widget-heading\" data-id=\"6e835865\" data-element_type=\"widget\" data-widget_type=\"heading.default\">\n\t\t\t\t<div class=\"elementor-widget-container\">\n\t\t\t\t\t<h2 class=\"elementor-heading-title elementor-size-default\">Geschichte<\/h2>\t\t\t\t<\/div>\n\t\t\t\t<\/div>\n\t\t\t\t<div class=\"elementor-element elementor-element-263aac38 elementor-widget elementor-widget-text-editor\" data-id=\"263aac38\" data-element_type=\"widget\" data-widget_type=\"text-editor.default\">\n\t\t\t\t<div class=\"elementor-widget-container\">\n\t\t\t\t\t\t\t\t\t<p>Ce cultivar est une Ver\u00e4nderung de &lsquo;Kaleidoscope&rsquo; introduite par le Centre de Recherche de la Soci\u00e9t\u00e9 Am\u00e9ricaine du Lierre.<\/p>\t\t\t\t\t\t\t\t<\/div>\n\t\t\t\t<\/div>\n\t\t\t\t<div class=\"elementor-element elementor-element-5f7f7e1c elementor-widget elementor-widget-heading\" data-id=\"5f7f7e1c\" data-element_type=\"widget\" data-widget_type=\"heading.default\">\n\t\t\t\t<div class=\"elementor-widget-container\">\n\t\t\t\t\t<h2 class=\"elementor-heading-title elementor-size-default\">Detailansicht - Hedera helix 'Bettina'<\/h2>\t\t\t\t<\/div>\n\t\t\t\t<\/div>\n\t\t\t\t<div class=\"elementor-element elementor-element-24aba3bd elementor-widget elementor-widget-text-editor\" data-id=\"24aba3bd\" data-element_type=\"widget\" data-widget_type=\"text-editor.default\">\n\t\t\t\t<div class=\"elementor-widget-container\">\n\t\t\t\t\t\t\t\t\t<h3>Botanische Informationen<\/h3><ul><li>Familie: Araliaceae<\/li><li>Gattung : <em><strong>Hedera<\/strong><\/em><\/li><li>Art : <em>helix<\/em><\/li><li>Anbauen : &lsquo;Bettina&rsquo;<\/li><li>Pierot-Klassifikation: Panaschierter Efeu, Efeu mit wellig-gekr\u00e4uselten Bl\u00e4ttern<\/li><li>Blattstadium: juvenil<\/li><li>Herkunft der Art: Europa, von Spanien bis Norwegen, jedoch kaum an der Atlantikk\u00fcste.<\/li><li>Herkunft der Sorte: Mutation von &lsquo;Kaleidoscope&rsquo;, introduit par le Centre de Recherche de la Soci\u00e9t\u00e9 Am\u00e9ricaine du Lierre.<\/li><\/ul><h3>\u00a0<\/h3><h3>Beschreibung von Hedera helix &lsquo;Bettina&rsquo;<\/h3><ul><li>Wuchs: ausgebreitet<\/li><li>Anzahl der Lappen: in der Regel 3 bis 5 Lappen<\/li><li>L\u00e4nge des Blattes: 4-5 cm<\/li><li>Breite des Blattes: 4 bis 5 cm<\/li><li>Blattfarbe: mattes Blassgr\u00fcn mit leichtem wei\u00dfen Rand<\/li><li>Farbe der Rippen: hellgr\u00fcn<\/li><li>Farbe Stiel und Blattstiel: gr\u00fcnlich-violett<\/li><li>Verzweigungen: wenig verzweigt<\/li><li>Haare: sternf\u00f6rmig, 3 bis 5 Arme<\/li><\/ul><h3>\u00a0<\/h3><h3>Tipps zu Pflanzung, Anbau und Pflege f\u00fcr Hedera helix &lsquo;Bettina&rsquo;<\/h3><ul><li>Standort: Schatten, Halbschatten<\/li><li>Winterh\u00e4rte: -15\u00b0C<\/li><li>Bodenfeuchtigkeit: frischer Boden<\/li><li>PH-Wert des Bodens: neutral oder kalkhaltig<\/li><li>Bodenart: alle<\/li><li>Bodenreichtum: gew\u00f6hnlich oder humos<\/li><li>Verwendung: Bodendecker, Kletterpflanze, Topfpflanze, H\u00e4ngeampel<\/li><li>Entwicklung: mittel<\/li><li>Beschneiden: einmal im Jahr<\/li><li>Sch\u00e4dlinge: sehr selten (Rote Spinne, Schildl\u00e4use)<\/li><li>Krankheiten: sehr selten (Flecken auf den Bl\u00e4ttern)<\/li><\/ul>\t\t\t\t\t\t\t\t<\/div>\n\t\t\t\t<\/div>\n\t\t\t\t\t<\/div>\n\t\t\t\t<\/div>\n\t\t\t\t\t<\/div>\n\t\t\t\t<\/div>\n\t\t<div class=\"elementor-element elementor-element-29aa6082 e-flex e-con-boxed e-con e-parent\" data-id=\"29aa6082\" data-element_type=\"container\">\n\t\t\t\t\t<div class=\"e-con-inner\">\n\t\t\t\t<div class=\"elementor-element elementor-element-416eafc4 elementor-widget elementor-widget-image\" data-id=\"416eafc4\" data-element_type=\"widget\" data-widget_type=\"image.default\">\n\t\t\t\t<div class=\"elementor-widget-container\">\n\t\t\t\t\t\t\t\t\t\t\t\t\t\t\t<img fetchpriority=\"high\" decoding=\"async\" width=\"1024\" height=\"146\" src=\"https:\/\/www.hedera-etc.com\/wp-content\/uploads\/2023\/10\/guirlande-1024x146.webp\" class=\"attachment-large size-large wp-image-116\" alt=\"La boutique du lierre - Efeu-Girlande\" srcset=\"https:\/\/www.hedera-etc.com\/wp-content\/uploads\/2023\/10\/guirlande-1024x146.webp 1024w, https:\/\/www.hedera-etc.com\/wp-content\/uploads\/2023\/10\/guirlande-900x129.webp 900w, https:\/\/www.hedera-etc.com\/wp-content\/uploads\/2023\/10\/guirlande-300x43.webp 300w, https:\/\/www.hedera-etc.com\/wp-content\/uploads\/2023\/10\/guirlande-768x110.webp 768w, https:\/\/www.hedera-etc.com\/wp-content\/uploads\/2023\/10\/guirlande.webp 1126w\" sizes=\"(max-width: 1024px) 100vw, 1024px\" \/>\t\t\t\t\t\t\t\t\t\t\t\t\t\t\t<\/div>\n\t\t\t\t<\/div>\n\t\t\t\t<div class=\"elementor-element elementor-element-6cea114b elementor-widget elementor-widget-text-editor\" data-id=\"6cea114b\" data-element_type=\"widget\" data-widget_type=\"text-editor.default\">\n\t\t\t\t<div class=\"elementor-widget-container\">\n\t\t\t\t\t\t\t\t\t<h3 style=\"text-align: center;\"><span style=\"color: #008000;\">Efeu in der Literatur<\/span><\/h3><blockquote><p style=\"text-align: center;\"><span style=\"color: #993366;\">\u201cDer Efeu kletterte empor, gleichg\u00fcltig gegen\u00fcber dem Gewicht der Jahrhunderte, und bedeckte die Steine mit einem Mantel des Vergessens.<\/span><span style=\"color: #993366;\">\u201d<\/span><\/p><\/blockquote><h5 style=\"text-align: right;\"><strong>William Wordsworth<\/strong>, <em>Lyrische Gedichte<\/em><\/h5>\t\t\t\t\t\t\t\t<\/div>\n\t\t\t\t<\/div>\n\t\t\t\t\t<\/div>\n\t\t\t\t<\/div>\n\t\t\t\t<\/div>","protected":false},"excerpt":{"rendered":"<p>Einer der anmutigsten Efeu mit wei\u00dfem Rand, die es gibt.<\/p>\n<p>Breite, ges\u00e4gte Bl\u00e4tter, die oft asymmetrisch sind und an den R\u00e4ndern leicht gewellt sind. Bestehen aus 3 bis 5 Lappen, wobei der Mittellappen l\u00e4nger ist als die Seitenlappen. Blattspreite matt blassgr\u00fcn, fein wei\u00df gerandet.<\/p>\n<p>Stark verzweigter Efeu, der einen hervorragenden Bodendecker darstellt. Bescheidene Triebe von ca. 20-40 cm pro Jahr machen ihn eher f\u00fcr kleine Fl\u00e4chen geeignet. Kann auch als Kletterpflanze auf alkalischen B\u00f6den verwendet werden.<\/p>","protected":false},"featured_media":168,"comment_status":"open","ping_status":"closed","template":"","meta":{"_acf_changed":false,"ocean_post_layout":"","ocean_both_sidebars_style":"","ocean_both_sidebars_content_width":0,"ocean_both_sidebars_sidebars_width":0,"ocean_sidebar":"0","ocean_second_sidebar":"0","ocean_disable_margins":"enable","ocean_add_body_class":"","ocean_shortcode_before_top_bar":"","ocean_shortcode_after_top_bar":"","ocean_shortcode_before_header":"","ocean_shortcode_after_header":"","ocean_has_shortcode":"","ocean_shortcode_after_title":"","ocean_shortcode_before_footer_widgets":"","ocean_shortcode_after_footer_widgets":"","ocean_shortcode_before_footer_bottom":"","ocean_shortcode_after_footer_bottom":"","ocean_display_top_bar":"default","ocean_display_header":"default","ocean_header_style":"","ocean_center_header_left_menu":"0","ocean_custom_header_template":"0","ocean_custom_logo":0,"ocean_custom_retina_logo":0,"ocean_custom_logo_max_width":0,"ocean_custom_logo_tablet_max_width":0,"ocean_custom_logo_mobile_max_width":0,"ocean_custom_logo_max_height":0,"ocean_custom_logo_tablet_max_height":0,"ocean_custom_logo_mobile_max_height":0,"ocean_header_custom_menu":"0","ocean_menu_typo_font_family":"0","ocean_menu_typo_font_subset":"","ocean_menu_typo_font_size":0,"ocean_menu_typo_font_size_tablet":0,"ocean_menu_typo_font_size_mobile":0,"ocean_menu_typo_font_size_unit":"px","ocean_menu_typo_font_weight":"","ocean_menu_typo_font_weight_tablet":"","ocean_menu_typo_font_weight_mobile":"","ocean_menu_typo_transform":"","ocean_menu_typo_transform_tablet":"","ocean_menu_typo_transform_mobile":"","ocean_menu_typo_line_height":0,"ocean_menu_typo_line_height_tablet":0,"ocean_menu_typo_line_height_mobile":0,"ocean_menu_typo_line_height_unit":"","ocean_menu_typo_spacing":0,"ocean_menu_typo_spacing_tablet":0,"ocean_menu_typo_spacing_mobile":0,"ocean_menu_typo_spacing_unit":"","ocean_menu_link_color":"","ocean_menu_link_color_hover":"","ocean_menu_link_color_active":"","ocean_menu_link_background":"","ocean_menu_link_hover_background":"","ocean_menu_link_active_background":"","ocean_menu_social_links_bg":"","ocean_menu_social_hover_links_bg":"","ocean_menu_social_links_color":"","ocean_menu_social_hover_links_color":"","ocean_disable_title":"default","ocean_disable_heading":"default","ocean_post_title":"","ocean_post_subheading":"","ocean_post_title_style":"","ocean_post_title_background_color":"","ocean_post_title_background":0,"ocean_post_title_bg_image_position":"","ocean_post_title_bg_image_attachment":"","ocean_post_title_bg_image_repeat":"","ocean_post_title_bg_image_size":"","ocean_post_title_height":0,"ocean_post_title_bg_overlay":0.5,"ocean_post_title_bg_overlay_color":"","ocean_disable_breadcrumbs":"default","ocean_breadcrumbs_color":"","ocean_breadcrumbs_separator_color":"","ocean_breadcrumbs_links_color":"","ocean_breadcrumbs_links_hover_color":"","ocean_display_footer_widgets":"default","ocean_display_footer_bottom":"default","ocean_custom_footer_template":"0"},"product_brand":[],"product_cat":[134],"product_tag":[],"class_list":{"0":"post-167","1":"product","2":"type-product","3":"status-publish","4":"has-post-thumbnail","6":"product_cat-lierre","8":"entry","9":"has-media","11":"first","12":"instock","13":"purchasable","14":"product-type-variable","15":"has-default-attributes","16":"has-product-nav","17":"col","18":"span_1_of_4","19":"owp-content-center","20":"item-entry","21":"owp-thumbs-layout-horizontal","22":"owp-btn-normal","23":"owp-tabs-layout-section"},"acf":[],"jetpack_sharing_enabled":true,"_links":{"self":[{"href":"https:\/\/www.hedera-etc.com\/de\/wp-json\/wp\/v2\/product\/167","targetHints":{"allow":["GET"]}}],"collection":[{"href":"https:\/\/www.hedera-etc.com\/de\/wp-json\/wp\/v2\/product"}],"about":[{"href":"https:\/\/www.hedera-etc.com\/de\/wp-json\/wp\/v2\/types\/product"}],"replies":[{"embeddable":true,"href":"https:\/\/www.hedera-etc.com\/de\/wp-json\/wp\/v2\/comments?post=167"}],"version-history":[{"count":4,"href":"https:\/\/www.hedera-etc.com\/de\/wp-json\/wp\/v2\/product\/167\/revisions"}],"predecessor-version":[{"id":18340,"href":"https:\/\/www.hedera-etc.com\/de\/wp-json\/wp\/v2\/product\/167\/revisions\/18340"}],"wp:featuredmedia":[{"embeddable":true,"href":"https:\/\/www.hedera-etc.com\/de\/wp-json\/wp\/v2\/media\/168"}],"wp:attachment":[{"href":"https:\/\/www.hedera-etc.com\/de\/wp-json\/wp\/v2\/media?parent=167"}],"wp:term":[{"taxonomy":"product_brand","embeddable":true,"href":"https:\/\/www.hedera-etc.com\/de\/wp-json\/wp\/v2\/product_brand?post=167"},{"taxonomy":"product_cat","embeddable":true,"href":"https:\/\/www.hedera-etc.com\/de\/wp-json\/wp\/v2\/product_cat?post=167"},{"taxonomy":"product_tag","embeddable":true,"href":"https:\/\/www.hedera-etc.com\/de\/wp-json\/wp\/v2\/product_tag?post=167"}],"curies":[{"name":"wp","href":"https:\/\/api.w.org\/{rel}","templated":true}]}}

<div data-elementor-type="product-post" data-elementor-id="167" class="elementor elementor-167" data-elementor-post-type="product">
				<div class="elementor-element elementor-element-494a18e2 e-con-full e-flex e-con e-child" data-id="494a18e2" data-element_type="container">
				<div class="elementor-element elementor-element-79671aa7 elementor-widget elementor-widget-text-editor" data-id="79671aa7" data-element_type="widget" data-widget_type="text-editor.default">
				<div class="elementor-widget-container">
									<h2 style="font-variant-ligatures: normal; font-variant-caps: normal; font-family: Spectral, sans-serif; font-style: normal;"><span style="font-size: 30px; color: #f0ffed;">Der Zier-Efeu  &#8211; Hedera helix &lsquo;Bettina&rsquo;</span></h2>								</div>
				</div>
				</div>
		<div class="elementor-element elementor-element-6b35569a e-flex e-con-boxed e-con e-parent" data-id="6b35569a" data-element_type="container">
					<div class="e-con-inner">
		<div class="elementor-element elementor-element-75837468 e-flex e-con-boxed e-con e-child" data-id="75837468" data-element_type="container">
					<div class="e-con-inner">
				<div class="elementor-element elementor-element-66136cc elementor-widget elementor-widget-heading" data-id="66136cc" data-element_type="widget" data-widget_type="heading.default">
				<div class="elementor-widget-container">
					<h2 class="elementor-heading-title elementor-size-default">Zusammenfassend</h2>				</div>
				</div>
				<div class="elementor-element elementor-element-1278d163 elementor-widget elementor-widget-text-editor" data-id="1278d163" data-element_type="widget" data-widget_type="text-editor.default">
				<div class="elementor-widget-container">
									<p>Zier-Efeu, <strong><em>Hedera helix</em> &lsquo;Bettina&rsquo;</strong>, ist einer der anmutigsten weißrandigen Efeuarten, die es gibt.</p><p>Die Blätter sind breit und gescheitelt, oft asymmetrisch und an den Rändern leicht gewellt. Sie bestehen aus 3 bis 5 Lappen, wobei der mittlere Lappen länger ist als die Seitenlappen. Die Blattspreite ist matt blassgrün und fein weiß gerandet. </p><p>Dies ist ein stark verzweigter Efeu, der sich hervorragend als Bodendecker eignet. Mit seinen bescheidenen Trieben von etwa 20 bis 40 cm pro Jahr ist er eher für kleine Räume geeignet. Er kann auch als Kletterpflanze auf alkalischen Böden verwendet werden.</p>								</div>
				</div>
				<div class="elementor-element elementor-element-6e835865 elementor-widget elementor-widget-heading" data-id="6e835865" data-element_type="widget" data-widget_type="heading.default">
				<div class="elementor-widget-container">
					<h2 class="elementor-heading-title elementor-size-default">Geschichte</h2>				</div>
				</div>
				<div class="elementor-element elementor-element-263aac38 elementor-widget elementor-widget-text-editor" data-id="263aac38" data-element_type="widget" data-widget_type="text-editor.default">
				<div class="elementor-widget-container">
									<p>Ce cultivar est une Veränderung de &lsquo;Kaleidoscope&rsquo; introduite par le Centre de Recherche de la Société Américaine du Lierre.</p>								</div>
				</div>
				<div class="elementor-element elementor-element-5f7f7e1c elementor-widget elementor-widget-heading" data-id="5f7f7e1c" data-element_type="widget" data-widget_type="heading.default">
				<div class="elementor-widget-container">
					<h2 class="elementor-heading-title elementor-size-default">Detailansicht - Hedera helix 'Bettina'</h2>				</div>
				</div>
				<div class="elementor-element elementor-element-24aba3bd elementor-widget elementor-widget-text-editor" data-id="24aba3bd" data-element_type="widget" data-widget_type="text-editor.default">
				<div class="elementor-widget-container">
									<h3>Botanische Informationen</h3><ul><li>Familie: Araliaceae</li><li>Gattung : <em><strong>Hedera</strong></em></li><li>Art : <em>helix</em></li><li>Anbauen : &lsquo;Bettina&rsquo;</li><li>Pierot-Klassifikation: Panaschierter Efeu, Efeu mit wellig-gekräuselten Blättern</li><li>Blattstadium: juvenil</li><li>Herkunft der Art: Europa, von Spanien bis Norwegen, jedoch kaum an der Atlantikküste.</li><li>Herkunft der Sorte: Mutation von &lsquo;Kaleidoscope&rsquo;, introduit par le Centre de Recherche de la Société Américaine du Lierre.</li></ul><h3> </h3><h3>Beschreibung von Hedera helix &lsquo;Bettina&rsquo;</h3><ul><li>Wuchs: ausgebreitet</li><li>Anzahl der Lappen: in der Regel 3 bis 5 Lappen</li><li>Länge des Blattes: 4-5 cm</li><li>Breite des Blattes: 4 bis 5 cm</li><li>Blattfarbe: mattes Blassgrün mit leichtem weißen Rand</li><li>Farbe der Rippen: hellgrün</li><li>Farbe Stiel und Blattstiel: grünlich-violett</li><li>Verzweigungen: wenig verzweigt</li><li>Haare: sternförmig, 3 bis 5 Arme</li></ul><h3> </h3><h3>Tipps zu Pflanzung, Anbau und Pflege für Hedera helix &lsquo;Bettina&rsquo;</h3><ul><li>Standort: Schatten, Halbschatten</li><li>Winterhärte: -15°C</li><li>Bodenfeuchtigkeit: frischer Boden</li><li>PH-Wert des Bodens: neutral oder kalkhaltig</li><li>Bodenart: alle</li><li>Bodenreichtum: gewöhnlich oder humos</li><li>Verwendung: Bodendecker, Kletterpflanze, Topfpflanze, Hängeampel</li><li>Entwicklung: mittel</li><li>Beschneiden: einmal im Jahr</li><li>Schädlinge: sehr selten (Rote Spinne, Schildläuse)</li><li>Krankheiten: sehr selten (Flecken auf den Blättern)</li></ul>								</div>
				</div>
					</div>
				</div>
					</div>
				</div>
		<div class="elementor-element elementor-element-29aa6082 e-flex e-con-boxed e-con e-parent" data-id="29aa6082" data-element_type="container">
					<div class="e-con-inner">
				<div class="elementor-element elementor-element-416eafc4 elementor-widget elementor-widget-image" data-id="416eafc4" data-element_type="widget" data-widget_type="image.default">
				<div class="elementor-widget-container">
															<img fetchpriority="high" decoding="async" width="1024" height="146" src="https://www.hedera-etc.com/wp-content/uploads/2023/10/guirlande-1024x146.webp" class="attachment-large size-large wp-image-116" alt="La boutique du lierre - Efeu-Girlande" srcset="https://www.hedera-etc.com/wp-content/uploads/2023/10/guirlande-1024x146.webp 1024w, https://www.hedera-etc.com/wp-content/uploads/2023/10/guirlande-900x129.webp 900w, https://www.hedera-etc.com/wp-content/uploads/2023/10/guirlande-300x43.webp 300w, https://www.hedera-etc.com/wp-content/uploads/2023/10/guirlande-768x110.webp 768w, https://www.hedera-etc.com/wp-content/uploads/2023/10/guirlande.webp 1126w" sizes="(max-width: 1024px) 100vw, 1024px" />															</div>
				</div>
				<div class="elementor-element elementor-element-6cea114b elementor-widget elementor-widget-text-editor" data-id="6cea114b" data-element_type="widget" data-widget_type="text-editor.default">
				<div class="elementor-widget-container">
									<h3 style="text-align: center;"><span style="color: #008000;">Efeu in der Literatur</span></h3><blockquote><p style="text-align: center;"><span style="color: #993366;">“Der Efeu kletterte empor, gleichgültig gegenüber dem Gewicht der Jahrhunderte, und bedeckte die Steine mit einem Mantel des Vergessens.</span><span style="color: #993366;">”</span></p></blockquote><h5 style="text-align: right;"><strong>William Wordsworth</strong>, <em>Lyrische Gedichte</em></h5>								</div>
				</div>
					</div>
				</div>
				</div>

<p>Einer der anmutigsten Efeu mit weißem Rand, die es gibt.</p>
<p>Breite, gesägte Blätter, die oft asymmetrisch sind und an den Rändern leicht gewellt sind. Bestehen aus 3 bis 5 Lappen, wobei der Mittellappen länger ist als die Seitenlappen. Blattspreite matt blassgrün, fein weiß gerandet.</p>
<p>Stark verzweigter Efeu, der einen hervorragenden Bodendecker darstellt. Bescheidene Triebe von ca. 20-40 cm pro Jahr machen ihn eher für kleine Flächen geeignet. Kann auch als Kletterpflanze auf alkalischen Böden verwendet werden.</p>
