{"id":16774,"date":"2025-11-22T07:22:01","date_gmt":"2025-11-22T06:22:01","guid":{"rendered":"https:\/\/www.hedera-etc.com\/?post_type=product&#038;p=16774"},"modified":"2026-04-28T07:09:18","modified_gmt":"2026-04-28T05:09:18","slug":"hedera-helix-f-poetarum-arborescens","status":"publish","type":"product","link":"https:\/\/www.hedera-etc.com\/de\/product\/hedera-helix-f-poetarum-arborescens\/","title":{"rendered":"<em>Hedera helix<\/em> f. poetarum &lsquo;Arborescens&rsquo;"},"content":{"rendered":"<div data-elementor-type=\"product-post\" data-elementor-id=\"16774\" class=\"elementor elementor-16774\" data-elementor-post-type=\"product\">\n\t\t\t\t<div class=\"elementor-element elementor-element-2541ec8 e-flex e-con-boxed e-con e-parent\" data-id=\"2541ec8\" data-element_type=\"container\">\n\t\t\t\t\t<div class=\"e-con-inner\">\n\t\t<div class=\"elementor-element elementor-element-1b97c39e e-flex e-con-boxed e-con e-child\" data-id=\"1b97c39e\" data-element_type=\"container\">\n\t\t\t\t\t<div class=\"e-con-inner\">\n\t\t\t\t<div class=\"elementor-element elementor-element-f633424 elementor-widget elementor-widget-text-editor\" data-id=\"f633424\" data-element_type=\"widget\" data-widget_type=\"text-editor.default\">\n\t\t\t\t<div class=\"elementor-widget-container\">\n\t\t\t\t\t\t\t\t\t<h2><span style=\"color: #f0ffed;\">Le lierre botanique &#8211; Hedera helix f. poetarum &lsquo;Arborescens&rsquo;<\/span><\/h2>\t\t\t\t\t\t\t\t<\/div>\n\t\t\t\t<\/div>\n\t\t\t\t<div class=\"elementor-element elementor-element-5aaf277a elementor-widget elementor-widget-heading\" data-id=\"5aaf277a\" data-element_type=\"widget\" data-widget_type=\"heading.default\">\n\t\t\t\t<div class=\"elementor-widget-container\">\n\t\t\t\t\t<h2 class=\"elementor-heading-title elementor-size-default\">Zusammenfassend<\/h2>\t\t\t\t<\/div>\n\t\t\t\t<\/div>\n\t\t\t\t<div class=\"elementor-element elementor-element-400879ae elementor-widget elementor-widget-text-editor\" data-id=\"400879ae\" data-element_type=\"widget\" data-widget_type=\"text-editor.default\">\n\t\t\t\t<div class=\"elementor-widget-container\">\n\t\t\t\t\t\t\t\t\t<p>Botanischer Efeu, <em><strong>Hedera helix f. poetarum<\/strong><\/em>, wird auch als <strong>\u00abEfeu der Dichter\u00bb<\/strong> weil er als anmutiger galt und deshalb von den Dichtern und romantischen Botanikern des 19. Jahrhunderts als solcher gesch\u00e4tzt wurde. Er stammt urspr\u00fcnglich aus dem Kaukasus. Es handelt sich hier um seine ausgewachsene Form, die kleine, orangefarbene Fr\u00fcchte hervorbringt.<\/p><p>Die Bl\u00e4tter der ausgewachsenen Form sind ganzrandig, oval bis lanzettlich und haben eine keilf\u00f6rmige Basis.<\/p><p>Ihr Wuchs ist strauchig und buschig. Sie ist eine gute Sorte f\u00fcr T\u00f6pfe und K\u00e4sten oder f\u00fcr die Einzelstellung, z. B. in einem Steingarten.<\/p>\t\t\t\t\t\t\t\t<\/div>\n\t\t\t\t<\/div>\n\t\t\t\t<div class=\"elementor-element elementor-element-6418fef3 elementor-widget elementor-widget-heading\" data-id=\"6418fef3\" data-element_type=\"widget\" data-widget_type=\"heading.default\">\n\t\t\t\t<div class=\"elementor-widget-container\">\n\t\t\t\t\t<h2 class=\"elementor-heading-title elementor-size-default\">Geschichte<\/h2>\t\t\t\t<\/div>\n\t\t\t\t<\/div>\n\t\t\t\t<div class=\"elementor-element elementor-element-21e60f96 elementor-widget elementor-widget-text-editor\" data-id=\"21e60f96\" data-element_type=\"widget\" data-widget_type=\"text-editor.default\">\n\t\t\t\t<div class=\"elementor-widget-container\">\n\t\t\t\t\t\t\t\t\t<p>Botanische Sorte, die urspr\u00fcnglich aus dem Kaukasus stammt und mittlerweile in weiten Teilen Europas und Asiens vorkommt.<\/p>\t\t\t\t\t\t\t\t<\/div>\n\t\t\t\t<\/div>\n\t\t\t\t<div class=\"elementor-element elementor-element-66cfcdc7 elementor-widget elementor-widget-heading\" data-id=\"66cfcdc7\" data-element_type=\"widget\" data-widget_type=\"heading.default\">\n\t\t\t\t<div class=\"elementor-widget-container\">\n\t\t\t\t\t<h2 class=\"elementor-heading-title elementor-size-default\">Detailansicht - Hedera helix f. poetarum 'Arborescens'<\/h2>\t\t\t\t<\/div>\n\t\t\t\t<\/div>\n\t\t\t\t<div class=\"elementor-element elementor-element-75bac1a1 elementor-widget elementor-widget-text-editor\" data-id=\"75bac1a1\" data-element_type=\"widget\" data-widget_type=\"text-editor.default\">\n\t\t\t\t<div class=\"elementor-widget-container\">\n\t\t\t\t\t\t\t\t\t<h3>Botanische Informationen<\/h3><ul><li>Familie: Araliaceae<\/li><li>Gattung : <em><strong>Hedera<\/strong><\/em><\/li><li>Art : <em>helix<\/em><\/li><li>Unterart: f. poetarum<\/li><li>Pierot-Klassifikation: erwachsener Efeu<\/li><li>Laubblattstadium: erwachsen<\/li><li>Ursprung der Art: Kaukasus.<\/li><\/ul><h3>\u00a0<\/h3><h3>Beschreibung von Hedera helix f. poetarum &lsquo;Arborescens&rsquo;<\/h3><ul><li>Wuchsform: strauchartig, buschig<\/li><li>Anzahl der Lappen: ohne Lappen<\/li><li>L\u00e4nge des Blattes: 4-6 cm<\/li><li>Breite des Blattes: 3 bis 7 cm<\/li><li>Blattfarbe: gl\u00e4nzend gr\u00fcn<\/li><li>Farbe der Rippen: hellgr\u00fcn<\/li><li>Farbe Stiel und Blattstiel: purpurrosa oder gr\u00fcn<\/li><li>L\u00e4nge des Blattstiels: 4 bis 5 cm<\/li><li>Internodien: 4 bis 5 cm<\/li><li>Haare: sternf\u00f6rmig, 3 bis 5 Arme<\/li><\/ul><h3>\u00a0<\/h3><h3>Tipps zu Pflanzung, Anbau und Pflege f\u00fcr Hedera helix f. poetarum &lsquo;Arborescens&rsquo;<\/h3><ul><li>Standort: Sonne, Halbschatten<\/li><li>Winterh\u00e4rte: -10\u00b0C<\/li><li>Bodenfeuchtigkeit: frischer Boden<\/li><li>PH-Wert des Bodens: neutral oder kalkhaltig<\/li><li>Bodenart: alle<\/li><li>Bodenreichtum: gew\u00f6hnlich oder humos<\/li><li>Verwendung: T\u00f6pfe, Blumenk\u00e4sten, einzeln stehend, Steingarten<\/li><li>Entwicklung: m\u00e4\u00dfig<\/li><li>Wachstumsgeschwindigkeit: mittel<\/li><li>Beschneiden: einmal im Jahr<\/li><li>Sch\u00e4dlinge: selten (z.B. Dickmaulr\u00fcssler)<\/li><li>Krankheiten: selten (z. B. Flecken auf den Bl\u00e4ttern)<\/li><\/ul>\t\t\t\t\t\t\t\t<\/div>\n\t\t\t\t<\/div>\n\t\t\t\t\t<\/div>\n\t\t\t\t<\/div>\n\t\t\t\t\t<\/div>\n\t\t\t\t<\/div>\n\t\t<div class=\"elementor-element elementor-element-6a288a50 e-flex e-con-boxed e-con e-parent\" data-id=\"6a288a50\" data-element_type=\"container\">\n\t\t\t\t\t<div class=\"e-con-inner\">\n\t\t\t\t<div class=\"elementor-element elementor-element-69a41e79 elementor-widget elementor-widget-image\" data-id=\"69a41e79\" data-element_type=\"widget\" data-widget_type=\"image.default\">\n\t\t\t\t<div class=\"elementor-widget-container\">\n\t\t\t\t\t\t\t\t\t\t\t\t\t\t\t<img fetchpriority=\"high\" decoding=\"async\" width=\"1024\" height=\"146\" src=\"https:\/\/www.hedera-etc.com\/wp-content\/uploads\/2023\/10\/guirlande-1024x146.webp\" class=\"attachment-large size-large wp-image-116\" alt=\"La boutique du lierre - Efeu-Girlande\" srcset=\"https:\/\/www.hedera-etc.com\/wp-content\/uploads\/2023\/10\/guirlande-1024x146.webp 1024w, https:\/\/www.hedera-etc.com\/wp-content\/uploads\/2023\/10\/guirlande-900x129.webp 900w, https:\/\/www.hedera-etc.com\/wp-content\/uploads\/2023\/10\/guirlande-300x43.webp 300w, https:\/\/www.hedera-etc.com\/wp-content\/uploads\/2023\/10\/guirlande-768x110.webp 768w, https:\/\/www.hedera-etc.com\/wp-content\/uploads\/2023\/10\/guirlande.webp 1126w\" sizes=\"(max-width: 1024px) 100vw, 1024px\" \/>\t\t\t\t\t\t\t\t\t\t\t\t\t\t\t<\/div>\n\t\t\t\t<\/div>\n\t\t\t\t<div class=\"elementor-element elementor-element-5ccb8c17 elementor-widget elementor-widget-text-editor\" data-id=\"5ccb8c17\" data-element_type=\"widget\" data-widget_type=\"text-editor.default\">\n\t\t\t\t<div class=\"elementor-widget-container\">\n\t\t\t\t\t\t\t\t\t<h3 style=\"text-align: center;\"><span style=\"color: #008000;\">Efeu in der Literatur<\/span><\/h3><blockquote><p style=\"text-align: center;\"><span style=\"color: #993366;\">\u201cAber ein Efeu, bis zum niedergeschlagenen First geklettert, zerzaust dar\u00fcber wie ein Haar...<\/span><span style=\"color: #993366;\">\u201d<\/span><\/p><\/blockquote><h5 style=\"text-align: right;\">Guy de Maupassant, Verse<\/h5>\t\t\t\t\t\t\t\t<\/div>\n\t\t\t\t<\/div>\n\t\t\t\t\t<\/div>\n\t\t\t\t<\/div>\n\t\t\t\t<\/div>","protected":false},"excerpt":{"rendered":"<p>Als \u00abEfeu der Dichter\u00bb bezeichnete Pflanze, die aus dem Kaukasus stammt und kleine, orangefarbene Fr\u00fcchte produziert.<\/p>\n<p>Die Bl\u00e4tter der ausgewachsenen Form sind ganzrandig, oval bis lanzettlich und haben eine keilf\u00f6rmige Basis.<\/p>\n<p>Strauchiger und buschiger Wuchs. F\u00fcr T\u00f6pfe oder einzeln stehend.<\/p>","protected":false},"featured_media":16778,"comment_status":"open","ping_status":"closed","template":"","meta":{"_acf_changed":false,"ocean_post_layout":"","ocean_both_sidebars_style":"","ocean_both_sidebars_content_width":0,"ocean_both_sidebars_sidebars_width":0,"ocean_sidebar":"0","ocean_second_sidebar":"0","ocean_disable_margins":"enable","ocean_add_body_class":"","ocean_shortcode_before_top_bar":"","ocean_shortcode_after_top_bar":"","ocean_shortcode_before_header":"","ocean_shortcode_after_header":"","ocean_has_shortcode":"","ocean_shortcode_after_title":"","ocean_shortcode_before_footer_widgets":"","ocean_shortcode_after_footer_widgets":"","ocean_shortcode_before_footer_bottom":"","ocean_shortcode_after_footer_bottom":"","ocean_display_top_bar":"default","ocean_display_header":"default","ocean_header_style":"","ocean_center_header_left_menu":"0","ocean_custom_header_template":"0","ocean_custom_logo":0,"ocean_custom_retina_logo":0,"ocean_custom_logo_max_width":0,"ocean_custom_logo_tablet_max_width":0,"ocean_custom_logo_mobile_max_width":0,"ocean_custom_logo_max_height":0,"ocean_custom_logo_tablet_max_height":0,"ocean_custom_logo_mobile_max_height":0,"ocean_header_custom_menu":"0","ocean_menu_typo_font_family":"0","ocean_menu_typo_font_subset":"","ocean_menu_typo_font_size":0,"ocean_menu_typo_font_size_tablet":0,"ocean_menu_typo_font_size_mobile":0,"ocean_menu_typo_font_size_unit":"px","ocean_menu_typo_font_weight":"","ocean_menu_typo_font_weight_tablet":"","ocean_menu_typo_font_weight_mobile":"","ocean_menu_typo_transform":"","ocean_menu_typo_transform_tablet":"","ocean_menu_typo_transform_mobile":"","ocean_menu_typo_line_height":0,"ocean_menu_typo_line_height_tablet":0,"ocean_menu_typo_line_height_mobile":0,"ocean_menu_typo_line_height_unit":"","ocean_menu_typo_spacing":0,"ocean_menu_typo_spacing_tablet":0,"ocean_menu_typo_spacing_mobile":0,"ocean_menu_typo_spacing_unit":"","ocean_menu_link_color":"","ocean_menu_link_color_hover":"","ocean_menu_link_color_active":"","ocean_menu_link_background":"","ocean_menu_link_hover_background":"","ocean_menu_link_active_background":"","ocean_menu_social_links_bg":"","ocean_menu_social_hover_links_bg":"","ocean_menu_social_links_color":"","ocean_menu_social_hover_links_color":"","ocean_disable_title":"default","ocean_disable_heading":"default","ocean_post_title":"","ocean_post_subheading":"","ocean_post_title_style":"","ocean_post_title_background_color":"","ocean_post_title_background":0,"ocean_post_title_bg_image_position":"","ocean_post_title_bg_image_attachment":"","ocean_post_title_bg_image_repeat":"","ocean_post_title_bg_image_size":"","ocean_post_title_height":0,"ocean_post_title_bg_overlay":0.5,"ocean_post_title_bg_overlay_color":"","ocean_disable_breadcrumbs":"default","ocean_breadcrumbs_color":"","ocean_breadcrumbs_separator_color":"","ocean_breadcrumbs_links_color":"","ocean_breadcrumbs_links_hover_color":"","ocean_display_footer_widgets":"default","ocean_display_footer_bottom":"default","ocean_custom_footer_template":"0"},"product_brand":[],"product_cat":[134],"product_tag":[],"class_list":{"0":"post-16774","1":"product","2":"type-product","3":"status-publish","4":"has-post-thumbnail","6":"product_cat-lierre","8":"entry","9":"has-media","11":"first","12":"outofstock","13":"shipping-taxable","14":"product-type-variable","15":"has-default-attributes","16":"has-product-nav","17":"col","18":"span_1_of_4","19":"owp-content-center","20":"item-entry","21":"owp-thumbs-layout-horizontal","22":"owp-btn-normal","23":"owp-tabs-layout-section"},"acf":[],"jetpack_sharing_enabled":true,"_links":{"self":[{"href":"https:\/\/www.hedera-etc.com\/de\/wp-json\/wp\/v2\/product\/16774","targetHints":{"allow":["GET"]}}],"collection":[{"href":"https:\/\/www.hedera-etc.com\/de\/wp-json\/wp\/v2\/product"}],"about":[{"href":"https:\/\/www.hedera-etc.com\/de\/wp-json\/wp\/v2\/types\/product"}],"replies":[{"embeddable":true,"href":"https:\/\/www.hedera-etc.com\/de\/wp-json\/wp\/v2\/comments?post=16774"}],"version-history":[{"count":7,"href":"https:\/\/www.hedera-etc.com\/de\/wp-json\/wp\/v2\/product\/16774\/revisions"}],"predecessor-version":[{"id":16788,"href":"https:\/\/www.hedera-etc.com\/de\/wp-json\/wp\/v2\/product\/16774\/revisions\/16788"}],"wp:featuredmedia":[{"embeddable":true,"href":"https:\/\/www.hedera-etc.com\/de\/wp-json\/wp\/v2\/media\/16778"}],"wp:attachment":[{"href":"https:\/\/www.hedera-etc.com\/de\/wp-json\/wp\/v2\/media?parent=16774"}],"wp:term":[{"taxonomy":"product_brand","embeddable":true,"href":"https:\/\/www.hedera-etc.com\/de\/wp-json\/wp\/v2\/product_brand?post=16774"},{"taxonomy":"product_cat","embeddable":true,"href":"https:\/\/www.hedera-etc.com\/de\/wp-json\/wp\/v2\/product_cat?post=16774"},{"taxonomy":"product_tag","embeddable":true,"href":"https:\/\/www.hedera-etc.com\/de\/wp-json\/wp\/v2\/product_tag?post=16774"}],"curies":[{"name":"wp","href":"https:\/\/api.w.org\/{rel}","templated":true}]}}

<div data-elementor-type="product-post" data-elementor-id="16774" class="elementor elementor-16774" data-elementor-post-type="product">
				<div class="elementor-element elementor-element-2541ec8 e-flex e-con-boxed e-con e-parent" data-id="2541ec8" data-element_type="container">
					<div class="e-con-inner">
		<div class="elementor-element elementor-element-1b97c39e e-flex e-con-boxed e-con e-child" data-id="1b97c39e" data-element_type="container">
					<div class="e-con-inner">
				<div class="elementor-element elementor-element-f633424 elementor-widget elementor-widget-text-editor" data-id="f633424" data-element_type="widget" data-widget_type="text-editor.default">
				<div class="elementor-widget-container">
									<h2><span style="color: #f0ffed;">Le lierre botanique &#8211; Hedera helix f. poetarum &lsquo;Arborescens&rsquo;</span></h2>								</div>
				</div>
				<div class="elementor-element elementor-element-5aaf277a elementor-widget elementor-widget-heading" data-id="5aaf277a" data-element_type="widget" data-widget_type="heading.default">
				<div class="elementor-widget-container">
					<h2 class="elementor-heading-title elementor-size-default">Zusammenfassend</h2>				</div>
				</div>
				<div class="elementor-element elementor-element-400879ae elementor-widget elementor-widget-text-editor" data-id="400879ae" data-element_type="widget" data-widget_type="text-editor.default">
				<div class="elementor-widget-container">
									<p>Botanischer Efeu, <em><strong>Hedera helix f. poetarum</strong></em>, wird auch als <strong>«Efeu der Dichter»</strong> weil er als anmutiger galt und deshalb von den Dichtern und romantischen Botanikern des 19. Jahrhunderts als solcher geschätzt wurde. Er stammt ursprünglich aus dem Kaukasus. Es handelt sich hier um seine ausgewachsene Form, die kleine, orangefarbene Früchte hervorbringt.</p><p>Die Blätter der ausgewachsenen Form sind ganzrandig, oval bis lanzettlich und haben eine keilförmige Basis.</p><p>Ihr Wuchs ist strauchig und buschig. Sie ist eine gute Sorte für Töpfe und Kästen oder für die Einzelstellung, z. B. in einem Steingarten.</p>								</div>
				</div>
				<div class="elementor-element elementor-element-6418fef3 elementor-widget elementor-widget-heading" data-id="6418fef3" data-element_type="widget" data-widget_type="heading.default">
				<div class="elementor-widget-container">
					<h2 class="elementor-heading-title elementor-size-default">Geschichte</h2>				</div>
				</div>
				<div class="elementor-element elementor-element-21e60f96 elementor-widget elementor-widget-text-editor" data-id="21e60f96" data-element_type="widget" data-widget_type="text-editor.default">
				<div class="elementor-widget-container">
									<p>Botanische Sorte, die ursprünglich aus dem Kaukasus stammt und mittlerweile in weiten Teilen Europas und Asiens vorkommt.</p>								</div>
				</div>
				<div class="elementor-element elementor-element-66cfcdc7 elementor-widget elementor-widget-heading" data-id="66cfcdc7" data-element_type="widget" data-widget_type="heading.default">
				<div class="elementor-widget-container">
					<h2 class="elementor-heading-title elementor-size-default">Detailansicht - Hedera helix f. poetarum 'Arborescens'</h2>				</div>
				</div>
				<div class="elementor-element elementor-element-75bac1a1 elementor-widget elementor-widget-text-editor" data-id="75bac1a1" data-element_type="widget" data-widget_type="text-editor.default">
				<div class="elementor-widget-container">
									<h3>Botanische Informationen</h3><ul><li>Familie: Araliaceae</li><li>Gattung : <em><strong>Hedera</strong></em></li><li>Art : <em>helix</em></li><li>Unterart: f. poetarum</li><li>Pierot-Klassifikation: erwachsener Efeu</li><li>Laubblattstadium: erwachsen</li><li>Ursprung der Art: Kaukasus.</li></ul><h3> </h3><h3>Beschreibung von Hedera helix f. poetarum &lsquo;Arborescens&rsquo;</h3><ul><li>Wuchsform: strauchartig, buschig</li><li>Anzahl der Lappen: ohne Lappen</li><li>Länge des Blattes: 4-6 cm</li><li>Breite des Blattes: 3 bis 7 cm</li><li>Blattfarbe: glänzend grün</li><li>Farbe der Rippen: hellgrün</li><li>Farbe Stiel und Blattstiel: purpurrosa oder grün</li><li>Länge des Blattstiels: 4 bis 5 cm</li><li>Internodien: 4 bis 5 cm</li><li>Haare: sternförmig, 3 bis 5 Arme</li></ul><h3> </h3><h3>Tipps zu Pflanzung, Anbau und Pflege für Hedera helix f. poetarum &lsquo;Arborescens&rsquo;</h3><ul><li>Standort: Sonne, Halbschatten</li><li>Winterhärte: -10°C</li><li>Bodenfeuchtigkeit: frischer Boden</li><li>PH-Wert des Bodens: neutral oder kalkhaltig</li><li>Bodenart: alle</li><li>Bodenreichtum: gewöhnlich oder humos</li><li>Verwendung: Töpfe, Blumenkästen, einzeln stehend, Steingarten</li><li>Entwicklung: mäßig</li><li>Wachstumsgeschwindigkeit: mittel</li><li>Beschneiden: einmal im Jahr</li><li>Schädlinge: selten (z.B. Dickmaulrüssler)</li><li>Krankheiten: selten (z. B. Flecken auf den Blättern)</li></ul>								</div>
				</div>
					</div>
				</div>
					</div>
				</div>
		<div class="elementor-element elementor-element-6a288a50 e-flex e-con-boxed e-con e-parent" data-id="6a288a50" data-element_type="container">
					<div class="e-con-inner">
				<div class="elementor-element elementor-element-69a41e79 elementor-widget elementor-widget-image" data-id="69a41e79" data-element_type="widget" data-widget_type="image.default">
				<div class="elementor-widget-container">
															<img fetchpriority="high" decoding="async" width="1024" height="146" src="https://www.hedera-etc.com/wp-content/uploads/2023/10/guirlande-1024x146.webp" class="attachment-large size-large wp-image-116" alt="La boutique du lierre - Efeu-Girlande" srcset="https://www.hedera-etc.com/wp-content/uploads/2023/10/guirlande-1024x146.webp 1024w, https://www.hedera-etc.com/wp-content/uploads/2023/10/guirlande-900x129.webp 900w, https://www.hedera-etc.com/wp-content/uploads/2023/10/guirlande-300x43.webp 300w, https://www.hedera-etc.com/wp-content/uploads/2023/10/guirlande-768x110.webp 768w, https://www.hedera-etc.com/wp-content/uploads/2023/10/guirlande.webp 1126w" sizes="(max-width: 1024px) 100vw, 1024px" />															</div>
				</div>
				<div class="elementor-element elementor-element-5ccb8c17 elementor-widget elementor-widget-text-editor" data-id="5ccb8c17" data-element_type="widget" data-widget_type="text-editor.default">
				<div class="elementor-widget-container">
									<h3 style="text-align: center;"><span style="color: #008000;">Efeu in der Literatur</span></h3><blockquote><p style="text-align: center;"><span style="color: #993366;">“Aber ein Efeu, bis zum niedergeschlagenen First geklettert, zerzaust darüber wie ein Haar...</span><span style="color: #993366;">”</span></p></blockquote><h5 style="text-align: right;">Guy de Maupassant, Verse</h5>								</div>
				</div>
					</div>
				</div>
				</div>

<p>Als «Efeu der Dichter» bezeichnete Pflanze, die aus dem Kaukasus stammt und kleine, orangefarbene Früchte produziert.</p>
<p>Die Blätter der ausgewachsenen Form sind ganzrandig, oval bis lanzettlich und haben eine keilförmige Basis.</p>
<p>Strauchiger und buschiger Wuchs. Für Töpfe oder einzeln stehend.</p>
