{"id":17028,"date":"2025-11-23T22:37:21","date_gmt":"2025-11-23T21:37:21","guid":{"rendered":"https:\/\/www.hedera-etc.com\/?post_type=product&#038;p=17028"},"modified":"2026-04-29T07:09:24","modified_gmt":"2026-04-29T05:09:24","slug":"hedera-helix-seelisberg","status":"publish","type":"product","link":"https:\/\/www.hedera-etc.com\/de\/product\/hedera-helix-seelisberg\/","title":{"rendered":"<em>Hedera helix<\/em> &lsquo;Seelisberg&rsquo; &#8211; Zier-Efeu"},"content":{"rendered":"<div data-elementor-type=\"product-post\" data-elementor-id=\"17028\" class=\"elementor elementor-17028\" data-elementor-post-type=\"product\">\n\t\t\t\t<div class=\"elementor-element elementor-element-2541ec8 e-flex e-con-boxed e-con e-parent\" data-id=\"2541ec8\" data-element_type=\"container\">\n\t\t\t\t\t<div class=\"e-con-inner\">\n\t\t<div class=\"elementor-element elementor-element-1b97c39e e-flex e-con-boxed e-con e-child\" data-id=\"1b97c39e\" data-element_type=\"container\">\n\t\t\t\t\t<div class=\"e-con-inner\">\n\t\t\t\t<div class=\"elementor-element elementor-element-f633424 elementor-widget elementor-widget-text-editor\" data-id=\"f633424\" data-element_type=\"widget\" data-widget_type=\"text-editor.default\">\n\t\t\t\t<div class=\"elementor-widget-container\">\n\t\t\t\t\t\t\t\t\t<h2><span style=\"color: #f0ffed;\">Der Zier-Efeu &#8211; Hedera helix &lsquo;Seelisberg&rsquo;<\/span><\/h2>\t\t\t\t\t\t\t\t<\/div>\n\t\t\t\t<\/div>\n\t\t\t\t<div class=\"elementor-element elementor-element-5aaf277a elementor-widget elementor-widget-heading\" data-id=\"5aaf277a\" data-element_type=\"widget\" data-widget_type=\"heading.default\">\n\t\t\t\t<div class=\"elementor-widget-container\">\n\t\t\t\t\t<h2 class=\"elementor-heading-title elementor-size-default\">Zusammenfassend<\/h2>\t\t\t\t<\/div>\n\t\t\t\t<\/div>\n\t\t\t\t<div class=\"elementor-element elementor-element-400879ae elementor-widget elementor-widget-text-editor\" data-id=\"400879ae\" data-element_type=\"widget\" data-widget_type=\"text-editor.default\">\n\t\t\t\t<div class=\"elementor-widget-container\">\n\t\t\t\t\t\t\t\t\t<p>Zier-Efeu, <strong><em>Hedera helix<\/em> \u2018Seelisberg\u2019<\/strong>, Die Bl\u00e4tter sind tief gelappt und haben eine vogelbeinartige Form.<\/p><p>Die Blattspreite besteht aus drei relativ schmalen, nach vorne gerichteten Lappen. Das B\u00fcschel ist kompakt und dicht.<\/p><p>Diese Sorte w\u00e4chst relativ schnell und eignet sich hervorragend als Bodendecker, auch an sonnigen Standorten. W\u00e4hlen Sie f\u00fcr ihn einen gut durchl\u00e4ssigen Boden und z\u00f6gern Sie nicht, ihn zur\u00fcckzuschneiden, damit er sich verdichtet.<\/p>\t\t\t\t\t\t\t\t<\/div>\n\t\t\t\t<\/div>\n\t\t\t\t<div class=\"elementor-element elementor-element-6418fef3 elementor-widget elementor-widget-heading\" data-id=\"6418fef3\" data-element_type=\"widget\" data-widget_type=\"heading.default\">\n\t\t\t\t<div class=\"elementor-widget-container\">\n\t\t\t\t\t<h2 class=\"elementor-heading-title elementor-size-default\">Geschichte<\/h2>\t\t\t\t<\/div>\n\t\t\t\t<\/div>\n\t\t\t\t<div class=\"elementor-element elementor-element-21e60f96 elementor-widget elementor-widget-text-editor\" data-id=\"21e60f96\" data-element_type=\"widget\" data-widget_type=\"text-editor.default\">\n\t\t\t\t<div class=\"elementor-widget-container\">\n\t\t\t\t\t\t\t\t\t<p>Diese Sorte wurde von Patrick Nicolas in seiner Baumschule in Meudon, Frankreich, ab 1995 kultiviert.<\/p>\t\t\t\t\t\t\t\t<\/div>\n\t\t\t\t<\/div>\n\t\t\t\t<div class=\"elementor-element elementor-element-66cfcdc7 elementor-widget elementor-widget-heading\" data-id=\"66cfcdc7\" data-element_type=\"widget\" data-widget_type=\"heading.default\">\n\t\t\t\t<div class=\"elementor-widget-container\">\n\t\t\t\t\t<h2 class=\"elementor-heading-title elementor-size-default\">Detailansicht - Hedera helix 'Seelisberg'<\/h2>\t\t\t\t<\/div>\n\t\t\t\t<\/div>\n\t\t\t\t<div class=\"elementor-element elementor-element-75bac1a1 elementor-widget elementor-widget-text-editor\" data-id=\"75bac1a1\" data-element_type=\"widget\" data-widget_type=\"text-editor.default\">\n\t\t\t\t<div class=\"elementor-widget-container\">\n\t\t\t\t\t\t\t\t\t<h3>Botanische Informationen<\/h3><ul><li>Familie: Araliaceae<\/li><li>Gattung : <em><strong>Hedera<\/strong><\/em><\/li><li>Art : <em>helix<\/em><\/li><li>Anbauen : &lsquo;Seelisberg&rsquo;<\/li><li>Pierot-Klassifikation: Vogelfu\u00df-Efeu<\/li><li>Blattstadium: juvenil<\/li><li>Herkunft der Art: Europa, von Spanien bis Norwegen, jedoch kaum an der Atlantikk\u00fcste.<\/li><li>Ursprung des Kultivars: steht ab 1995 im Katalog der Baumschule von Patrick Nicolas, Meudon, Frankreich<\/li><\/ul><h3>\u00a0<\/h3><h3>Beschreibung von Hedera helix &lsquo;Seelisberg&rsquo;<\/h3><ul><li>Wuchs: B\u00fcschel, kompakt<\/li><li>Anzahl der Blattlappen: in der Regel 3 Lappen<\/li><li>L\u00e4nge des Blattes: 3-4 cm<\/li><li>Breite des Blattes: 2 bis 3 cm<\/li><li>Blattfarbe: gr\u00fcn<\/li><li>Farbe der Rippen: hellgr\u00fcn<\/li><li>Blattansatz: keilf\u00f6rmig<\/li><li>Blattspitze: spitz<\/li><li>Farbe Stiel und Blattstiel: r\u00f6tlich<\/li><li>L\u00e4nge des Blattstiels: 1 bis 2 cm<\/li><li>Verzweigungen: gut verzweigt<\/li><li>Dicke der Matratze: dick<\/li><li>Zwischenknoten: 1 cm<\/li><li>Haare: sternf\u00f6rmig, 3 bis 5 Arme<\/li><\/ul><h3>\u00a0<\/h3><h3>Tipps zu Pflanzung, Anbau und Pflege f\u00fcr Hedera helix &lsquo;Seelisberg&rsquo;<\/h3><ul><li>Standort: Schatten, Halbschatten, Sonne<\/li><li>Winterh\u00e4rte: -15\u00b0C<\/li><li>Bodenfeuchtigkeit: frischer Boden<\/li><li>PH-Wert des Bodens: neutral oder kalkhaltig<\/li><li>Bodenart: alle<\/li><li>Bodenreichtum: gew\u00f6hnlich oder humos<\/li><li>Verwendung: Bodendecker, Steingarten, Topiari<\/li><li>Entwicklung: m\u00e4\u00dfig<\/li><li>Wachstumsgeschwindigkeit: mittel<\/li><li>Beschneiden: einmal im Jahr<\/li><li>Sch\u00e4dlinge: selten (z.B. Dickmaulr\u00fcssler)<\/li><li>Krankheiten: selten (z. B. Flecken auf den Bl\u00e4ttern)<\/li><\/ul>\t\t\t\t\t\t\t\t<\/div>\n\t\t\t\t<\/div>\n\t\t\t\t\t<\/div>\n\t\t\t\t<\/div>\n\t\t\t\t\t<\/div>\n\t\t\t\t<\/div>\n\t\t<div class=\"elementor-element elementor-element-6a288a50 e-flex e-con-boxed e-con e-parent\" data-id=\"6a288a50\" data-element_type=\"container\">\n\t\t\t\t\t<div class=\"e-con-inner\">\n\t\t\t\t<div class=\"elementor-element elementor-element-69a41e79 elementor-widget elementor-widget-image\" data-id=\"69a41e79\" data-element_type=\"widget\" data-widget_type=\"image.default\">\n\t\t\t\t<div class=\"elementor-widget-container\">\n\t\t\t\t\t\t\t\t\t\t\t\t\t\t\t<img fetchpriority=\"high\" decoding=\"async\" width=\"1024\" height=\"146\" src=\"https:\/\/www.hedera-etc.com\/wp-content\/uploads\/2023\/10\/guirlande-1024x146.webp\" class=\"attachment-large size-large wp-image-116\" alt=\"La boutique du lierre - Efeu-Girlande\" srcset=\"https:\/\/www.hedera-etc.com\/wp-content\/uploads\/2023\/10\/guirlande-1024x146.webp 1024w, https:\/\/www.hedera-etc.com\/wp-content\/uploads\/2023\/10\/guirlande-900x129.webp 900w, https:\/\/www.hedera-etc.com\/wp-content\/uploads\/2023\/10\/guirlande-300x43.webp 300w, https:\/\/www.hedera-etc.com\/wp-content\/uploads\/2023\/10\/guirlande-768x110.webp 768w, https:\/\/www.hedera-etc.com\/wp-content\/uploads\/2023\/10\/guirlande.webp 1126w\" sizes=\"(max-width: 1024px) 100vw, 1024px\" \/>\t\t\t\t\t\t\t\t\t\t\t\t\t\t\t<\/div>\n\t\t\t\t<\/div>\n\t\t\t\t<div class=\"elementor-element elementor-element-5ccb8c17 elementor-widget elementor-widget-text-editor\" data-id=\"5ccb8c17\" data-element_type=\"widget\" data-widget_type=\"text-editor.default\">\n\t\t\t\t<div class=\"elementor-widget-container\">\n\t\t\t\t\t\t\t\t\t<h3 style=\"text-align: center;\"><span style=\"color: #008000;\">Efeu in der Literatur<\/span><\/h3><blockquote><p style=\"text-align: center;\"><span style=\"color: #993366;\">\u201c<\/span><span style=\"color: #993366;\">Am Ende dieses riesigen Tals entsprang der H\u00fcgel Dpt\u00e9din, der den Palast des Emirs tr\u00e4gt, und erhob sich wie ein riesiger Turm, flankiert von efeubewachsenen Felsen, und lie\u00df aus seinen Ritzen und Zinnen Garben von schwebendem Gr\u00fcn herabh\u00e4ngen.\u201d<\/span><\/p><\/blockquote><h5 style=\"text-align: right;\">Alphonse de Lamartine, Reise in den Orient<\/h5>\t\t\t\t\t\t\t\t<\/div>\n\t\t\t\t<\/div>\n\t\t\t\t\t<\/div>\n\t\t\t\t<\/div>\n\t\t\t\t<\/div>","protected":false},"excerpt":{"rendered":"<div class=\"elementor-element elementor-element-8a7f61e elementor-widget elementor-widget-text-editor\" data-id=\"8a7f61e\" data-element_type=\"widget\" data-widget_type=\"text-editor.default\">\n<div class=\"elementor-widget-container\">\n<p>Efeu mit tief gelappten, vogelbeinartigen Bl\u00e4ttern.<\/p>\n<p>Blattspreite aus 3 relativ schmalen, nach vorn gerichteten Lappen bestehend. Kompakte, dichte B\u00fcschel.<\/p>\n<p>Eignet sich gut als Bodendecker, auch an sonnigen Standorten.<\/p>\n<\/div>\n<\/div>","protected":false},"featured_media":17058,"comment_status":"open","ping_status":"closed","template":"","meta":{"_acf_changed":false,"ocean_post_layout":"","ocean_both_sidebars_style":"","ocean_both_sidebars_content_width":0,"ocean_both_sidebars_sidebars_width":0,"ocean_sidebar":"0","ocean_second_sidebar":"0","ocean_disable_margins":"enable","ocean_add_body_class":"","ocean_shortcode_before_top_bar":"","ocean_shortcode_after_top_bar":"","ocean_shortcode_before_header":"","ocean_shortcode_after_header":"","ocean_has_shortcode":"","ocean_shortcode_after_title":"","ocean_shortcode_before_footer_widgets":"","ocean_shortcode_after_footer_widgets":"","ocean_shortcode_before_footer_bottom":"","ocean_shortcode_after_footer_bottom":"","ocean_display_top_bar":"default","ocean_display_header":"default","ocean_header_style":"","ocean_center_header_left_menu":"0","ocean_custom_header_template":"0","ocean_custom_logo":0,"ocean_custom_retina_logo":0,"ocean_custom_logo_max_width":0,"ocean_custom_logo_tablet_max_width":0,"ocean_custom_logo_mobile_max_width":0,"ocean_custom_logo_max_height":0,"ocean_custom_logo_tablet_max_height":0,"ocean_custom_logo_mobile_max_height":0,"ocean_header_custom_menu":"0","ocean_menu_typo_font_family":"0","ocean_menu_typo_font_subset":"","ocean_menu_typo_font_size":0,"ocean_menu_typo_font_size_tablet":0,"ocean_menu_typo_font_size_mobile":0,"ocean_menu_typo_font_size_unit":"px","ocean_menu_typo_font_weight":"","ocean_menu_typo_font_weight_tablet":"","ocean_menu_typo_font_weight_mobile":"","ocean_menu_typo_transform":"","ocean_menu_typo_transform_tablet":"","ocean_menu_typo_transform_mobile":"","ocean_menu_typo_line_height":0,"ocean_menu_typo_line_height_tablet":0,"ocean_menu_typo_line_height_mobile":0,"ocean_menu_typo_line_height_unit":"","ocean_menu_typo_spacing":0,"ocean_menu_typo_spacing_tablet":0,"ocean_menu_typo_spacing_mobile":0,"ocean_menu_typo_spacing_unit":"","ocean_menu_link_color":"","ocean_menu_link_color_hover":"","ocean_menu_link_color_active":"","ocean_menu_link_background":"","ocean_menu_link_hover_background":"","ocean_menu_link_active_background":"","ocean_menu_social_links_bg":"","ocean_menu_social_hover_links_bg":"","ocean_menu_social_links_color":"","ocean_menu_social_hover_links_color":"","ocean_disable_title":"default","ocean_disable_heading":"default","ocean_post_title":"","ocean_post_subheading":"","ocean_post_title_style":"","ocean_post_title_background_color":"","ocean_post_title_background":0,"ocean_post_title_bg_image_position":"","ocean_post_title_bg_image_attachment":"","ocean_post_title_bg_image_repeat":"","ocean_post_title_bg_image_size":"","ocean_post_title_height":0,"ocean_post_title_bg_overlay":0.5,"ocean_post_title_bg_overlay_color":"","ocean_disable_breadcrumbs":"default","ocean_breadcrumbs_color":"","ocean_breadcrumbs_separator_color":"","ocean_breadcrumbs_links_color":"","ocean_breadcrumbs_links_hover_color":"","ocean_display_footer_widgets":"default","ocean_display_footer_bottom":"default","ocean_custom_footer_template":"0"},"product_brand":[],"product_cat":[134],"product_tag":[],"class_list":{"0":"post-17028","1":"product","2":"type-product","3":"status-publish","4":"has-post-thumbnail","6":"product_cat-lierre","8":"entry","9":"has-media","11":"first","12":"instock","13":"shipping-taxable","14":"purchasable","15":"product-type-variable","16":"has-default-attributes","17":"has-product-nav","18":"col","19":"span_1_of_4","20":"owp-content-center","21":"item-entry","22":"owp-thumbs-layout-horizontal","23":"owp-btn-normal","24":"owp-tabs-layout-section"},"acf":[],"jetpack_sharing_enabled":true,"_links":{"self":[{"href":"https:\/\/www.hedera-etc.com\/de\/wp-json\/wp\/v2\/product\/17028","targetHints":{"allow":["GET"]}}],"collection":[{"href":"https:\/\/www.hedera-etc.com\/de\/wp-json\/wp\/v2\/product"}],"about":[{"href":"https:\/\/www.hedera-etc.com\/de\/wp-json\/wp\/v2\/types\/product"}],"replies":[{"embeddable":true,"href":"https:\/\/www.hedera-etc.com\/de\/wp-json\/wp\/v2\/comments?post=17028"}],"version-history":[{"count":9,"href":"https:\/\/www.hedera-etc.com\/de\/wp-json\/wp\/v2\/product\/17028\/revisions"}],"predecessor-version":[{"id":17060,"href":"https:\/\/www.hedera-etc.com\/de\/wp-json\/wp\/v2\/product\/17028\/revisions\/17060"}],"wp:featuredmedia":[{"embeddable":true,"href":"https:\/\/www.hedera-etc.com\/de\/wp-json\/wp\/v2\/media\/17058"}],"wp:attachment":[{"href":"https:\/\/www.hedera-etc.com\/de\/wp-json\/wp\/v2\/media?parent=17028"}],"wp:term":[{"taxonomy":"product_brand","embeddable":true,"href":"https:\/\/www.hedera-etc.com\/de\/wp-json\/wp\/v2\/product_brand?post=17028"},{"taxonomy":"product_cat","embeddable":true,"href":"https:\/\/www.hedera-etc.com\/de\/wp-json\/wp\/v2\/product_cat?post=17028"},{"taxonomy":"product_tag","embeddable":true,"href":"https:\/\/www.hedera-etc.com\/de\/wp-json\/wp\/v2\/product_tag?post=17028"}],"curies":[{"name":"wp","href":"https:\/\/api.w.org\/{rel}","templated":true}]}}

<div data-elementor-type="product-post" data-elementor-id="17028" class="elementor elementor-17028" data-elementor-post-type="product">
				<div class="elementor-element elementor-element-2541ec8 e-flex e-con-boxed e-con e-parent" data-id="2541ec8" data-element_type="container">
					<div class="e-con-inner">
		<div class="elementor-element elementor-element-1b97c39e e-flex e-con-boxed e-con e-child" data-id="1b97c39e" data-element_type="container">
					<div class="e-con-inner">
				<div class="elementor-element elementor-element-f633424 elementor-widget elementor-widget-text-editor" data-id="f633424" data-element_type="widget" data-widget_type="text-editor.default">
				<div class="elementor-widget-container">
									<h2><span style="color: #f0ffed;">Der Zier-Efeu &#8211; Hedera helix &lsquo;Seelisberg&rsquo;</span></h2>								</div>
				</div>
				<div class="elementor-element elementor-element-5aaf277a elementor-widget elementor-widget-heading" data-id="5aaf277a" data-element_type="widget" data-widget_type="heading.default">
				<div class="elementor-widget-container">
					<h2 class="elementor-heading-title elementor-size-default">Zusammenfassend</h2>				</div>
				</div>
				<div class="elementor-element elementor-element-400879ae elementor-widget elementor-widget-text-editor" data-id="400879ae" data-element_type="widget" data-widget_type="text-editor.default">
				<div class="elementor-widget-container">
									<p>Zier-Efeu, <strong><em>Hedera helix</em> ‘Seelisberg’</strong>, Die Blätter sind tief gelappt und haben eine vogelbeinartige Form.</p><p>Die Blattspreite besteht aus drei relativ schmalen, nach vorne gerichteten Lappen. Das Büschel ist kompakt und dicht.</p><p>Diese Sorte wächst relativ schnell und eignet sich hervorragend als Bodendecker, auch an sonnigen Standorten. Wählen Sie für ihn einen gut durchlässigen Boden und zögern Sie nicht, ihn zurückzuschneiden, damit er sich verdichtet.</p>								</div>
				</div>
				<div class="elementor-element elementor-element-6418fef3 elementor-widget elementor-widget-heading" data-id="6418fef3" data-element_type="widget" data-widget_type="heading.default">
				<div class="elementor-widget-container">
					<h2 class="elementor-heading-title elementor-size-default">Geschichte</h2>				</div>
				</div>
				<div class="elementor-element elementor-element-21e60f96 elementor-widget elementor-widget-text-editor" data-id="21e60f96" data-element_type="widget" data-widget_type="text-editor.default">
				<div class="elementor-widget-container">
									<p>Diese Sorte wurde von Patrick Nicolas in seiner Baumschule in Meudon, Frankreich, ab 1995 kultiviert.</p>								</div>
				</div>
				<div class="elementor-element elementor-element-66cfcdc7 elementor-widget elementor-widget-heading" data-id="66cfcdc7" data-element_type="widget" data-widget_type="heading.default">
				<div class="elementor-widget-container">
					<h2 class="elementor-heading-title elementor-size-default">Detailansicht - Hedera helix 'Seelisberg'</h2>				</div>
				</div>
				<div class="elementor-element elementor-element-75bac1a1 elementor-widget elementor-widget-text-editor" data-id="75bac1a1" data-element_type="widget" data-widget_type="text-editor.default">
				<div class="elementor-widget-container">
									<h3>Botanische Informationen</h3><ul><li>Familie: Araliaceae</li><li>Gattung : <em><strong>Hedera</strong></em></li><li>Art : <em>helix</em></li><li>Anbauen : &lsquo;Seelisberg&rsquo;</li><li>Pierot-Klassifikation: Vogelfuß-Efeu</li><li>Blattstadium: juvenil</li><li>Herkunft der Art: Europa, von Spanien bis Norwegen, jedoch kaum an der Atlantikküste.</li><li>Ursprung des Kultivars: steht ab 1995 im Katalog der Baumschule von Patrick Nicolas, Meudon, Frankreich</li></ul><h3> </h3><h3>Beschreibung von Hedera helix &lsquo;Seelisberg&rsquo;</h3><ul><li>Wuchs: Büschel, kompakt</li><li>Anzahl der Blattlappen: in der Regel 3 Lappen</li><li>Länge des Blattes: 3-4 cm</li><li>Breite des Blattes: 2 bis 3 cm</li><li>Blattfarbe: grün</li><li>Farbe der Rippen: hellgrün</li><li>Blattansatz: keilförmig</li><li>Blattspitze: spitz</li><li>Farbe Stiel und Blattstiel: rötlich</li><li>Länge des Blattstiels: 1 bis 2 cm</li><li>Verzweigungen: gut verzweigt</li><li>Dicke der Matratze: dick</li><li>Zwischenknoten: 1 cm</li><li>Haare: sternförmig, 3 bis 5 Arme</li></ul><h3> </h3><h3>Tipps zu Pflanzung, Anbau und Pflege für Hedera helix &lsquo;Seelisberg&rsquo;</h3><ul><li>Standort: Schatten, Halbschatten, Sonne</li><li>Winterhärte: -15°C</li><li>Bodenfeuchtigkeit: frischer Boden</li><li>PH-Wert des Bodens: neutral oder kalkhaltig</li><li>Bodenart: alle</li><li>Bodenreichtum: gewöhnlich oder humos</li><li>Verwendung: Bodendecker, Steingarten, Topiari</li><li>Entwicklung: mäßig</li><li>Wachstumsgeschwindigkeit: mittel</li><li>Beschneiden: einmal im Jahr</li><li>Schädlinge: selten (z.B. Dickmaulrüssler)</li><li>Krankheiten: selten (z. B. Flecken auf den Blättern)</li></ul>								</div>
				</div>
					</div>
				</div>
					</div>
				</div>
		<div class="elementor-element elementor-element-6a288a50 e-flex e-con-boxed e-con e-parent" data-id="6a288a50" data-element_type="container">
					<div class="e-con-inner">
				<div class="elementor-element elementor-element-69a41e79 elementor-widget elementor-widget-image" data-id="69a41e79" data-element_type="widget" data-widget_type="image.default">
				<div class="elementor-widget-container">
															<img fetchpriority="high" decoding="async" width="1024" height="146" src="https://www.hedera-etc.com/wp-content/uploads/2023/10/guirlande-1024x146.webp" class="attachment-large size-large wp-image-116" alt="La boutique du lierre - Efeu-Girlande" srcset="https://www.hedera-etc.com/wp-content/uploads/2023/10/guirlande-1024x146.webp 1024w, https://www.hedera-etc.com/wp-content/uploads/2023/10/guirlande-900x129.webp 900w, https://www.hedera-etc.com/wp-content/uploads/2023/10/guirlande-300x43.webp 300w, https://www.hedera-etc.com/wp-content/uploads/2023/10/guirlande-768x110.webp 768w, https://www.hedera-etc.com/wp-content/uploads/2023/10/guirlande.webp 1126w" sizes="(max-width: 1024px) 100vw, 1024px" />															</div>
				</div>
				<div class="elementor-element elementor-element-5ccb8c17 elementor-widget elementor-widget-text-editor" data-id="5ccb8c17" data-element_type="widget" data-widget_type="text-editor.default">
				<div class="elementor-widget-container">
									<h3 style="text-align: center;"><span style="color: #008000;">Efeu in der Literatur</span></h3><blockquote><p style="text-align: center;"><span style="color: #993366;">“</span><span style="color: #993366;">Am Ende dieses riesigen Tals entsprang der Hügel Dptédin, der den Palast des Emirs trägt, und erhob sich wie ein riesiger Turm, flankiert von efeubewachsenen Felsen, und ließ aus seinen Ritzen und Zinnen Garben von schwebendem Grün herabhängen.”</span></p></blockquote><h5 style="text-align: right;">Alphonse de Lamartine, Reise in den Orient</h5>								</div>
				</div>
					</div>
				</div>
				</div>

<div class="elementor-element elementor-element-8a7f61e elementor-widget elementor-widget-text-editor" data-id="8a7f61e" data-element_type="widget" data-widget_type="text-editor.default">
<div class="elementor-widget-container">
<p>Efeu mit tief gelappten, vogelbeinartigen Blättern.</p>
<p>Blattspreite aus 3 relativ schmalen, nach vorn gerichteten Lappen bestehend. Kompakte, dichte Büschel.</p>
<p>Eignet sich gut als Bodendecker, auch an sonnigen Standorten.</p>
</div>
</div>
