{"id":17737,"date":"2025-12-12T21:32:53","date_gmt":"2025-12-12T20:32:53","guid":{"rendered":"https:\/\/www.hedera-etc.com\/?post_type=product&#038;p=17737"},"modified":"2026-04-28T07:09:17","modified_gmt":"2026-04-28T05:09:17","slug":"hedera-hibernica-maculata-erwachsene","status":"publish","type":"product","link":"https:\/\/www.hedera-etc.com\/de\/product\/hedera-hibernica-maculata-adulte\/","title":{"rendered":"<em>Hedera hibernica<\/em> &lsquo;Maculata&rsquo; ausgewachsener &#8211; Irisches Efeu"},"content":{"rendered":"<div data-elementor-type=\"product-post\" data-elementor-id=\"17737\" class=\"elementor elementor-17737\" data-elementor-post-type=\"product\">\n\t\t\t\t<div class=\"elementor-element elementor-element-28572dea e-con-full e-flex e-con e-child\" data-id=\"28572dea\" data-element_type=\"container\">\n\t\t\t\t<div class=\"elementor-element elementor-element-12c86326 elementor-widget elementor-widget-text-editor\" data-id=\"12c86326\" data-element_type=\"widget\" data-widget_type=\"text-editor.default\">\n\t\t\t\t<div class=\"elementor-widget-container\">\n\t\t\t\t\t\t\t\t\t<h2><span style=\"color: #f0ffed;\">Le Irisches Efeu &#8211; Hedera hibernica &lsquo;Maculata&rsquo; ausgewachsener<\/span><\/h2>\t\t\t\t\t\t\t\t<\/div>\n\t\t\t\t<\/div>\n\t\t\t\t<\/div>\n\t\t<div class=\"elementor-element elementor-element-6e6559ec e-flex e-con-boxed e-con e-parent\" data-id=\"6e6559ec\" data-element_type=\"container\">\n\t\t\t\t\t<div class=\"e-con-inner\">\n\t\t<div class=\"elementor-element elementor-element-556af076 e-flex e-con-boxed e-con e-child\" data-id=\"556af076\" data-element_type=\"container\">\n\t\t\t\t\t<div class=\"e-con-inner\">\n\t\t\t\t<div class=\"elementor-element elementor-element-4ab5e4cb elementor-widget elementor-widget-heading\" data-id=\"4ab5e4cb\" data-element_type=\"widget\" data-widget_type=\"heading.default\">\n\t\t\t\t<div class=\"elementor-widget-container\">\n\t\t\t\t\t<h2 class=\"elementor-heading-title elementor-size-default\">Zusammenfassend<\/h2>\t\t\t\t<\/div>\n\t\t\t\t<\/div>\n\t\t\t\t<div class=\"elementor-element elementor-element-3ad83f3b elementor-widget elementor-widget-text-editor\" data-id=\"3ad83f3b\" data-element_type=\"widget\" data-widget_type=\"text-editor.default\">\n\t\t\t\t<div class=\"elementor-widget-container\">\n\t\t\t\t\t\t\t\t\t<p>Der Efeu aus Irland, <strong><em>Hedera hibernica<\/em> &lsquo;Maculata<\/strong>&lsquo;, est un lierre arbustif \u00e0 feuilles \u00e9paisses et luisantes ponctu\u00e9es de cr\u00e8me, voire de rose, comme la forme juv\u00e9nile, mais avec des panachures moins marqu\u00e9es.<\/p><p>Die Blattspreite besteht aus 0 bis 5 sehr flachen Lappen. Die Blattbasis ist oft abgestumpft.<\/p><p>Es handelt sich um eine ausgewachsene Sorte, die im Sp\u00e4therbst in Form von gr\u00fcnlichen Bl\u00fctendolden bl\u00fcht. Die Fr\u00fcchte in Form von schwarzen Beeren erscheinen im Winter.<\/p>\t\t\t\t\t\t\t\t<\/div>\n\t\t\t\t<\/div>\n\t\t\t\t<div class=\"elementor-element elementor-element-1be7c570 elementor-widget elementor-widget-heading\" data-id=\"1be7c570\" data-element_type=\"widget\" data-widget_type=\"heading.default\">\n\t\t\t\t<div class=\"elementor-widget-container\">\n\t\t\t\t\t<h2 class=\"elementor-heading-title elementor-size-default\">Geschichte<\/h2>\t\t\t\t<\/div>\n\t\t\t\t<\/div>\n\t\t\t\t<div class=\"elementor-element elementor-element-68415978 elementor-widget elementor-widget-text-editor\" data-id=\"68415978\" data-element_type=\"widget\" data-widget_type=\"text-editor.default\">\n\t\t\t\t<div class=\"elementor-widget-container\">\n\t\t\t\t\t\t\t\t\t<p>H<i>edera hibernic<\/i>a &lsquo;Maculata&rsquo;, probablement d\u00e9j\u00e0 connu vers 1860, fut seulement d\u00e9nomm\u00e9 et d\u00e9crit en 1914 par WJ Bean.<\/p>\t\t\t\t\t\t\t\t<\/div>\n\t\t\t\t<\/div>\n\t\t\t\t<div class=\"elementor-element elementor-element-7c022124 elementor-widget elementor-widget-heading\" data-id=\"7c022124\" data-element_type=\"widget\" data-widget_type=\"heading.default\">\n\t\t\t\t<div class=\"elementor-widget-container\">\n\t\t\t\t\t<h2 class=\"elementor-heading-title elementor-size-default\">Technisches Datenblatt - Hedera hibernica 'Maculata' ausgewachsener<\/h2>\t\t\t\t<\/div>\n\t\t\t\t<\/div>\n\t\t\t\t<div class=\"elementor-element elementor-element-774011cc elementor-widget elementor-widget-text-editor\" data-id=\"774011cc\" data-element_type=\"widget\" data-widget_type=\"text-editor.default\">\n\t\t\t\t<div class=\"elementor-widget-container\">\n\t\t\t\t\t\t\t\t\t<h3>Botanische Informationen<\/h3><ul><li>Familie: Araliaceae<\/li><li>Gattung : <em><strong>Hedera<\/strong><\/em><\/li><li>Art : <em>hibernica<\/em><\/li><li>Anbauen : &lsquo;Maculata&rsquo; ausgewachsener<\/li><li>Pierot-Klassifikation: erwachsener Efeu, panaschierter Efeu<\/li><li>Laubblattstadium: erwachsen<\/li><li>Herkunft der Art: Europa, Atlantikk\u00fcste, von Portugal bis Schottland<\/li><li>Ursprung des Kultivars: bekannt seit 1862, beschrieben und benannt 1914 von WJ Bean<\/li><\/ul><h3>\u00a0<\/h3><h3>Beschreibung von Hedera hibernica &lsquo;Maculata&rsquo; ausgewachsener<\/h3><ul><li>Wuchs: strauchartig<\/li><li>Anzahl der Lappen: 0 bis 5 Lappen sehr schwach ausgepr\u00e4gt, wenn vorhanden<\/li><li>Blattl\u00e4nge: 7 bis 10 cm<\/li><li>Breite des Blattes: 7 bis 10 cm<\/li><li>Blattfarbe: gr\u00fcn mit cremefarbenem \u00dcberzug<\/li><li>Farbvariante: einige Rosat\u00f6ne in der kalten Jahreszeit<\/li><li>Farbe der Rippen: gr\u00fcn und cremefarben<\/li><li>Farbe Stiel und Blattstiel: gr\u00fcn<\/li><li>Haare: stellar, klein<\/li><\/ul><h3>\u00a0<\/h3><h3>Tipps zu Pflanzung, Anbau und Pflege f\u00fcr Hedera hibernica &lsquo;Maculata&rsquo; ausgewachsener<\/h3><ul><li>Standort: Sonne, Halbschatten<\/li><li>Winterh\u00e4rte: -15\u00b0C<\/li><li>Bodenfeuchtigkeit: frischer Boden<\/li><li>PH-Wert des Bodens: alle<\/li><li>Bodenart: alle<\/li><li>Bodenreichtum: gew\u00f6hnlich oder humos<\/li><li>Verwendung: T\u00f6pfe, Blumenk\u00e4sten, Steingarten, einzeln stehend<\/li><li>Entwicklung: mittel<\/li><li>Beschneiden: einmal im Jahr<\/li><li>Sch\u00e4dlinge: sehr selten (Rote Spinne, Schildl\u00e4use)<\/li><li>Krankheiten: sehr selten (Flecken auf den Bl\u00e4ttern)<\/li><\/ul>\t\t\t\t\t\t\t\t<\/div>\n\t\t\t\t<\/div>\n\t\t\t\t\t<\/div>\n\t\t\t\t<\/div>\n\t\t\t\t\t<\/div>\n\t\t\t\t<\/div>\n\t\t<div class=\"elementor-element elementor-element-22b9c520 e-flex e-con-boxed e-con e-parent\" data-id=\"22b9c520\" data-element_type=\"container\">\n\t\t\t\t\t<div class=\"e-con-inner\">\n\t\t\t\t<div class=\"elementor-element elementor-element-309b0c7c elementor-widget elementor-widget-image\" data-id=\"309b0c7c\" data-element_type=\"widget\" data-widget_type=\"image.default\">\n\t\t\t\t<div class=\"elementor-widget-container\">\n\t\t\t\t\t\t\t\t\t\t\t\t\t\t\t<img fetchpriority=\"high\" decoding=\"async\" width=\"1024\" height=\"146\" src=\"https:\/\/www.hedera-etc.com\/wp-content\/uploads\/2023\/10\/guirlande-1024x146.webp\" class=\"attachment-large size-large wp-image-116\" alt=\"La boutique du lierre - Efeu-Girlande\" srcset=\"https:\/\/www.hedera-etc.com\/wp-content\/uploads\/2023\/10\/guirlande-1024x146.webp 1024w, https:\/\/www.hedera-etc.com\/wp-content\/uploads\/2023\/10\/guirlande-900x129.webp 900w, https:\/\/www.hedera-etc.com\/wp-content\/uploads\/2023\/10\/guirlande-300x43.webp 300w, https:\/\/www.hedera-etc.com\/wp-content\/uploads\/2023\/10\/guirlande-768x110.webp 768w, https:\/\/www.hedera-etc.com\/wp-content\/uploads\/2023\/10\/guirlande.webp 1126w\" sizes=\"(max-width: 1024px) 100vw, 1024px\" \/>\t\t\t\t\t\t\t\t\t\t\t\t\t\t\t<\/div>\n\t\t\t\t<\/div>\n\t\t\t\t<div class=\"elementor-element elementor-element-3f1d1692 elementor-widget elementor-widget-text-editor\" data-id=\"3f1d1692\" data-element_type=\"widget\" data-widget_type=\"text-editor.default\">\n\t\t\t\t<div class=\"elementor-widget-container\">\n\t\t\t\t\t\t\t\t\t<h3 style=\"text-align: center;\"><span style=\"color: #008000;\">Efeu in der Literatur<\/span><\/h3><blockquote><p style=\"text-align: center;\"><span style=\"color: #993366;\">\u00abEr f\u00fchrte geradewegs zu einem unter Efeu versteckten Backsteinpavillon, der zweifellos einst einem Wachmann als Wohnung gedient hatte.\u201d<\/span><\/p><\/blockquote><h5 style=\"text-align: right;\">Anatole France, \u00abLa r\u00f4tisserie de la Reine P\u00e9dauque\u00bb (Die Braterei der K\u00f6nigin Pedauque)\u00bb<\/h5>\t\t\t\t\t\t\t\t<\/div>\n\t\t\t\t<\/div>\n\t\t\t\t\t<\/div>\n\t\t\t\t<\/div>\n\t\t\t\t<\/div>","protected":false},"excerpt":{"rendered":"<p>Strauchiger Efeu mit dicken, gl\u00e4nzenden Bl\u00e4ttern, die cremefarben oder sogar rosa punktiert sind.<\/p>\n<p>Blattspreite aus 0 bis 5 sehr schwach ausgepr\u00e4gten Lappen gebildet. Blattgrund oft gestutzt.<\/p>\n<p>Ausgewachsene Sorte, die im Sp\u00e4therbst in Form von gr\u00fcnlichen Bl\u00fctendolden bl\u00fcht. Fr\u00fcchte im Winter.<\/p>","protected":false},"featured_media":17742,"comment_status":"open","ping_status":"closed","template":"","meta":{"_acf_changed":false,"ocean_post_layout":"","ocean_both_sidebars_style":"","ocean_both_sidebars_content_width":0,"ocean_both_sidebars_sidebars_width":0,"ocean_sidebar":"0","ocean_second_sidebar":"0","ocean_disable_margins":"enable","ocean_add_body_class":"","ocean_shortcode_before_top_bar":"","ocean_shortcode_after_top_bar":"","ocean_shortcode_before_header":"","ocean_shortcode_after_header":"","ocean_has_shortcode":"","ocean_shortcode_after_title":"","ocean_shortcode_before_footer_widgets":"","ocean_shortcode_after_footer_widgets":"","ocean_shortcode_before_footer_bottom":"","ocean_shortcode_after_footer_bottom":"","ocean_display_top_bar":"default","ocean_display_header":"default","ocean_header_style":"","ocean_center_header_left_menu":"0","ocean_custom_header_template":"0","ocean_custom_logo":0,"ocean_custom_retina_logo":0,"ocean_custom_logo_max_width":0,"ocean_custom_logo_tablet_max_width":0,"ocean_custom_logo_mobile_max_width":0,"ocean_custom_logo_max_height":0,"ocean_custom_logo_tablet_max_height":0,"ocean_custom_logo_mobile_max_height":0,"ocean_header_custom_menu":"0","ocean_menu_typo_font_family":"0","ocean_menu_typo_font_subset":"","ocean_menu_typo_font_size":0,"ocean_menu_typo_font_size_tablet":0,"ocean_menu_typo_font_size_mobile":0,"ocean_menu_typo_font_size_unit":"px","ocean_menu_typo_font_weight":"","ocean_menu_typo_font_weight_tablet":"","ocean_menu_typo_font_weight_mobile":"","ocean_menu_typo_transform":"","ocean_menu_typo_transform_tablet":"","ocean_menu_typo_transform_mobile":"","ocean_menu_typo_line_height":0,"ocean_menu_typo_line_height_tablet":0,"ocean_menu_typo_line_height_mobile":0,"ocean_menu_typo_line_height_unit":"","ocean_menu_typo_spacing":0,"ocean_menu_typo_spacing_tablet":0,"ocean_menu_typo_spacing_mobile":0,"ocean_menu_typo_spacing_unit":"","ocean_menu_link_color":"","ocean_menu_link_color_hover":"","ocean_menu_link_color_active":"","ocean_menu_link_background":"","ocean_menu_link_hover_background":"","ocean_menu_link_active_background":"","ocean_menu_social_links_bg":"","ocean_menu_social_hover_links_bg":"","ocean_menu_social_links_color":"","ocean_menu_social_hover_links_color":"","ocean_disable_title":"default","ocean_disable_heading":"default","ocean_post_title":"","ocean_post_subheading":"","ocean_post_title_style":"","ocean_post_title_background_color":"","ocean_post_title_background":0,"ocean_post_title_bg_image_position":"","ocean_post_title_bg_image_attachment":"","ocean_post_title_bg_image_repeat":"","ocean_post_title_bg_image_size":"","ocean_post_title_height":0,"ocean_post_title_bg_overlay":0.5,"ocean_post_title_bg_overlay_color":"","ocean_disable_breadcrumbs":"default","ocean_breadcrumbs_color":"","ocean_breadcrumbs_separator_color":"","ocean_breadcrumbs_links_color":"","ocean_breadcrumbs_links_hover_color":"","ocean_display_footer_widgets":"default","ocean_display_footer_bottom":"default","ocean_custom_footer_template":"0"},"product_brand":[],"product_cat":[134],"product_tag":[],"class_list":{"0":"post-17737","1":"product","2":"type-product","3":"status-publish","4":"has-post-thumbnail","6":"product_cat-lierre","8":"entry","9":"has-media","11":"first","12":"instock","13":"purchasable","14":"product-type-variable","15":"has-default-attributes","16":"has-product-nav","17":"col","18":"span_1_of_4","19":"owp-content-center","20":"item-entry","21":"owp-thumbs-layout-horizontal","22":"owp-btn-normal","23":"owp-tabs-layout-section"},"acf":[],"jetpack_sharing_enabled":true,"_links":{"self":[{"href":"https:\/\/www.hedera-etc.com\/de\/wp-json\/wp\/v2\/product\/17737","targetHints":{"allow":["GET"]}}],"collection":[{"href":"https:\/\/www.hedera-etc.com\/de\/wp-json\/wp\/v2\/product"}],"about":[{"href":"https:\/\/www.hedera-etc.com\/de\/wp-json\/wp\/v2\/types\/product"}],"replies":[{"embeddable":true,"href":"https:\/\/www.hedera-etc.com\/de\/wp-json\/wp\/v2\/comments?post=17737"}],"version-history":[{"count":8,"href":"https:\/\/www.hedera-etc.com\/de\/wp-json\/wp\/v2\/product\/17737\/revisions"}],"predecessor-version":[{"id":17799,"href":"https:\/\/www.hedera-etc.com\/de\/wp-json\/wp\/v2\/product\/17737\/revisions\/17799"}],"wp:featuredmedia":[{"embeddable":true,"href":"https:\/\/www.hedera-etc.com\/de\/wp-json\/wp\/v2\/media\/17742"}],"wp:attachment":[{"href":"https:\/\/www.hedera-etc.com\/de\/wp-json\/wp\/v2\/media?parent=17737"}],"wp:term":[{"taxonomy":"product_brand","embeddable":true,"href":"https:\/\/www.hedera-etc.com\/de\/wp-json\/wp\/v2\/product_brand?post=17737"},{"taxonomy":"product_cat","embeddable":true,"href":"https:\/\/www.hedera-etc.com\/de\/wp-json\/wp\/v2\/product_cat?post=17737"},{"taxonomy":"product_tag","embeddable":true,"href":"https:\/\/www.hedera-etc.com\/de\/wp-json\/wp\/v2\/product_tag?post=17737"}],"curies":[{"name":"wp","href":"https:\/\/api.w.org\/{rel}","templated":true}]}}

<div data-elementor-type="product-post" data-elementor-id="17737" class="elementor elementor-17737" data-elementor-post-type="product">
				<div class="elementor-element elementor-element-28572dea e-con-full e-flex e-con e-child" data-id="28572dea" data-element_type="container">
				<div class="elementor-element elementor-element-12c86326 elementor-widget elementor-widget-text-editor" data-id="12c86326" data-element_type="widget" data-widget_type="text-editor.default">
				<div class="elementor-widget-container">
									<h2><span style="color: #f0ffed;">Le Irisches Efeu &#8211; Hedera hibernica &lsquo;Maculata&rsquo; ausgewachsener</span></h2>								</div>
				</div>
				</div>
		<div class="elementor-element elementor-element-6e6559ec e-flex e-con-boxed e-con e-parent" data-id="6e6559ec" data-element_type="container">
					<div class="e-con-inner">
		<div class="elementor-element elementor-element-556af076 e-flex e-con-boxed e-con e-child" data-id="556af076" data-element_type="container">
					<div class="e-con-inner">
				<div class="elementor-element elementor-element-4ab5e4cb elementor-widget elementor-widget-heading" data-id="4ab5e4cb" data-element_type="widget" data-widget_type="heading.default">
				<div class="elementor-widget-container">
					<h2 class="elementor-heading-title elementor-size-default">Zusammenfassend</h2>				</div>
				</div>
				<div class="elementor-element elementor-element-3ad83f3b elementor-widget elementor-widget-text-editor" data-id="3ad83f3b" data-element_type="widget" data-widget_type="text-editor.default">
				<div class="elementor-widget-container">
									<p>Der Efeu aus Irland, <strong><em>Hedera hibernica</em> &lsquo;Maculata</strong>&lsquo;, est un lierre arbustif à feuilles épaisses et luisantes ponctuées de crème, voire de rose, comme la forme juvénile, mais avec des panachures moins marquées.</p><p>Die Blattspreite besteht aus 0 bis 5 sehr flachen Lappen. Die Blattbasis ist oft abgestumpft.</p><p>Es handelt sich um eine ausgewachsene Sorte, die im Spätherbst in Form von grünlichen Blütendolden blüht. Die Früchte in Form von schwarzen Beeren erscheinen im Winter.</p>								</div>
				</div>
				<div class="elementor-element elementor-element-1be7c570 elementor-widget elementor-widget-heading" data-id="1be7c570" data-element_type="widget" data-widget_type="heading.default">
				<div class="elementor-widget-container">
					<h2 class="elementor-heading-title elementor-size-default">Geschichte</h2>				</div>
				</div>
				<div class="elementor-element elementor-element-68415978 elementor-widget elementor-widget-text-editor" data-id="68415978" data-element_type="widget" data-widget_type="text-editor.default">
				<div class="elementor-widget-container">
									<p>H<i>edera hibernic</i>a &lsquo;Maculata&rsquo;, probablement déjà connu vers 1860, fut seulement dénommé et décrit en 1914 par WJ Bean.</p>								</div>
				</div>
				<div class="elementor-element elementor-element-7c022124 elementor-widget elementor-widget-heading" data-id="7c022124" data-element_type="widget" data-widget_type="heading.default">
				<div class="elementor-widget-container">
					<h2 class="elementor-heading-title elementor-size-default">Technisches Datenblatt - Hedera hibernica 'Maculata' ausgewachsener</h2>				</div>
				</div>
				<div class="elementor-element elementor-element-774011cc elementor-widget elementor-widget-text-editor" data-id="774011cc" data-element_type="widget" data-widget_type="text-editor.default">
				<div class="elementor-widget-container">
									<h3>Botanische Informationen</h3><ul><li>Familie: Araliaceae</li><li>Gattung : <em><strong>Hedera</strong></em></li><li>Art : <em>hibernica</em></li><li>Anbauen : &lsquo;Maculata&rsquo; ausgewachsener</li><li>Pierot-Klassifikation: erwachsener Efeu, panaschierter Efeu</li><li>Laubblattstadium: erwachsen</li><li>Herkunft der Art: Europa, Atlantikküste, von Portugal bis Schottland</li><li>Ursprung des Kultivars: bekannt seit 1862, beschrieben und benannt 1914 von WJ Bean</li></ul><h3> </h3><h3>Beschreibung von Hedera hibernica &lsquo;Maculata&rsquo; ausgewachsener</h3><ul><li>Wuchs: strauchartig</li><li>Anzahl der Lappen: 0 bis 5 Lappen sehr schwach ausgeprägt, wenn vorhanden</li><li>Blattlänge: 7 bis 10 cm</li><li>Breite des Blattes: 7 bis 10 cm</li><li>Blattfarbe: grün mit cremefarbenem Überzug</li><li>Farbvariante: einige Rosatöne in der kalten Jahreszeit</li><li>Farbe der Rippen: grün und cremefarben</li><li>Farbe Stiel und Blattstiel: grün</li><li>Haare: stellar, klein</li></ul><h3> </h3><h3>Tipps zu Pflanzung, Anbau und Pflege für Hedera hibernica &lsquo;Maculata&rsquo; ausgewachsener</h3><ul><li>Standort: Sonne, Halbschatten</li><li>Winterhärte: -15°C</li><li>Bodenfeuchtigkeit: frischer Boden</li><li>PH-Wert des Bodens: alle</li><li>Bodenart: alle</li><li>Bodenreichtum: gewöhnlich oder humos</li><li>Verwendung: Töpfe, Blumenkästen, Steingarten, einzeln stehend</li><li>Entwicklung: mittel</li><li>Beschneiden: einmal im Jahr</li><li>Schädlinge: sehr selten (Rote Spinne, Schildläuse)</li><li>Krankheiten: sehr selten (Flecken auf den Blättern)</li></ul>								</div>
				</div>
					</div>
				</div>
					</div>
				</div>
		<div class="elementor-element elementor-element-22b9c520 e-flex e-con-boxed e-con e-parent" data-id="22b9c520" data-element_type="container">
					<div class="e-con-inner">
				<div class="elementor-element elementor-element-309b0c7c elementor-widget elementor-widget-image" data-id="309b0c7c" data-element_type="widget" data-widget_type="image.default">
				<div class="elementor-widget-container">
															<img fetchpriority="high" decoding="async" width="1024" height="146" src="https://www.hedera-etc.com/wp-content/uploads/2023/10/guirlande-1024x146.webp" class="attachment-large size-large wp-image-116" alt="La boutique du lierre - Efeu-Girlande" srcset="https://www.hedera-etc.com/wp-content/uploads/2023/10/guirlande-1024x146.webp 1024w, https://www.hedera-etc.com/wp-content/uploads/2023/10/guirlande-900x129.webp 900w, https://www.hedera-etc.com/wp-content/uploads/2023/10/guirlande-300x43.webp 300w, https://www.hedera-etc.com/wp-content/uploads/2023/10/guirlande-768x110.webp 768w, https://www.hedera-etc.com/wp-content/uploads/2023/10/guirlande.webp 1126w" sizes="(max-width: 1024px) 100vw, 1024px" />															</div>
				</div>
				<div class="elementor-element elementor-element-3f1d1692 elementor-widget elementor-widget-text-editor" data-id="3f1d1692" data-element_type="widget" data-widget_type="text-editor.default">
				<div class="elementor-widget-container">
									<h3 style="text-align: center;"><span style="color: #008000;">Efeu in der Literatur</span></h3><blockquote><p style="text-align: center;"><span style="color: #993366;">«Er führte geradewegs zu einem unter Efeu versteckten Backsteinpavillon, der zweifellos einst einem Wachmann als Wohnung gedient hatte.”</span></p></blockquote><h5 style="text-align: right;">Anatole France, «La rôtisserie de la Reine Pédauque» (Die Braterei der Königin Pedauque)»</h5>								</div>
				</div>
					</div>
				</div>
				</div>

<p>Strauchiger Efeu mit dicken, glänzenden Blättern, die cremefarben oder sogar rosa punktiert sind.</p>
<p>Blattspreite aus 0 bis 5 sehr schwach ausgeprägten Lappen gebildet. Blattgrund oft gestutzt.</p>
<p>Ausgewachsene Sorte, die im Spätherbst in Form von grünlichen Blütendolden blüht. Früchte im Winter.</p>
