{"id":1956,"date":"2023-11-11T08:11:30","date_gmt":"2023-11-11T07:11:30","guid":{"rendered":"https:\/\/www.hedera-etc.com\/?post_type=product&#038;p=1956"},"modified":"2026-05-01T07:09:45","modified_gmt":"2026-05-01T05:09:45","slug":"hedera-iberica-monchique","status":"publish","type":"product","link":"https:\/\/www.hedera-etc.com\/de\/product\/hedera-iberica-monchique\/","title":{"rendered":"<em>Hedera iberica<\/em> &lsquo;Monchique&rsquo; &#8211; Spanischer Efeu"},"content":{"rendered":"<div data-elementor-type=\"product-post\" data-elementor-id=\"1956\" class=\"elementor elementor-1956\" data-elementor-post-type=\"product\">\n\t\t\t\t<div class=\"elementor-element elementor-element-766e5d09 e-con-full e-flex e-con e-child\" data-id=\"766e5d09\" data-element_type=\"container\">\n\t\t\t\t<div class=\"elementor-element elementor-element-1ec2bd9a elementor-widget elementor-widget-text-editor\" data-id=\"1ec2bd9a\" data-element_type=\"widget\" data-widget_type=\"text-editor.default\">\n\t\t\t\t<div class=\"elementor-widget-container\">\n\t\t\t\t\t\t\t\t\t<h2><span style=\"color: #f0ffed;\">Le lierre d&rsquo;Espagne\u00a0 &#8211; Hedera iberica &lsquo;Monchique&rsquo;<\/span><\/h2>\t\t\t\t\t\t\t\t<\/div>\n\t\t\t\t<\/div>\n\t\t\t\t<\/div>\n\t\t<div class=\"elementor-element elementor-element-1015fab1 e-flex e-con-boxed e-con e-parent\" data-id=\"1015fab1\" data-element_type=\"container\">\n\t\t\t\t\t<div class=\"e-con-inner\">\n\t\t<div class=\"elementor-element elementor-element-49074896 e-flex e-con-boxed e-con e-child\" data-id=\"49074896\" data-element_type=\"container\">\n\t\t\t\t\t<div class=\"e-con-inner\">\n\t\t\t\t<div class=\"elementor-element elementor-element-39fa74bf elementor-widget elementor-widget-heading\" data-id=\"39fa74bf\" data-element_type=\"widget\" data-widget_type=\"heading.default\">\n\t\t\t\t<div class=\"elementor-widget-container\">\n\t\t\t\t\t<h2 class=\"elementor-heading-title elementor-size-default\">Zusammenfassend<\/h2>\t\t\t\t<\/div>\n\t\t\t\t<\/div>\n\t\t\t\t<div class=\"elementor-element elementor-element-2aa21baf elementor-widget elementor-widget-text-editor\" data-id=\"2aa21baf\" data-element_type=\"widget\" data-widget_type=\"text-editor.default\">\n\t\t\t\t<div class=\"elementor-widget-container\">\n\t\t\t\t\t\t\t\t\t<p>Spanischer Efeu, <strong><em>Hedera iberica\u00a0<\/em>&lsquo;Monchique&rsquo;<\/strong>, Diese Sorte wurde von Dr. Mike Jones s\u00fcd\u00f6stlich von Monchique an der Algarve, Portugal, gefunden. Sie hat breite, olivgr\u00fcne, matte Bl\u00e4tter mit mehreren mehr oder weniger tiefen Einschnitten. Die l\u00e4nglichen Lappen weisen nach vorne.<\/p><p>Die jungen Bl\u00e4tter sind tiefrot gef\u00e4rbt. Sie entwickeln sich dann zu einem mehr oder weniger dunklen Gr\u00fcn.<\/p><p>Diese Sorte ist kr\u00e4ftiger als die Art. Sie bevorzugt schattige Lagen.<\/p>\t\t\t\t\t\t\t\t<\/div>\n\t\t\t\t<\/div>\n\t\t\t\t<div class=\"elementor-element elementor-element-f65618d elementor-widget elementor-widget-heading\" data-id=\"f65618d\" data-element_type=\"widget\" data-widget_type=\"heading.default\">\n\t\t\t\t<div class=\"elementor-widget-container\">\n\t\t\t\t\t<h2 class=\"elementor-heading-title elementor-size-default\">Geschichte<\/h2>\t\t\t\t<\/div>\n\t\t\t\t<\/div>\n\t\t\t\t<div class=\"elementor-element elementor-element-0a20fcb elementor-widget elementor-widget-text-editor\" data-id=\"0a20fcb\" data-element_type=\"widget\" data-widget_type=\"text-editor.default\">\n\t\t\t\t<div class=\"elementor-widget-container\">\n\t\t\t\t\t\t\t\t\t<p>Diese Sorte wurde 1988 von Dr. Mike Jones s\u00fcd\u00f6stlich von Monchique an der Algarve, Portugal, entdeckt.<\/p>\t\t\t\t\t\t\t\t<\/div>\n\t\t\t\t<\/div>\n\t\t\t\t<div class=\"elementor-element elementor-element-6ed9a6c9 elementor-widget elementor-widget-heading\" data-id=\"6ed9a6c9\" data-element_type=\"widget\" data-widget_type=\"heading.default\">\n\t\t\t\t<div class=\"elementor-widget-container\">\n\t\t\t\t\t<h2 class=\"elementor-heading-title elementor-size-default\">Technisches Datenblatt - Hedera iberica 'Monchique'<\/h2>\t\t\t\t<\/div>\n\t\t\t\t<\/div>\n\t\t\t\t<div class=\"elementor-element elementor-element-6867a85e elementor-widget elementor-widget-text-editor\" data-id=\"6867a85e\" data-element_type=\"widget\" data-widget_type=\"text-editor.default\">\n\t\t\t\t<div class=\"elementor-widget-container\">\n\t\t\t\t\t\t\t\t\t<h3>Botanische Informationen<\/h3><ul><li>Familie: Araliaceae<\/li><li>Gattung : <em><strong>Hedera<\/strong><\/em><\/li><li>Art : <em>iberica<\/em><\/li><li>Anbauen : &lsquo;Monchique&rsquo;<\/li><li>Pierot-Klassifikation: F\u00e4cherblatt-Efeu, Typus-Efeu<\/li><li>Blattstadium: juvenil<\/li><li>Herkunft der Art: Spanien und Portugal.<\/li><li>Herkunft des Kultivars :\u00a0<span style=\"font-family: Roboto, sans-serif; font-size: 16px; font-style: normal; font-variant-ligatures: normal; font-variant-caps: normal; font-weight: 400; background-color: #f8f8f7;\">gefunden von Dr. Mike Jones s\u00fcd\u00f6stlich von Monchique, Algarve, Portugal<\/span><\/li><\/ul><h3>\u00a0<\/h3><h3>Beschreibung von Hedera iberica &lsquo;Monchique&rsquo;<\/h3><ul><li>Hafen: erweitert<\/li><li>Anzahl der Blattlappen: in der Regel 3 Lappen<\/li><li>L\u00e4nge des Blattes: 6 cm<\/li><li>Breite des Blattes: 7 cm<\/li><li>Blattfarbe: mattes Olivgr\u00fcn<\/li><li>Farbe der Rippen: gr\u00fcn<\/li><li>Farbe von Trieb und Blattstiel: rot<\/li><li>Haare: sternf\u00f6rmig, 3 bis 5 Arme<\/li><\/ul><h3>\u00a0<\/h3><h3>Tipps zu Pflanzung, Anbau und Pflege f\u00fcr Hedera iberica &lsquo;Monchique&rsquo;<\/h3><ul><li>Standort: Schatten, Halbschatten<\/li><li>Winterh\u00e4rte: -15\u00b0C<\/li><li>Bodenfeuchtigkeit: frischer Boden<\/li><li>PH-Wert des Bodens: alle<\/li><li>Bodenart: alle<\/li><li>Bodenreichtum: gew\u00f6hnlich oder humos<\/li><li>Verwendung: Bodendecker, Kletterer, K\u00fcbel, Blumenk\u00e4sten<\/li><li>Entwicklung: schnell<\/li><li>Beschneiden: einmal im Jahr<\/li><li>Sch\u00e4dlinge: sehr selten (Rote Spinne, Schildl\u00e4use)<\/li><li>Krankheiten: sehr selten (Flecken auf den Bl\u00e4ttern)<\/li><\/ul>\t\t\t\t\t\t\t\t<\/div>\n\t\t\t\t<\/div>\n\t\t\t\t\t<\/div>\n\t\t\t\t<\/div>\n\t\t\t\t\t<\/div>\n\t\t\t\t<\/div>\n\t\t<div class=\"elementor-element elementor-element-28be9cc1 e-flex e-con-boxed e-con e-parent\" data-id=\"28be9cc1\" data-element_type=\"container\">\n\t\t\t\t\t<div class=\"e-con-inner\">\n\t\t\t\t<div class=\"elementor-element elementor-element-60e07555 elementor-widget elementor-widget-image\" data-id=\"60e07555\" data-element_type=\"widget\" data-widget_type=\"image.default\">\n\t\t\t\t<div class=\"elementor-widget-container\">\n\t\t\t\t\t\t\t\t\t\t\t\t\t\t\t<img fetchpriority=\"high\" decoding=\"async\" width=\"1024\" height=\"146\" src=\"https:\/\/www.hedera-etc.com\/wp-content\/uploads\/2023\/10\/guirlande-1024x146.webp\" class=\"attachment-large size-large wp-image-116\" alt=\"La boutique du lierre - Efeu-Girlande\" srcset=\"https:\/\/www.hedera-etc.com\/wp-content\/uploads\/2023\/10\/guirlande-1024x146.webp 1024w, https:\/\/www.hedera-etc.com\/wp-content\/uploads\/2023\/10\/guirlande-900x129.webp 900w, https:\/\/www.hedera-etc.com\/wp-content\/uploads\/2023\/10\/guirlande-300x43.webp 300w, https:\/\/www.hedera-etc.com\/wp-content\/uploads\/2023\/10\/guirlande-768x110.webp 768w, https:\/\/www.hedera-etc.com\/wp-content\/uploads\/2023\/10\/guirlande.webp 1126w\" sizes=\"(max-width: 1024px) 100vw, 1024px\" \/>\t\t\t\t\t\t\t\t\t\t\t\t\t\t\t<\/div>\n\t\t\t\t<\/div>\n\t\t\t\t<div class=\"elementor-element elementor-element-6192293b elementor-widget elementor-widget-text-editor\" data-id=\"6192293b\" data-element_type=\"widget\" data-widget_type=\"text-editor.default\">\n\t\t\t\t<div class=\"elementor-widget-container\">\n\t\t\t\t\t\t\t\t\t<h3 style=\"text-align: center;\"><span style=\"color: #008000;\">Efeu in der Literatur<\/span><\/h3><blockquote><p style=\"text-align: center;\"><span style=\"color: #993366;\">\u201cDer Efeu, frei und wild, findet seinen Weg in jede Ritze des Steins.<\/span><span style=\"color: #993366;\">\u201d<\/span><\/p><\/blockquote><h5 style=\"text-align: right;\"><strong>Walt Whitman<\/strong>, <em>Bl\u00e4tter von Gras<\/em><\/h5>\t\t\t\t\t\t\t\t<\/div>\n\t\t\t\t<\/div>\n\t\t\t\t\t<\/div>\n\t\t\t\t<\/div>\n\t\t\t\t<\/div>","protected":false},"excerpt":{"rendered":"<p>Breite, olivgr\u00fcne, matte Bl\u00e4tter mit mehreren mehr oder weniger tiefen Einschnitten. L\u00e4ngliche, nach vorn gerichtete Blattlappen.<\/p>\n<p>Junge Bl\u00e4tter tiefrot gef\u00e4rbt, die sich sp\u00e4ter zu einem mehr oder weniger dunklen Gr\u00fcn entwickeln.<\/p>\n<p>Kr\u00e4ftigerer Kultivar als die Art. Bevorzugt schattige Lagen.<\/p>","protected":false},"featured_media":13237,"comment_status":"open","ping_status":"closed","template":"","meta":{"_acf_changed":false,"ocean_post_layout":"","ocean_both_sidebars_style":"","ocean_both_sidebars_content_width":0,"ocean_both_sidebars_sidebars_width":0,"ocean_sidebar":"0","ocean_second_sidebar":"0","ocean_disable_margins":"enable","ocean_add_body_class":"","ocean_shortcode_before_top_bar":"","ocean_shortcode_after_top_bar":"","ocean_shortcode_before_header":"","ocean_shortcode_after_header":"","ocean_has_shortcode":"","ocean_shortcode_after_title":"","ocean_shortcode_before_footer_widgets":"","ocean_shortcode_after_footer_widgets":"","ocean_shortcode_before_footer_bottom":"","ocean_shortcode_after_footer_bottom":"","ocean_display_top_bar":"default","ocean_display_header":"default","ocean_header_style":"","ocean_center_header_left_menu":"0","ocean_custom_header_template":"0","ocean_custom_logo":0,"ocean_custom_retina_logo":0,"ocean_custom_logo_max_width":0,"ocean_custom_logo_tablet_max_width":0,"ocean_custom_logo_mobile_max_width":0,"ocean_custom_logo_max_height":0,"ocean_custom_logo_tablet_max_height":0,"ocean_custom_logo_mobile_max_height":0,"ocean_header_custom_menu":"0","ocean_menu_typo_font_family":"0","ocean_menu_typo_font_subset":"","ocean_menu_typo_font_size":0,"ocean_menu_typo_font_size_tablet":0,"ocean_menu_typo_font_size_mobile":0,"ocean_menu_typo_font_size_unit":"px","ocean_menu_typo_font_weight":"","ocean_menu_typo_font_weight_tablet":"","ocean_menu_typo_font_weight_mobile":"","ocean_menu_typo_transform":"","ocean_menu_typo_transform_tablet":"","ocean_menu_typo_transform_mobile":"","ocean_menu_typo_line_height":0,"ocean_menu_typo_line_height_tablet":0,"ocean_menu_typo_line_height_mobile":0,"ocean_menu_typo_line_height_unit":"","ocean_menu_typo_spacing":0,"ocean_menu_typo_spacing_tablet":0,"ocean_menu_typo_spacing_mobile":0,"ocean_menu_typo_spacing_unit":"","ocean_menu_link_color":"","ocean_menu_link_color_hover":"","ocean_menu_link_color_active":"","ocean_menu_link_background":"","ocean_menu_link_hover_background":"","ocean_menu_link_active_background":"","ocean_menu_social_links_bg":"","ocean_menu_social_hover_links_bg":"","ocean_menu_social_links_color":"","ocean_menu_social_hover_links_color":"","ocean_disable_title":"default","ocean_disable_heading":"default","ocean_post_title":"","ocean_post_subheading":"","ocean_post_title_style":"","ocean_post_title_background_color":"","ocean_post_title_background":0,"ocean_post_title_bg_image_position":"","ocean_post_title_bg_image_attachment":"","ocean_post_title_bg_image_repeat":"","ocean_post_title_bg_image_size":"","ocean_post_title_height":0,"ocean_post_title_bg_overlay":0.5,"ocean_post_title_bg_overlay_color":"","ocean_disable_breadcrumbs":"default","ocean_breadcrumbs_color":"","ocean_breadcrumbs_separator_color":"","ocean_breadcrumbs_links_color":"","ocean_breadcrumbs_links_hover_color":"","ocean_display_footer_widgets":"default","ocean_display_footer_bottom":"default","ocean_custom_footer_template":"0"},"product_brand":[],"product_cat":[134],"product_tag":[],"class_list":{"0":"post-1956","1":"product","2":"type-product","3":"status-publish","4":"has-post-thumbnail","6":"product_cat-lierre","8":"entry","9":"has-media","11":"first","12":"instock","13":"purchasable","14":"product-type-variable","15":"has-default-attributes","16":"has-product-nav","17":"col","18":"span_1_of_4","19":"owp-content-center","20":"item-entry","21":"owp-thumbs-layout-horizontal","22":"owp-btn-normal","23":"owp-tabs-layout-section"},"acf":[],"jetpack_sharing_enabled":true,"_links":{"self":[{"href":"https:\/\/www.hedera-etc.com\/de\/wp-json\/wp\/v2\/product\/1956","targetHints":{"allow":["GET"]}}],"collection":[{"href":"https:\/\/www.hedera-etc.com\/de\/wp-json\/wp\/v2\/product"}],"about":[{"href":"https:\/\/www.hedera-etc.com\/de\/wp-json\/wp\/v2\/types\/product"}],"replies":[{"embeddable":true,"href":"https:\/\/www.hedera-etc.com\/de\/wp-json\/wp\/v2\/comments?post=1956"}],"version-history":[{"count":3,"href":"https:\/\/www.hedera-etc.com\/de\/wp-json\/wp\/v2\/product\/1956\/revisions"}],"predecessor-version":[{"id":13236,"href":"https:\/\/www.hedera-etc.com\/de\/wp-json\/wp\/v2\/product\/1956\/revisions\/13236"}],"wp:featuredmedia":[{"embeddable":true,"href":"https:\/\/www.hedera-etc.com\/de\/wp-json\/wp\/v2\/media\/13237"}],"wp:attachment":[{"href":"https:\/\/www.hedera-etc.com\/de\/wp-json\/wp\/v2\/media?parent=1956"}],"wp:term":[{"taxonomy":"product_brand","embeddable":true,"href":"https:\/\/www.hedera-etc.com\/de\/wp-json\/wp\/v2\/product_brand?post=1956"},{"taxonomy":"product_cat","embeddable":true,"href":"https:\/\/www.hedera-etc.com\/de\/wp-json\/wp\/v2\/product_cat?post=1956"},{"taxonomy":"product_tag","embeddable":true,"href":"https:\/\/www.hedera-etc.com\/de\/wp-json\/wp\/v2\/product_tag?post=1956"}],"curies":[{"name":"wp","href":"https:\/\/api.w.org\/{rel}","templated":true}]}}

<div data-elementor-type="product-post" data-elementor-id="1956" class="elementor elementor-1956" data-elementor-post-type="product">
				<div class="elementor-element elementor-element-766e5d09 e-con-full e-flex e-con e-child" data-id="766e5d09" data-element_type="container">
				<div class="elementor-element elementor-element-1ec2bd9a elementor-widget elementor-widget-text-editor" data-id="1ec2bd9a" data-element_type="widget" data-widget_type="text-editor.default">
				<div class="elementor-widget-container">
									<h2><span style="color: #f0ffed;">Le lierre d&rsquo;Espagne  &#8211; Hedera iberica &lsquo;Monchique&rsquo;</span></h2>								</div>
				</div>
				</div>
		<div class="elementor-element elementor-element-1015fab1 e-flex e-con-boxed e-con e-parent" data-id="1015fab1" data-element_type="container">
					<div class="e-con-inner">
		<div class="elementor-element elementor-element-49074896 e-flex e-con-boxed e-con e-child" data-id="49074896" data-element_type="container">
					<div class="e-con-inner">
				<div class="elementor-element elementor-element-39fa74bf elementor-widget elementor-widget-heading" data-id="39fa74bf" data-element_type="widget" data-widget_type="heading.default">
				<div class="elementor-widget-container">
					<h2 class="elementor-heading-title elementor-size-default">Zusammenfassend</h2>				</div>
				</div>
				<div class="elementor-element elementor-element-2aa21baf elementor-widget elementor-widget-text-editor" data-id="2aa21baf" data-element_type="widget" data-widget_type="text-editor.default">
				<div class="elementor-widget-container">
									<p>Spanischer Efeu, <strong><em>Hedera iberica </em>&lsquo;Monchique&rsquo;</strong>, Diese Sorte wurde von Dr. Mike Jones südöstlich von Monchique an der Algarve, Portugal, gefunden. Sie hat breite, olivgrüne, matte Blätter mit mehreren mehr oder weniger tiefen Einschnitten. Die länglichen Lappen weisen nach vorne.</p><p>Die jungen Blätter sind tiefrot gefärbt. Sie entwickeln sich dann zu einem mehr oder weniger dunklen Grün.</p><p>Diese Sorte ist kräftiger als die Art. Sie bevorzugt schattige Lagen.</p>								</div>
				</div>
				<div class="elementor-element elementor-element-f65618d elementor-widget elementor-widget-heading" data-id="f65618d" data-element_type="widget" data-widget_type="heading.default">
				<div class="elementor-widget-container">
					<h2 class="elementor-heading-title elementor-size-default">Geschichte</h2>				</div>
				</div>
				<div class="elementor-element elementor-element-0a20fcb elementor-widget elementor-widget-text-editor" data-id="0a20fcb" data-element_type="widget" data-widget_type="text-editor.default">
				<div class="elementor-widget-container">
									<p>Diese Sorte wurde 1988 von Dr. Mike Jones südöstlich von Monchique an der Algarve, Portugal, entdeckt.</p>								</div>
				</div>
				<div class="elementor-element elementor-element-6ed9a6c9 elementor-widget elementor-widget-heading" data-id="6ed9a6c9" data-element_type="widget" data-widget_type="heading.default">
				<div class="elementor-widget-container">
					<h2 class="elementor-heading-title elementor-size-default">Technisches Datenblatt - Hedera iberica 'Monchique'</h2>				</div>
				</div>
				<div class="elementor-element elementor-element-6867a85e elementor-widget elementor-widget-text-editor" data-id="6867a85e" data-element_type="widget" data-widget_type="text-editor.default">
				<div class="elementor-widget-container">
									<h3>Botanische Informationen</h3><ul><li>Familie: Araliaceae</li><li>Gattung : <em><strong>Hedera</strong></em></li><li>Art : <em>iberica</em></li><li>Anbauen : &lsquo;Monchique&rsquo;</li><li>Pierot-Klassifikation: Fächerblatt-Efeu, Typus-Efeu</li><li>Blattstadium: juvenil</li><li>Herkunft der Art: Spanien und Portugal.</li><li>Herkunft des Kultivars : <span style="font-family: Roboto, sans-serif; font-size: 16px; font-style: normal; font-variant-ligatures: normal; font-variant-caps: normal; font-weight: 400; background-color: #f8f8f7;">gefunden von Dr. Mike Jones südöstlich von Monchique, Algarve, Portugal</span></li></ul><h3> </h3><h3>Beschreibung von Hedera iberica &lsquo;Monchique&rsquo;</h3><ul><li>Hafen: erweitert</li><li>Anzahl der Blattlappen: in der Regel 3 Lappen</li><li>Länge des Blattes: 6 cm</li><li>Breite des Blattes: 7 cm</li><li>Blattfarbe: mattes Olivgrün</li><li>Farbe der Rippen: grün</li><li>Farbe von Trieb und Blattstiel: rot</li><li>Haare: sternförmig, 3 bis 5 Arme</li></ul><h3> </h3><h3>Tipps zu Pflanzung, Anbau und Pflege für Hedera iberica &lsquo;Monchique&rsquo;</h3><ul><li>Standort: Schatten, Halbschatten</li><li>Winterhärte: -15°C</li><li>Bodenfeuchtigkeit: frischer Boden</li><li>PH-Wert des Bodens: alle</li><li>Bodenart: alle</li><li>Bodenreichtum: gewöhnlich oder humos</li><li>Verwendung: Bodendecker, Kletterer, Kübel, Blumenkästen</li><li>Entwicklung: schnell</li><li>Beschneiden: einmal im Jahr</li><li>Schädlinge: sehr selten (Rote Spinne, Schildläuse)</li><li>Krankheiten: sehr selten (Flecken auf den Blättern)</li></ul>								</div>
				</div>
					</div>
				</div>
					</div>
				</div>
		<div class="elementor-element elementor-element-28be9cc1 e-flex e-con-boxed e-con e-parent" data-id="28be9cc1" data-element_type="container">
					<div class="e-con-inner">
				<div class="elementor-element elementor-element-60e07555 elementor-widget elementor-widget-image" data-id="60e07555" data-element_type="widget" data-widget_type="image.default">
				<div class="elementor-widget-container">
															<img fetchpriority="high" decoding="async" width="1024" height="146" src="https://www.hedera-etc.com/wp-content/uploads/2023/10/guirlande-1024x146.webp" class="attachment-large size-large wp-image-116" alt="La boutique du lierre - Efeu-Girlande" srcset="https://www.hedera-etc.com/wp-content/uploads/2023/10/guirlande-1024x146.webp 1024w, https://www.hedera-etc.com/wp-content/uploads/2023/10/guirlande-900x129.webp 900w, https://www.hedera-etc.com/wp-content/uploads/2023/10/guirlande-300x43.webp 300w, https://www.hedera-etc.com/wp-content/uploads/2023/10/guirlande-768x110.webp 768w, https://www.hedera-etc.com/wp-content/uploads/2023/10/guirlande.webp 1126w" sizes="(max-width: 1024px) 100vw, 1024px" />															</div>
				</div>
				<div class="elementor-element elementor-element-6192293b elementor-widget elementor-widget-text-editor" data-id="6192293b" data-element_type="widget" data-widget_type="text-editor.default">
				<div class="elementor-widget-container">
									<h3 style="text-align: center;"><span style="color: #008000;">Efeu in der Literatur</span></h3><blockquote><p style="text-align: center;"><span style="color: #993366;">“Der Efeu, frei und wild, findet seinen Weg in jede Ritze des Steins.</span><span style="color: #993366;">”</span></p></blockquote><h5 style="text-align: right;"><strong>Walt Whitman</strong>, <em>Blätter von Gras</em></h5>								</div>
				</div>
					</div>
				</div>
				</div>

<p>Breite, olivgrüne, matte Blätter mit mehreren mehr oder weniger tiefen Einschnitten. Längliche, nach vorn gerichtete Blattlappen.</p>
<p>Junge Blätter tiefrot gefärbt, die sich später zu einem mehr oder weniger dunklen Grün entwickeln.</p>
<p>Kräftigerer Kultivar als die Art. Bevorzugt schattige Lagen.</p>
