{"id":243,"date":"2023-10-26T16:32:23","date_gmt":"2023-10-26T14:32:23","guid":{"rendered":"https:\/\/www.hedera-etc.com\/?post_type=product&#038;p=243"},"modified":"2026-04-28T07:09:32","modified_gmt":"2026-04-28T05:09:32","slug":"hedera-helix-colin","status":"publish","type":"product","link":"https:\/\/www.hedera-etc.com\/de\/product\/hedera-helix-colin\/","title":{"rendered":"<em>Hedera helix<\/em> &lsquo;Colin&rsquo; &#8211; Zier-Efeu"},"content":{"rendered":"<div data-elementor-type=\"product-post\" data-elementor-id=\"243\" class=\"elementor elementor-243\" data-elementor-post-type=\"product\">\n\t\t\t\t<div class=\"elementor-element elementor-element-6ef8471a e-con-full e-flex e-con e-child\" data-id=\"6ef8471a\" data-element_type=\"container\">\n\t\t\t\t<div class=\"elementor-element elementor-element-5887ce30 elementor-widget elementor-widget-text-editor\" data-id=\"5887ce30\" data-element_type=\"widget\" data-widget_type=\"text-editor.default\">\n\t\t\t\t<div class=\"elementor-widget-container\">\n\t\t\t\t\t\t\t\t\t<h2 style=\"font-variant-ligatures: normal; font-variant-caps: normal; font-family: Spectral, sans-serif; font-style: normal;\"><span style=\"font-size: 30px; color: #f0ffed;\">Der Zier-Efeu\u00a0 &#8211; Hedera helix &lsquo;Colin&rsquo;<\/span><\/h2>\t\t\t\t\t\t\t\t<\/div>\n\t\t\t\t<\/div>\n\t\t\t\t<\/div>\n\t\t<div class=\"elementor-element elementor-element-38a69a9 e-flex e-con-boxed e-con e-parent\" data-id=\"38a69a9\" data-element_type=\"container\">\n\t\t\t\t\t<div class=\"e-con-inner\">\n\t\t<div class=\"elementor-element elementor-element-2fcd5c48 e-flex e-con-boxed e-con e-child\" data-id=\"2fcd5c48\" data-element_type=\"container\">\n\t\t\t\t\t<div class=\"e-con-inner\">\n\t\t\t\t<div class=\"elementor-element elementor-element-af1845f elementor-widget elementor-widget-heading\" data-id=\"af1845f\" data-element_type=\"widget\" data-widget_type=\"heading.default\">\n\t\t\t\t<div class=\"elementor-widget-container\">\n\t\t\t\t\t<h2 class=\"elementor-heading-title elementor-size-default\">Zusammenfassend<\/h2>\t\t\t\t<\/div>\n\t\t\t\t<\/div>\n\t\t\t\t<div class=\"elementor-element elementor-element-2c7e7588 elementor-widget elementor-widget-text-editor\" data-id=\"2c7e7588\" data-element_type=\"widget\" data-widget_type=\"text-editor.default\">\n\t\t\t\t<div class=\"elementor-widget-container\">\n\t\t\t\t\t\t\t\t\t<p>Zier-Efeu, <strong><em>Hedera helix<\/em> &lsquo;Colin&rsquo;<\/strong>, ist ein kr\u00e4ftiger, kletternder Efeu.<\/p><p>Die Bl\u00e4tter sind recht klein und bestehen aus 5 bis 7 spitzen Lappen. Sie sind wie in sich zusammengerollt und haben gekr\u00e4uselte, gezackte R\u00e4nder. Die Blattspreite ist mittelgr\u00fcn und wird oft durch die vielen wei\u00dflichen Haare, die wie eine Panaschierung wirken, schattiert. Die Adern werden bei K\u00e4lte rot. Die St\u00e4ngel sind verzweigt mit mittelgro\u00dfen Internodien.<\/p><p>Dieser Efeu ist trocken- und sonnenbest\u00e4ndig. Er kann in gro\u00dfen T\u00f6pfen verwendet werden... Es ist eine einfach zu verwendende Sorte mit dem sch\u00f6nsten Effekt.<\/p>\t\t\t\t\t\t\t\t<\/div>\n\t\t\t\t<\/div>\n\t\t\t\t<div class=\"elementor-element elementor-element-2c6a55ce elementor-widget elementor-widget-heading\" data-id=\"2c6a55ce\" data-element_type=\"widget\" data-widget_type=\"heading.default\">\n\t\t\t\t<div class=\"elementor-widget-container\">\n\t\t\t\t\t<h2 class=\"elementor-heading-title elementor-size-default\">Geschichte<\/h2>\t\t\t\t<\/div>\n\t\t\t\t<\/div>\n\t\t\t\t<div class=\"elementor-element elementor-element-1d900beb elementor-widget elementor-widget-text-editor\" data-id=\"1d900beb\" data-element_type=\"widget\" data-widget_type=\"text-editor.default\">\n\t\t\t\t<div class=\"elementor-widget-container\">\n\t\t\t\t\t\t\t\t\t<p>Diese Sorte wurde 2001 von den Fibrex-G\u00e4rtnereien eingef\u00fchrt.<\/p>\t\t\t\t\t\t\t\t<\/div>\n\t\t\t\t<\/div>\n\t\t\t\t<div class=\"elementor-element elementor-element-5dccbe48 elementor-widget elementor-widget-heading\" data-id=\"5dccbe48\" data-element_type=\"widget\" data-widget_type=\"heading.default\">\n\t\t\t\t<div class=\"elementor-widget-container\">\n\t\t\t\t\t<h2 class=\"elementor-heading-title elementor-size-default\">Detailansicht - Hedera helix 'Colin'<\/h2>\t\t\t\t<\/div>\n\t\t\t\t<\/div>\n\t\t\t\t<div class=\"elementor-element elementor-element-1a89e4a2 elementor-widget elementor-widget-text-editor\" data-id=\"1a89e4a2\" data-element_type=\"widget\" data-widget_type=\"text-editor.default\">\n\t\t\t\t<div class=\"elementor-widget-container\">\n\t\t\t\t\t\t\t\t\t<h3>Botanische Informationen<\/h3>\n<ul>\n<li>Familie: Araliaceae<\/li>\n<li>Gattung : <em><strong>Hedera<\/strong><\/em><\/li>\n<li>Art : <em>helix<\/em><\/li>\n<li>Anbauen : &lsquo;Colin&rsquo;<\/li>\n<li>Pierot-Klassifikation: Efeu mit wellig-gekr\u00e4uselten Bl\u00e4ttern<\/li>\n<li>Blattstadium: juvenil<\/li>\n<li>Herkunft der Art: Europa, von Spanien bis Norwegen, aber kaum an der Atlantikk\u00fcste.<\/li>\n<li>Herkunft der Sorte: 2001 durch Fibrex-Baumschulen eingef\u00fchrt.<\/li>\n<\/ul>\n<h3>&nbsp;<\/h3>\n<h3>Beschreibung von Hedera helix &lsquo;Colin&rsquo;<\/h3>\n<ul>\n<li>Wuchsform: Bodendecker<\/li>\n<li>Anzahl der Blattlappen: in der Regel 3 Lappen<\/li>\n<li>L\u00e4nge des Blattes: 4 cm<\/li>\n<li>Breite des Blattes: 4 cm<\/li>\n<li>Blattfarbe: mittelgr\u00fcn<\/li>\n<li>Farbe der Rippen: hellgr\u00fcn<\/li>\n<li>Farbe Stiel und Blattstiel: rosa-gr\u00fcn<\/li>\n<li>Verzweigungen: wenig verzweigt<\/li>\n<li>Haare: sternf\u00f6rmig, 3 bis 5 Arme<\/li>\n<\/ul>\n<h3>&nbsp;<\/h3>\n<h3>Tipps zu Pflanzung, Anbau und Pflege f\u00fcr Hedera helix &lsquo;Colin&rsquo;<\/h3>\n<ul>\n<li>Standort: Sonne, Halbschatten<\/li>\n<li>Winterh\u00e4rte: -15\u00b0C<\/li>\n<li>Bodenfeuchtigkeit: frischer Boden<\/li>\n<li>PH-Wert des Bodens: neutral oder kalkhaltig<\/li>\n<li>Bodenart: alle<\/li>\n<li>Bodenreichtum: gew\u00f6hnlich oder humos<\/li>\n<li>Verwendung: Kletterpflanze, T\u00f6pfe, Blumenk\u00e4sten, H\u00e4ngeampeln<\/li>\n<li>Entwicklung: mittel<\/li>\n<li>Beschneiden: einmal im Jahr<\/li>\n<li>Sch\u00e4dlinge: sehr selten (Rote Spinne, Schildl\u00e4use)<\/li>\n<li>Krankheiten: sehr selten (Flecken auf den Bl\u00e4ttern)<\/li>\n<\/ul>\t\t\t\t\t\t\t\t<\/div>\n\t\t\t\t<\/div>\n\t\t\t\t\t<\/div>\n\t\t\t\t<\/div>\n\t\t\t\t\t<\/div>\n\t\t\t\t<\/div>\n\t\t<div class=\"elementor-element elementor-element-26684b2b e-flex e-con-boxed e-con e-parent\" data-id=\"26684b2b\" data-element_type=\"container\">\n\t\t\t\t\t<div class=\"e-con-inner\">\n\t\t\t\t<div class=\"elementor-element elementor-element-2154f0e2 elementor-widget elementor-widget-image\" data-id=\"2154f0e2\" data-element_type=\"widget\" data-widget_type=\"image.default\">\n\t\t\t\t<div class=\"elementor-widget-container\">\n\t\t\t\t\t\t\t\t\t\t\t\t\t\t\t<img fetchpriority=\"high\" decoding=\"async\" width=\"1024\" height=\"146\" src=\"https:\/\/www.hedera-etc.com\/wp-content\/uploads\/2023\/10\/guirlande-1024x146.webp\" class=\"attachment-large size-large wp-image-116\" alt=\"La boutique du lierre - Efeu-Girlande\" srcset=\"https:\/\/www.hedera-etc.com\/wp-content\/uploads\/2023\/10\/guirlande-1024x146.webp 1024w, https:\/\/www.hedera-etc.com\/wp-content\/uploads\/2023\/10\/guirlande-900x129.webp 900w, https:\/\/www.hedera-etc.com\/wp-content\/uploads\/2023\/10\/guirlande-300x43.webp 300w, https:\/\/www.hedera-etc.com\/wp-content\/uploads\/2023\/10\/guirlande-768x110.webp 768w, https:\/\/www.hedera-etc.com\/wp-content\/uploads\/2023\/10\/guirlande.webp 1126w\" sizes=\"(max-width: 1024px) 100vw, 1024px\" \/>\t\t\t\t\t\t\t\t\t\t\t\t\t\t\t<\/div>\n\t\t\t\t<\/div>\n\t\t\t\t<div class=\"elementor-element elementor-element-74c4e090 elementor-widget elementor-widget-text-editor\" data-id=\"74c4e090\" data-element_type=\"widget\" data-widget_type=\"text-editor.default\">\n\t\t\t\t<div class=\"elementor-widget-container\">\n\t\t\t\t\t\t\t\t\t<h3 style=\"text-align: center;\"><span style=\"color: #008000;\">Efeu in der Literatur<\/span><\/h3><blockquote><p style=\"text-align: center;\"><span style=\"color: #993366;\">\u201cDas alte, mit Efeu bewachsene Tor schien l\u00e4ngst vergessene Geheimnisse zu verbergen.<\/span><span style=\"color: #993366;\">\u201d<\/span><\/p><\/blockquote><h5 style=\"text-align: right;\"><strong>Charles Dickens<\/strong>, <em>Die kleine Dorrit<\/em><\/h5>\t\t\t\t\t\t\t\t<\/div>\n\t\t\t\t<\/div>\n\t\t\t\t\t<\/div>\n\t\t\t\t<\/div>\n\t\t\t\t<\/div>","protected":false},"excerpt":{"rendered":"<p>Kr\u00e4ftiger kletternder Efeu.<\/p>\n<p>Die Bl\u00e4tter sind recht klein und bestehen aus 5 bis 7 spitzen Lappen, die wie in sich zusammengerollt sind und deren R\u00e4nder gekr\u00e4uselt sind. Mittelgr\u00fcne Blattspreite, die oft durch viele wei\u00dfliche Haare, die wie eine Panaschierung wirken, nuanciert wird. Adern bei K\u00e4lte rot gef\u00e4rbt. St\u00e4ngel verzweigt, mit mittelgro\u00dfen Internodien.<\/p>\n<p>Trocken- und sonnenbest\u00e4ndiger Efeu. Kann in gro\u00dfen T\u00f6pfen verwendet werden... Die Sorte ist einfach zu verwenden und hat den sch\u00f6nsten Effekt.<\/p>","protected":false},"featured_media":244,"comment_status":"open","ping_status":"closed","template":"","meta":{"_acf_changed":false,"ocean_post_layout":"","ocean_both_sidebars_style":"","ocean_both_sidebars_content_width":0,"ocean_both_sidebars_sidebars_width":0,"ocean_sidebar":"0","ocean_second_sidebar":"0","ocean_disable_margins":"enable","ocean_add_body_class":"","ocean_shortcode_before_top_bar":"","ocean_shortcode_after_top_bar":"","ocean_shortcode_before_header":"","ocean_shortcode_after_header":"","ocean_has_shortcode":"","ocean_shortcode_after_title":"","ocean_shortcode_before_footer_widgets":"","ocean_shortcode_after_footer_widgets":"","ocean_shortcode_before_footer_bottom":"","ocean_shortcode_after_footer_bottom":"","ocean_display_top_bar":"default","ocean_display_header":"default","ocean_header_style":"","ocean_center_header_left_menu":"0","ocean_custom_header_template":"0","ocean_custom_logo":0,"ocean_custom_retina_logo":0,"ocean_custom_logo_max_width":0,"ocean_custom_logo_tablet_max_width":0,"ocean_custom_logo_mobile_max_width":0,"ocean_custom_logo_max_height":0,"ocean_custom_logo_tablet_max_height":0,"ocean_custom_logo_mobile_max_height":0,"ocean_header_custom_menu":"0","ocean_menu_typo_font_family":"0","ocean_menu_typo_font_subset":"","ocean_menu_typo_font_size":0,"ocean_menu_typo_font_size_tablet":0,"ocean_menu_typo_font_size_mobile":0,"ocean_menu_typo_font_size_unit":"px","ocean_menu_typo_font_weight":"","ocean_menu_typo_font_weight_tablet":"","ocean_menu_typo_font_weight_mobile":"","ocean_menu_typo_transform":"","ocean_menu_typo_transform_tablet":"","ocean_menu_typo_transform_mobile":"","ocean_menu_typo_line_height":0,"ocean_menu_typo_line_height_tablet":0,"ocean_menu_typo_line_height_mobile":0,"ocean_menu_typo_line_height_unit":"","ocean_menu_typo_spacing":0,"ocean_menu_typo_spacing_tablet":0,"ocean_menu_typo_spacing_mobile":0,"ocean_menu_typo_spacing_unit":"","ocean_menu_link_color":"","ocean_menu_link_color_hover":"","ocean_menu_link_color_active":"","ocean_menu_link_background":"","ocean_menu_link_hover_background":"","ocean_menu_link_active_background":"","ocean_menu_social_links_bg":"","ocean_menu_social_hover_links_bg":"","ocean_menu_social_links_color":"","ocean_menu_social_hover_links_color":"","ocean_disable_title":"default","ocean_disable_heading":"default","ocean_post_title":"","ocean_post_subheading":"","ocean_post_title_style":"","ocean_post_title_background_color":"","ocean_post_title_background":0,"ocean_post_title_bg_image_position":"","ocean_post_title_bg_image_attachment":"","ocean_post_title_bg_image_repeat":"","ocean_post_title_bg_image_size":"","ocean_post_title_height":0,"ocean_post_title_bg_overlay":0.5,"ocean_post_title_bg_overlay_color":"","ocean_disable_breadcrumbs":"default","ocean_breadcrumbs_color":"","ocean_breadcrumbs_separator_color":"","ocean_breadcrumbs_links_color":"","ocean_breadcrumbs_links_hover_color":"","ocean_display_footer_widgets":"default","ocean_display_footer_bottom":"default","ocean_custom_footer_template":"0"},"product_brand":[],"product_cat":[134],"product_tag":[],"class_list":{"0":"post-243","1":"product","2":"type-product","3":"status-publish","4":"has-post-thumbnail","6":"product_cat-lierre","8":"entry","9":"has-media","11":"first","12":"instock","13":"purchasable","14":"product-type-variable","15":"has-default-attributes","16":"has-product-nav","17":"col","18":"span_1_of_4","19":"owp-content-center","20":"item-entry","21":"owp-thumbs-layout-horizontal","22":"owp-btn-normal","23":"owp-tabs-layout-section"},"acf":[],"jetpack_sharing_enabled":true,"_links":{"self":[{"href":"https:\/\/www.hedera-etc.com\/de\/wp-json\/wp\/v2\/product\/243","targetHints":{"allow":["GET"]}}],"collection":[{"href":"https:\/\/www.hedera-etc.com\/de\/wp-json\/wp\/v2\/product"}],"about":[{"href":"https:\/\/www.hedera-etc.com\/de\/wp-json\/wp\/v2\/types\/product"}],"replies":[{"embeddable":true,"href":"https:\/\/www.hedera-etc.com\/de\/wp-json\/wp\/v2\/comments?post=243"}],"version-history":[{"count":4,"href":"https:\/\/www.hedera-etc.com\/de\/wp-json\/wp\/v2\/product\/243\/revisions"}],"predecessor-version":[{"id":18478,"href":"https:\/\/www.hedera-etc.com\/de\/wp-json\/wp\/v2\/product\/243\/revisions\/18478"}],"wp:featuredmedia":[{"embeddable":true,"href":"https:\/\/www.hedera-etc.com\/de\/wp-json\/wp\/v2\/media\/244"}],"wp:attachment":[{"href":"https:\/\/www.hedera-etc.com\/de\/wp-json\/wp\/v2\/media?parent=243"}],"wp:term":[{"taxonomy":"product_brand","embeddable":true,"href":"https:\/\/www.hedera-etc.com\/de\/wp-json\/wp\/v2\/product_brand?post=243"},{"taxonomy":"product_cat","embeddable":true,"href":"https:\/\/www.hedera-etc.com\/de\/wp-json\/wp\/v2\/product_cat?post=243"},{"taxonomy":"product_tag","embeddable":true,"href":"https:\/\/www.hedera-etc.com\/de\/wp-json\/wp\/v2\/product_tag?post=243"}],"curies":[{"name":"wp","href":"https:\/\/api.w.org\/{rel}","templated":true}]}}

<div data-elementor-type="product-post" data-elementor-id="243" class="elementor elementor-243" data-elementor-post-type="product">
				<div class="elementor-element elementor-element-6ef8471a e-con-full e-flex e-con e-child" data-id="6ef8471a" data-element_type="container">
				<div class="elementor-element elementor-element-5887ce30 elementor-widget elementor-widget-text-editor" data-id="5887ce30" data-element_type="widget" data-widget_type="text-editor.default">
				<div class="elementor-widget-container">
									<h2 style="font-variant-ligatures: normal; font-variant-caps: normal; font-family: Spectral, sans-serif; font-style: normal;"><span style="font-size: 30px; color: #f0ffed;">Der Zier-Efeu  &#8211; Hedera helix &lsquo;Colin&rsquo;</span></h2>								</div>
				</div>
				</div>
		<div class="elementor-element elementor-element-38a69a9 e-flex e-con-boxed e-con e-parent" data-id="38a69a9" data-element_type="container">
					<div class="e-con-inner">
		<div class="elementor-element elementor-element-2fcd5c48 e-flex e-con-boxed e-con e-child" data-id="2fcd5c48" data-element_type="container">
					<div class="e-con-inner">
				<div class="elementor-element elementor-element-af1845f elementor-widget elementor-widget-heading" data-id="af1845f" data-element_type="widget" data-widget_type="heading.default">
				<div class="elementor-widget-container">
					<h2 class="elementor-heading-title elementor-size-default">Zusammenfassend</h2>				</div>
				</div>
				<div class="elementor-element elementor-element-2c7e7588 elementor-widget elementor-widget-text-editor" data-id="2c7e7588" data-element_type="widget" data-widget_type="text-editor.default">
				<div class="elementor-widget-container">
									<p>Zier-Efeu, <strong><em>Hedera helix</em> &lsquo;Colin&rsquo;</strong>, ist ein kräftiger, kletternder Efeu.</p><p>Die Blätter sind recht klein und bestehen aus 5 bis 7 spitzen Lappen. Sie sind wie in sich zusammengerollt und haben gekräuselte, gezackte Ränder. Die Blattspreite ist mittelgrün und wird oft durch die vielen weißlichen Haare, die wie eine Panaschierung wirken, schattiert. Die Adern werden bei Kälte rot. Die Stängel sind verzweigt mit mittelgroßen Internodien.</p><p>Dieser Efeu ist trocken- und sonnenbeständig. Er kann in großen Töpfen verwendet werden... Es ist eine einfach zu verwendende Sorte mit dem schönsten Effekt.</p>								</div>
				</div>
				<div class="elementor-element elementor-element-2c6a55ce elementor-widget elementor-widget-heading" data-id="2c6a55ce" data-element_type="widget" data-widget_type="heading.default">
				<div class="elementor-widget-container">
					<h2 class="elementor-heading-title elementor-size-default">Geschichte</h2>				</div>
				</div>
				<div class="elementor-element elementor-element-1d900beb elementor-widget elementor-widget-text-editor" data-id="1d900beb" data-element_type="widget" data-widget_type="text-editor.default">
				<div class="elementor-widget-container">
									<p>Diese Sorte wurde 2001 von den Fibrex-Gärtnereien eingeführt.</p>								</div>
				</div>
				<div class="elementor-element elementor-element-5dccbe48 elementor-widget elementor-widget-heading" data-id="5dccbe48" data-element_type="widget" data-widget_type="heading.default">
				<div class="elementor-widget-container">
					<h2 class="elementor-heading-title elementor-size-default">Detailansicht - Hedera helix 'Colin'</h2>				</div>
				</div>
				<div class="elementor-element elementor-element-1a89e4a2 elementor-widget elementor-widget-text-editor" data-id="1a89e4a2" data-element_type="widget" data-widget_type="text-editor.default">
				<div class="elementor-widget-container">
									<h3>Botanische Informationen</h3>
<ul>
<li>Familie: Araliaceae</li>
<li>Gattung : <em><strong>Hedera</strong></em></li>
<li>Art : <em>helix</em></li>
<li>Anbauen : &lsquo;Colin&rsquo;</li>
<li>Pierot-Klassifikation: Efeu mit wellig-gekräuselten Blättern</li>
<li>Blattstadium: juvenil</li>
<li>Herkunft der Art: Europa, von Spanien bis Norwegen, aber kaum an der Atlantikküste.</li>
<li>Herkunft der Sorte: 2001 durch Fibrex-Baumschulen eingeführt.</li>
</ul>
<h3>&nbsp;</h3>
<h3>Beschreibung von Hedera helix &lsquo;Colin&rsquo;</h3>
<ul>
<li>Wuchsform: Bodendecker</li>
<li>Anzahl der Blattlappen: in der Regel 3 Lappen</li>
<li>Länge des Blattes: 4 cm</li>
<li>Breite des Blattes: 4 cm</li>
<li>Blattfarbe: mittelgrün</li>
<li>Farbe der Rippen: hellgrün</li>
<li>Farbe Stiel und Blattstiel: rosa-grün</li>
<li>Verzweigungen: wenig verzweigt</li>
<li>Haare: sternförmig, 3 bis 5 Arme</li>
</ul>
<h3>&nbsp;</h3>
<h3>Tipps zu Pflanzung, Anbau und Pflege für Hedera helix &lsquo;Colin&rsquo;</h3>
<ul>
<li>Standort: Sonne, Halbschatten</li>
<li>Winterhärte: -15°C</li>
<li>Bodenfeuchtigkeit: frischer Boden</li>
<li>PH-Wert des Bodens: neutral oder kalkhaltig</li>
<li>Bodenart: alle</li>
<li>Bodenreichtum: gewöhnlich oder humos</li>
<li>Verwendung: Kletterpflanze, Töpfe, Blumenkästen, Hängeampeln</li>
<li>Entwicklung: mittel</li>
<li>Beschneiden: einmal im Jahr</li>
<li>Schädlinge: sehr selten (Rote Spinne, Schildläuse)</li>
<li>Krankheiten: sehr selten (Flecken auf den Blättern)</li>
</ul>								</div>
				</div>
					</div>
				</div>
					</div>
				</div>
		<div class="elementor-element elementor-element-26684b2b e-flex e-con-boxed e-con e-parent" data-id="26684b2b" data-element_type="container">
					<div class="e-con-inner">
				<div class="elementor-element elementor-element-2154f0e2 elementor-widget elementor-widget-image" data-id="2154f0e2" data-element_type="widget" data-widget_type="image.default">
				<div class="elementor-widget-container">
															<img fetchpriority="high" decoding="async" width="1024" height="146" src="https://www.hedera-etc.com/wp-content/uploads/2023/10/guirlande-1024x146.webp" class="attachment-large size-large wp-image-116" alt="La boutique du lierre - Efeu-Girlande" srcset="https://www.hedera-etc.com/wp-content/uploads/2023/10/guirlande-1024x146.webp 1024w, https://www.hedera-etc.com/wp-content/uploads/2023/10/guirlande-900x129.webp 900w, https://www.hedera-etc.com/wp-content/uploads/2023/10/guirlande-300x43.webp 300w, https://www.hedera-etc.com/wp-content/uploads/2023/10/guirlande-768x110.webp 768w, https://www.hedera-etc.com/wp-content/uploads/2023/10/guirlande.webp 1126w" sizes="(max-width: 1024px) 100vw, 1024px" />															</div>
				</div>
				<div class="elementor-element elementor-element-74c4e090 elementor-widget elementor-widget-text-editor" data-id="74c4e090" data-element_type="widget" data-widget_type="text-editor.default">
				<div class="elementor-widget-container">
									<h3 style="text-align: center;"><span style="color: #008000;">Efeu in der Literatur</span></h3><blockquote><p style="text-align: center;"><span style="color: #993366;">“Das alte, mit Efeu bewachsene Tor schien längst vergessene Geheimnisse zu verbergen.</span><span style="color: #993366;">”</span></p></blockquote><h5 style="text-align: right;"><strong>Charles Dickens</strong>, <em>Die kleine Dorrit</em></h5>								</div>
				</div>
					</div>
				</div>
				</div>

<p>Kräftiger kletternder Efeu.</p>
<p>Die Blätter sind recht klein und bestehen aus 5 bis 7 spitzen Lappen, die wie in sich zusammengerollt sind und deren Ränder gekräuselt sind. Mittelgrüne Blattspreite, die oft durch viele weißliche Haare, die wie eine Panaschierung wirken, nuanciert wird. Adern bei Kälte rot gefärbt. Stängel verzweigt, mit mittelgroßen Internodien.</p>
<p>Trocken- und sonnenbeständiger Efeu. Kann in großen Töpfen verwendet werden... Die Sorte ist einfach zu verwenden und hat den schönsten Effekt.</p>
