{"id":252,"date":"2023-10-26T16:57:56","date_gmt":"2023-10-26T14:57:56","guid":{"rendered":"https:\/\/www.hedera-etc.com\/?post_type=product&#038;p=252"},"modified":"2026-04-28T07:09:32","modified_gmt":"2026-04-28T05:09:32","slug":"hedera-helix-corrugata","status":"publish","type":"product","link":"https:\/\/www.hedera-etc.com\/de\/product\/hedera-helix-corrugata\/","title":{"rendered":"<em>Hedera helix<\/em> &lsquo;Corrugata&rsquo; &#8211; Zier-Efeu"},"content":{"rendered":"<div data-elementor-type=\"product-post\" data-elementor-id=\"252\" class=\"elementor elementor-252\" data-elementor-post-type=\"product\">\n\t\t\t\t<div class=\"elementor-element elementor-element-7170a43b e-con-full e-flex e-con e-child\" data-id=\"7170a43b\" data-element_type=\"container\">\n\t\t\t\t<div class=\"elementor-element elementor-element-7de4d662 elementor-widget elementor-widget-text-editor\" data-id=\"7de4d662\" data-element_type=\"widget\" data-widget_type=\"text-editor.default\">\n\t\t\t\t<div class=\"elementor-widget-container\">\n\t\t\t\t\t\t\t\t\t<h2><span style=\"color: #f0ffed;\">Der Zier-Efeu\u00a0 &#8211; Hedera helix &lsquo;Corrugata&rsquo;<\/span><\/h2>\t\t\t\t\t\t\t\t<\/div>\n\t\t\t\t<\/div>\n\t\t\t\t<\/div>\n\t\t<div class=\"elementor-element elementor-element-8432d14 e-flex e-con-boxed e-con e-parent\" data-id=\"8432d14\" data-element_type=\"container\">\n\t\t\t\t\t<div class=\"e-con-inner\">\n\t\t<div class=\"elementor-element elementor-element-6b33f8b3 e-flex e-con-boxed e-con e-child\" data-id=\"6b33f8b3\" data-element_type=\"container\">\n\t\t\t\t\t<div class=\"e-con-inner\">\n\t\t\t\t<div class=\"elementor-element elementor-element-181f1954 elementor-widget elementor-widget-heading\" data-id=\"181f1954\" data-element_type=\"widget\" data-widget_type=\"heading.default\">\n\t\t\t\t<div class=\"elementor-widget-container\">\n\t\t\t\t\t<h2 class=\"elementor-heading-title elementor-size-default\">Zusammenfassend<\/h2>\t\t\t\t<\/div>\n\t\t\t\t<\/div>\n\t\t\t\t<div class=\"elementor-element elementor-element-547142af elementor-widget elementor-widget-text-editor\" data-id=\"547142af\" data-element_type=\"widget\" data-widget_type=\"text-editor.default\">\n\t\t\t\t<div class=\"elementor-widget-container\">\n\t\t\t\t\t\t\t\t\t<p>Zier-Efeu, <strong><em>Hedera helix<\/em> &lsquo;Corrugata&rsquo;<\/strong>, ist ein kletternder Efeu mit atypischen Bl\u00e4ttern.<\/p>\n<p>Die Bl\u00e4tter bestehen aus f\u00fcnf gleich gro\u00dfen Lappen, die flach sind und nach vorne spitz zulaufen. Sie sind manchmal mit zus\u00e4tzlichen kleinen Z\u00e4hnen versehen. Die Blattbasis ist herzf\u00f6rmig und der Rand ist leicht gewellt. Die Blattrippen sind deutlich sichtbar. Die Blattspreite ist mittelgr\u00fcn und verf\u00e4rbt sich im Winter gelb.<\/p>\n<p>Dies ist ein schwach verzweigter und wenig belaubter Efeu. Er bedeckt seine Unterlage nur durchscheinend, da sein Laub nicht dick genug ist.<\/p>\t\t\t\t\t\t\t\t<\/div>\n\t\t\t\t<\/div>\n\t\t\t\t<div class=\"elementor-element elementor-element-4c007ea4 elementor-widget elementor-widget-heading\" data-id=\"4c007ea4\" data-element_type=\"widget\" data-widget_type=\"heading.default\">\n\t\t\t\t<div class=\"elementor-widget-container\">\n\t\t\t\t\t<h2 class=\"elementor-heading-title elementor-size-default\">Geschichte<\/h2>\t\t\t\t<\/div>\n\t\t\t\t<\/div>\n\t\t\t\t<div class=\"elementor-element elementor-element-5f10eede elementor-widget elementor-widget-text-editor\" data-id=\"5f10eede\" data-element_type=\"widget\" data-widget_type=\"text-editor.default\">\n\t\t\t\t<div class=\"elementor-widget-container\">\n\t\t\t\t\t\t\t\t\t<p>Diese Sorte wurde von Hibberd um 1870 beschrieben. Sie ist wahrscheinlich englischen Ursprungs.<\/p>\t\t\t\t\t\t\t\t<\/div>\n\t\t\t\t<\/div>\n\t\t\t\t<div class=\"elementor-element elementor-element-70428764 elementor-widget elementor-widget-heading\" data-id=\"70428764\" data-element_type=\"widget\" data-widget_type=\"heading.default\">\n\t\t\t\t<div class=\"elementor-widget-container\">\n\t\t\t\t\t<h2 class=\"elementor-heading-title elementor-size-default\">Detailansicht - Hedera helix 'Corrugata'<\/h2>\t\t\t\t<\/div>\n\t\t\t\t<\/div>\n\t\t\t\t<div class=\"elementor-element elementor-element-2b04e1e6 elementor-widget elementor-widget-text-editor\" data-id=\"2b04e1e6\" data-element_type=\"widget\" data-widget_type=\"text-editor.default\">\n\t\t\t\t<div class=\"elementor-widget-container\">\n\t\t\t\t\t\t\t\t\t<h3>Botanische Informationen<\/h3>\n<ul>\n<li>Familie: Araliaceae<\/li>\n<li>Gattung : <em><strong>Hedera<\/strong><\/em><\/li>\n<li>Art : <em>helix<\/em><\/li>\n<li>Anbauen : &lsquo;Corrugata&rsquo;<\/li>\n<li>Pierot-Klassifikation: Efeu mit f\u00e4cherf\u00f6rmigen Bl\u00e4ttern<\/li>\n<li>Blattstadium: juvenil<\/li>\n<li>Herkunft der Art: Europa, von Spanien bis Norwegen, aber kaum an der Atlantikk\u00fcste.<\/li>\n<li>Ursprung der Sorte: wahrscheinlich englischen Ursprungs, bekannt seit 1870<\/li>\n<\/ul>\n<h3>&nbsp;<\/h3>\n<h3>Beschreibung von Hedera helix &lsquo;Corrugata&rsquo;<\/h3>\n<ul>\n<li>Habitus: ausgebreitet, breit<\/li>\n<li>Anzahl der Lappen: in der Regel 5 Lappen<\/li>\n<li>L\u00e4nge des Blattes: 7 cm<\/li>\n<li>Breite des Blattes: 8 cm<\/li>\n<li>Blattfarbe: gr\u00fcn<\/li>\n<li>Farbe der Rippen: hellgr\u00fcn<\/li>\n<li>Farbe Stiel und Blattstiel: gr\u00fcnlich-braun<\/li>\n<li>Verzweigungen: mehr oder weniger verzweigt<\/li>\n<li>Haare: sternf\u00f6rmig, 3 bis 5 Arme<\/li>\n<\/ul>\n<h3>&nbsp;<\/h3>\n<h3>Tipps zu Pflanzung, Anbau und Pflege f\u00fcr Hedera helix &lsquo;Corrugata&rsquo;<\/h3>\n<ul>\n<li>Standort: Schatten, Halbschatten<\/li>\n<li>Winterh\u00e4rte: -15\u00b0C<\/li>\n<li>Bodenfeuchtigkeit: frischer Boden<\/li>\n<li>PH-Wert des Bodens: neutral oder kalkhaltig<\/li>\n<li>Bodenart: alle<\/li>\n<li>Bodenreichtum: gew\u00f6hnlich oder humos<\/li>\n<li>Verwendung: Bodendecker, Kletterer, T\u00f6pfe, Blumenk\u00e4sten, H\u00e4ngeampeln<\/li>\n<li>Entwicklung: mittel<\/li>\n<li>Beschneiden: einmal im Jahr<\/li>\n<li>Sch\u00e4dlinge: sehr selten (Rote Spinne, Schildl\u00e4use)<\/li>\n<li>Krankheiten: sehr selten (Flecken auf den Bl\u00e4ttern)<\/li>\n<\/ul>\t\t\t\t\t\t\t\t<\/div>\n\t\t\t\t<\/div>\n\t\t\t\t\t<\/div>\n\t\t\t\t<\/div>\n\t\t\t\t\t<\/div>\n\t\t\t\t<\/div>\n\t\t<div class=\"elementor-element elementor-element-74cfb68d e-flex e-con-boxed e-con e-parent\" data-id=\"74cfb68d\" data-element_type=\"container\">\n\t\t\t\t\t<div class=\"e-con-inner\">\n\t\t\t\t<div class=\"elementor-element elementor-element-bad7790 elementor-widget elementor-widget-image\" data-id=\"bad7790\" data-element_type=\"widget\" data-widget_type=\"image.default\">\n\t\t\t\t<div class=\"elementor-widget-container\">\n\t\t\t\t\t\t\t\t\t\t\t\t\t\t\t<img fetchpriority=\"high\" decoding=\"async\" width=\"1024\" height=\"146\" src=\"https:\/\/www.hedera-etc.com\/wp-content\/uploads\/2023\/10\/guirlande-1024x146.webp\" class=\"attachment-large size-large wp-image-116\" alt=\"La boutique du lierre - Efeu-Girlande\" srcset=\"https:\/\/www.hedera-etc.com\/wp-content\/uploads\/2023\/10\/guirlande-1024x146.webp 1024w, https:\/\/www.hedera-etc.com\/wp-content\/uploads\/2023\/10\/guirlande-900x129.webp 900w, https:\/\/www.hedera-etc.com\/wp-content\/uploads\/2023\/10\/guirlande-300x43.webp 300w, https:\/\/www.hedera-etc.com\/wp-content\/uploads\/2023\/10\/guirlande-768x110.webp 768w, https:\/\/www.hedera-etc.com\/wp-content\/uploads\/2023\/10\/guirlande.webp 1126w\" sizes=\"(max-width: 1024px) 100vw, 1024px\" \/>\t\t\t\t\t\t\t\t\t\t\t\t\t\t\t<\/div>\n\t\t\t\t<\/div>\n\t\t\t\t<div class=\"elementor-element elementor-element-2802723 elementor-widget elementor-widget-text-editor\" data-id=\"2802723\" data-element_type=\"widget\" data-widget_type=\"text-editor.default\">\n\t\t\t\t<div class=\"elementor-widget-container\">\n\t\t\t\t\t\t\t\t\t<h3 style=\"text-align: center;\"><span style=\"color: #008000;\">Efeu in der Literatur<\/span><\/h3><blockquote><p style=\"text-align: center;\"><span style=\"color: #993366;\">\u201cDer Efeu verwandelte in seiner stillen Beharrlichkeit die Trostlosigkeit in eine B\u00fchne der Poesie.<\/span><span style=\"color: #993366;\">\u201d<\/span><\/p><\/blockquote><h5 style=\"text-align: right;\"><strong>Thomas Hardy<\/strong>, <em>Unter gr\u00fcnen B\u00e4umen<\/em><\/h5>\t\t\t\t\t\t\t\t<\/div>\n\t\t\t\t<\/div>\n\t\t\t\t\t<\/div>\n\t\t\t\t<\/div>\n\t\t\t\t<\/div>","protected":false},"excerpt":{"rendered":"<p>Kletterpflanze mit atypischen Bl\u00e4ttern, die sich im Winter gelb verf\u00e4rben.<\/p>\n<p>Bl\u00e4tter aus 5 gleich gro\u00dfen, flachen, nach vorn zugespitzten Lappen, die manchmal mit zus\u00e4tzlichen kleinen Z\u00e4hnen versehen sind. Blattbasis herzf\u00f6rmig und Rand leicht gewellt. Deutlich sichtbare Rippen.<\/p>\n<p>Wenig verzweigt und wenig belaubt, bedeckt er seine Unterlage nur durchscheinend, da sein Laub nicht dick genug ist.<\/p>","protected":false},"featured_media":253,"comment_status":"open","ping_status":"closed","template":"","meta":{"_acf_changed":false,"ocean_post_layout":"","ocean_both_sidebars_style":"","ocean_both_sidebars_content_width":0,"ocean_both_sidebars_sidebars_width":0,"ocean_sidebar":"0","ocean_second_sidebar":"0","ocean_disable_margins":"enable","ocean_add_body_class":"","ocean_shortcode_before_top_bar":"","ocean_shortcode_after_top_bar":"","ocean_shortcode_before_header":"","ocean_shortcode_after_header":"","ocean_has_shortcode":"","ocean_shortcode_after_title":"","ocean_shortcode_before_footer_widgets":"","ocean_shortcode_after_footer_widgets":"","ocean_shortcode_before_footer_bottom":"","ocean_shortcode_after_footer_bottom":"","ocean_display_top_bar":"default","ocean_display_header":"default","ocean_header_style":"","ocean_center_header_left_menu":"0","ocean_custom_header_template":"0","ocean_custom_logo":0,"ocean_custom_retina_logo":0,"ocean_custom_logo_max_width":0,"ocean_custom_logo_tablet_max_width":0,"ocean_custom_logo_mobile_max_width":0,"ocean_custom_logo_max_height":0,"ocean_custom_logo_tablet_max_height":0,"ocean_custom_logo_mobile_max_height":0,"ocean_header_custom_menu":"0","ocean_menu_typo_font_family":"0","ocean_menu_typo_font_subset":"","ocean_menu_typo_font_size":0,"ocean_menu_typo_font_size_tablet":0,"ocean_menu_typo_font_size_mobile":0,"ocean_menu_typo_font_size_unit":"px","ocean_menu_typo_font_weight":"","ocean_menu_typo_font_weight_tablet":"","ocean_menu_typo_font_weight_mobile":"","ocean_menu_typo_transform":"","ocean_menu_typo_transform_tablet":"","ocean_menu_typo_transform_mobile":"","ocean_menu_typo_line_height":0,"ocean_menu_typo_line_height_tablet":0,"ocean_menu_typo_line_height_mobile":0,"ocean_menu_typo_line_height_unit":"","ocean_menu_typo_spacing":0,"ocean_menu_typo_spacing_tablet":0,"ocean_menu_typo_spacing_mobile":0,"ocean_menu_typo_spacing_unit":"","ocean_menu_link_color":"","ocean_menu_link_color_hover":"","ocean_menu_link_color_active":"","ocean_menu_link_background":"","ocean_menu_link_hover_background":"","ocean_menu_link_active_background":"","ocean_menu_social_links_bg":"","ocean_menu_social_hover_links_bg":"","ocean_menu_social_links_color":"","ocean_menu_social_hover_links_color":"","ocean_disable_title":"default","ocean_disable_heading":"default","ocean_post_title":"","ocean_post_subheading":"","ocean_post_title_style":"","ocean_post_title_background_color":"","ocean_post_title_background":0,"ocean_post_title_bg_image_position":"","ocean_post_title_bg_image_attachment":"","ocean_post_title_bg_image_repeat":"","ocean_post_title_bg_image_size":"","ocean_post_title_height":0,"ocean_post_title_bg_overlay":0.5,"ocean_post_title_bg_overlay_color":"","ocean_disable_breadcrumbs":"default","ocean_breadcrumbs_color":"","ocean_breadcrumbs_separator_color":"","ocean_breadcrumbs_links_color":"","ocean_breadcrumbs_links_hover_color":"","ocean_display_footer_widgets":"default","ocean_display_footer_bottom":"default","ocean_custom_footer_template":"0"},"product_brand":[],"product_cat":[134],"product_tag":[],"class_list":{"0":"post-252","1":"product","2":"type-product","3":"status-publish","4":"has-post-thumbnail","6":"product_cat-lierre","8":"entry","9":"has-media","11":"first","12":"instock","13":"purchasable","14":"product-type-variable","15":"has-default-attributes","16":"has-product-nav","17":"col","18":"span_1_of_4","19":"owp-content-center","20":"item-entry","21":"owp-thumbs-layout-horizontal","22":"owp-btn-normal","23":"owp-tabs-layout-section"},"acf":[],"jetpack_sharing_enabled":true,"_links":{"self":[{"href":"https:\/\/www.hedera-etc.com\/de\/wp-json\/wp\/v2\/product\/252","targetHints":{"allow":["GET"]}}],"collection":[{"href":"https:\/\/www.hedera-etc.com\/de\/wp-json\/wp\/v2\/product"}],"about":[{"href":"https:\/\/www.hedera-etc.com\/de\/wp-json\/wp\/v2\/types\/product"}],"replies":[{"embeddable":true,"href":"https:\/\/www.hedera-etc.com\/de\/wp-json\/wp\/v2\/comments?post=252"}],"version-history":[{"count":4,"href":"https:\/\/www.hedera-etc.com\/de\/wp-json\/wp\/v2\/product\/252\/revisions"}],"predecessor-version":[{"id":15219,"href":"https:\/\/www.hedera-etc.com\/de\/wp-json\/wp\/v2\/product\/252\/revisions\/15219"}],"wp:featuredmedia":[{"embeddable":true,"href":"https:\/\/www.hedera-etc.com\/de\/wp-json\/wp\/v2\/media\/253"}],"wp:attachment":[{"href":"https:\/\/www.hedera-etc.com\/de\/wp-json\/wp\/v2\/media?parent=252"}],"wp:term":[{"taxonomy":"product_brand","embeddable":true,"href":"https:\/\/www.hedera-etc.com\/de\/wp-json\/wp\/v2\/product_brand?post=252"},{"taxonomy":"product_cat","embeddable":true,"href":"https:\/\/www.hedera-etc.com\/de\/wp-json\/wp\/v2\/product_cat?post=252"},{"taxonomy":"product_tag","embeddable":true,"href":"https:\/\/www.hedera-etc.com\/de\/wp-json\/wp\/v2\/product_tag?post=252"}],"curies":[{"name":"wp","href":"https:\/\/api.w.org\/{rel}","templated":true}]}}

<div data-elementor-type="product-post" data-elementor-id="252" class="elementor elementor-252" data-elementor-post-type="product">
				<div class="elementor-element elementor-element-7170a43b e-con-full e-flex e-con e-child" data-id="7170a43b" data-element_type="container">
				<div class="elementor-element elementor-element-7de4d662 elementor-widget elementor-widget-text-editor" data-id="7de4d662" data-element_type="widget" data-widget_type="text-editor.default">
				<div class="elementor-widget-container">
									<h2><span style="color: #f0ffed;">Der Zier-Efeu  &#8211; Hedera helix &lsquo;Corrugata&rsquo;</span></h2>								</div>
				</div>
				</div>
		<div class="elementor-element elementor-element-8432d14 e-flex e-con-boxed e-con e-parent" data-id="8432d14" data-element_type="container">
					<div class="e-con-inner">
		<div class="elementor-element elementor-element-6b33f8b3 e-flex e-con-boxed e-con e-child" data-id="6b33f8b3" data-element_type="container">
					<div class="e-con-inner">
				<div class="elementor-element elementor-element-181f1954 elementor-widget elementor-widget-heading" data-id="181f1954" data-element_type="widget" data-widget_type="heading.default">
				<div class="elementor-widget-container">
					<h2 class="elementor-heading-title elementor-size-default">Zusammenfassend</h2>				</div>
				</div>
				<div class="elementor-element elementor-element-547142af elementor-widget elementor-widget-text-editor" data-id="547142af" data-element_type="widget" data-widget_type="text-editor.default">
				<div class="elementor-widget-container">
									<p>Zier-Efeu, <strong><em>Hedera helix</em> &lsquo;Corrugata&rsquo;</strong>, ist ein kletternder Efeu mit atypischen Blättern.</p>
<p>Die Blätter bestehen aus fünf gleich großen Lappen, die flach sind und nach vorne spitz zulaufen. Sie sind manchmal mit zusätzlichen kleinen Zähnen versehen. Die Blattbasis ist herzförmig und der Rand ist leicht gewellt. Die Blattrippen sind deutlich sichtbar. Die Blattspreite ist mittelgrün und verfärbt sich im Winter gelb.</p>
<p>Dies ist ein schwach verzweigter und wenig belaubter Efeu. Er bedeckt seine Unterlage nur durchscheinend, da sein Laub nicht dick genug ist.</p>								</div>
				</div>
				<div class="elementor-element elementor-element-4c007ea4 elementor-widget elementor-widget-heading" data-id="4c007ea4" data-element_type="widget" data-widget_type="heading.default">
				<div class="elementor-widget-container">
					<h2 class="elementor-heading-title elementor-size-default">Geschichte</h2>				</div>
				</div>
				<div class="elementor-element elementor-element-5f10eede elementor-widget elementor-widget-text-editor" data-id="5f10eede" data-element_type="widget" data-widget_type="text-editor.default">
				<div class="elementor-widget-container">
									<p>Diese Sorte wurde von Hibberd um 1870 beschrieben. Sie ist wahrscheinlich englischen Ursprungs.</p>								</div>
				</div>
				<div class="elementor-element elementor-element-70428764 elementor-widget elementor-widget-heading" data-id="70428764" data-element_type="widget" data-widget_type="heading.default">
				<div class="elementor-widget-container">
					<h2 class="elementor-heading-title elementor-size-default">Detailansicht - Hedera helix 'Corrugata'</h2>				</div>
				</div>
				<div class="elementor-element elementor-element-2b04e1e6 elementor-widget elementor-widget-text-editor" data-id="2b04e1e6" data-element_type="widget" data-widget_type="text-editor.default">
				<div class="elementor-widget-container">
									<h3>Botanische Informationen</h3>
<ul>
<li>Familie: Araliaceae</li>
<li>Gattung : <em><strong>Hedera</strong></em></li>
<li>Art : <em>helix</em></li>
<li>Anbauen : &lsquo;Corrugata&rsquo;</li>
<li>Pierot-Klassifikation: Efeu mit fächerförmigen Blättern</li>
<li>Blattstadium: juvenil</li>
<li>Herkunft der Art: Europa, von Spanien bis Norwegen, aber kaum an der Atlantikküste.</li>
<li>Ursprung der Sorte: wahrscheinlich englischen Ursprungs, bekannt seit 1870</li>
</ul>
<h3>&nbsp;</h3>
<h3>Beschreibung von Hedera helix &lsquo;Corrugata&rsquo;</h3>
<ul>
<li>Habitus: ausgebreitet, breit</li>
<li>Anzahl der Lappen: in der Regel 5 Lappen</li>
<li>Länge des Blattes: 7 cm</li>
<li>Breite des Blattes: 8 cm</li>
<li>Blattfarbe: grün</li>
<li>Farbe der Rippen: hellgrün</li>
<li>Farbe Stiel und Blattstiel: grünlich-braun</li>
<li>Verzweigungen: mehr oder weniger verzweigt</li>
<li>Haare: sternförmig, 3 bis 5 Arme</li>
</ul>
<h3>&nbsp;</h3>
<h3>Tipps zu Pflanzung, Anbau und Pflege für Hedera helix &lsquo;Corrugata&rsquo;</h3>
<ul>
<li>Standort: Schatten, Halbschatten</li>
<li>Winterhärte: -15°C</li>
<li>Bodenfeuchtigkeit: frischer Boden</li>
<li>PH-Wert des Bodens: neutral oder kalkhaltig</li>
<li>Bodenart: alle</li>
<li>Bodenreichtum: gewöhnlich oder humos</li>
<li>Verwendung: Bodendecker, Kletterer, Töpfe, Blumenkästen, Hängeampeln</li>
<li>Entwicklung: mittel</li>
<li>Beschneiden: einmal im Jahr</li>
<li>Schädlinge: sehr selten (Rote Spinne, Schildläuse)</li>
<li>Krankheiten: sehr selten (Flecken auf den Blättern)</li>
</ul>								</div>
				</div>
					</div>
				</div>
					</div>
				</div>
		<div class="elementor-element elementor-element-74cfb68d e-flex e-con-boxed e-con e-parent" data-id="74cfb68d" data-element_type="container">
					<div class="e-con-inner">
				<div class="elementor-element elementor-element-bad7790 elementor-widget elementor-widget-image" data-id="bad7790" data-element_type="widget" data-widget_type="image.default">
				<div class="elementor-widget-container">
															<img fetchpriority="high" decoding="async" width="1024" height="146" src="https://www.hedera-etc.com/wp-content/uploads/2023/10/guirlande-1024x146.webp" class="attachment-large size-large wp-image-116" alt="La boutique du lierre - Efeu-Girlande" srcset="https://www.hedera-etc.com/wp-content/uploads/2023/10/guirlande-1024x146.webp 1024w, https://www.hedera-etc.com/wp-content/uploads/2023/10/guirlande-900x129.webp 900w, https://www.hedera-etc.com/wp-content/uploads/2023/10/guirlande-300x43.webp 300w, https://www.hedera-etc.com/wp-content/uploads/2023/10/guirlande-768x110.webp 768w, https://www.hedera-etc.com/wp-content/uploads/2023/10/guirlande.webp 1126w" sizes="(max-width: 1024px) 100vw, 1024px" />															</div>
				</div>
				<div class="elementor-element elementor-element-2802723 elementor-widget elementor-widget-text-editor" data-id="2802723" data-element_type="widget" data-widget_type="text-editor.default">
				<div class="elementor-widget-container">
									<h3 style="text-align: center;"><span style="color: #008000;">Efeu in der Literatur</span></h3><blockquote><p style="text-align: center;"><span style="color: #993366;">“Der Efeu verwandelte in seiner stillen Beharrlichkeit die Trostlosigkeit in eine Bühne der Poesie.</span><span style="color: #993366;">”</span></p></blockquote><h5 style="text-align: right;"><strong>Thomas Hardy</strong>, <em>Unter grünen Bäumen</em></h5>								</div>
				</div>
					</div>
				</div>
				</div>

<p>Kletterpflanze mit atypischen Blättern, die sich im Winter gelb verfärben.</p>
<p>Blätter aus 5 gleich großen, flachen, nach vorn zugespitzten Lappen, die manchmal mit zusätzlichen kleinen Zähnen versehen sind. Blattbasis herzförmig und Rand leicht gewellt. Deutlich sichtbare Rippen.</p>
<p>Wenig verzweigt und wenig belaubt, bedeckt er seine Unterlage nur durchscheinend, da sein Laub nicht dick genug ist.</p>
