{"id":284,"date":"2023-10-26T18:45:14","date_gmt":"2023-10-26T16:45:14","guid":{"rendered":"https:\/\/www.hedera-etc.com\/?post_type=product&#038;p=284"},"modified":"2026-04-28T07:09:32","modified_gmt":"2026-04-28T05:09:32","slug":"hedera-helix-lilienblute","status":"publish","type":"product","link":"https:\/\/www.hedera-etc.com\/de\/product\/hedera-helix-fleur-de-lys\/","title":{"rendered":"<em>Hedera helix<\/em> &lsquo;Fleur De Lys&rsquo; &#8211; Zier-Efeu"},"content":{"rendered":"<div data-elementor-type=\"product-post\" data-elementor-id=\"284\" class=\"elementor elementor-284\" data-elementor-post-type=\"product\">\n\t\t\t\t<div class=\"elementor-element elementor-element-3c3bb1f8 e-con-full e-flex e-con e-child\" data-id=\"3c3bb1f8\" data-element_type=\"container\">\n\t\t\t\t<div class=\"elementor-element elementor-element-b2b1112 elementor-widget elementor-widget-text-editor\" data-id=\"b2b1112\" data-element_type=\"widget\" data-widget_type=\"text-editor.default\">\n\t\t\t\t<div class=\"elementor-widget-container\">\n\t\t\t\t\t\t\t\t\t<h2 style=\"font-variant-ligatures: normal; font-variant-caps: normal; font-family: Spectral, sans-serif; font-style: normal;\"><span style=\"font-size: 30px; color: #f0ffed;\">Der Zier-Efeu\u00a0 &#8211; Hedera helix &lsquo;Fleur de Lys&rsquo;<\/span><\/h2>\t\t\t\t\t\t\t\t<\/div>\n\t\t\t\t<\/div>\n\t\t\t\t<\/div>\n\t\t<div class=\"elementor-element elementor-element-ad2ac8a e-flex e-con-boxed e-con e-parent\" data-id=\"ad2ac8a\" data-element_type=\"container\">\n\t\t\t\t\t<div class=\"e-con-inner\">\n\t\t<div class=\"elementor-element elementor-element-7032333b e-flex e-con-boxed e-con e-child\" data-id=\"7032333b\" data-element_type=\"container\">\n\t\t\t\t\t<div class=\"e-con-inner\">\n\t\t\t\t<div class=\"elementor-element elementor-element-4909a75e elementor-widget elementor-widget-heading\" data-id=\"4909a75e\" data-element_type=\"widget\" data-widget_type=\"heading.default\">\n\t\t\t\t<div class=\"elementor-widget-container\">\n\t\t\t\t\t<h2 class=\"elementor-heading-title elementor-size-default\">Zusammenfassend<\/h2>\t\t\t\t<\/div>\n\t\t\t\t<\/div>\n\t\t\t\t<div class=\"elementor-element elementor-element-41a3d67d elementor-widget elementor-widget-text-editor\" data-id=\"41a3d67d\" data-element_type=\"widget\" data-widget_type=\"text-editor.default\">\n\t\t\t\t<div class=\"elementor-widget-container\">\n\t\t\t\t\t\t\t\t\t<p>Zier-Efeu, <strong><em>Hedera helix<\/em> &lsquo;Fleur de Lys&rsquo;<\/strong>, ist ein kr\u00e4ftiger Kletterer.<\/p><p>Die Bl\u00e4tter sind tief in 3 bis 5 Lappen zerteilt, die oft fast bis zur Mittelrippe abgeschnitten sind. Die basalen Lappen sind divergent und k\u00f6nnen sich manchmal \u00fcberlappen. Die Blattspreite ist dunkelgr\u00fcn. Sie weist im Winter eine sehr sch\u00f6ne, in Rosat\u00f6nen gehaltene Rotf\u00e4rbung auf.<\/p><p>Diese Sorte eignet sich durchaus f\u00fcr H\u00e4nge- und Topfbepflanzungen in allen Lagen.<\/p>\t\t\t\t\t\t\t\t<\/div>\n\t\t\t\t<\/div>\n\t\t\t\t<div class=\"elementor-element elementor-element-4044e684 elementor-widget elementor-widget-heading\" data-id=\"4044e684\" data-element_type=\"widget\" data-widget_type=\"heading.default\">\n\t\t\t\t<div class=\"elementor-widget-container\">\n\t\t\t\t\t<h2 class=\"elementor-heading-title elementor-size-default\">Geschichte<\/h2>\t\t\t\t<\/div>\n\t\t\t\t<\/div>\n\t\t\t\t<div class=\"elementor-element elementor-element-70a49b26 elementor-widget elementor-widget-text-editor\" data-id=\"70a49b26\" data-element_type=\"widget\" data-widget_type=\"text-editor.default\">\n\t\t\t\t<div class=\"elementor-widget-container\">\n\t\t\t\t\t\t\t\t\t<p>Ce cultivar pourrait \u00eatre une Ver\u00e4nderung de &lsquo;Green Feather&rsquo;. Elle est connue aux Etats-Unis depuis 1950 au moins.<\/p>\t\t\t\t\t\t\t\t<\/div>\n\t\t\t\t<\/div>\n\t\t\t\t<div class=\"elementor-element elementor-element-67bad81c elementor-widget elementor-widget-heading\" data-id=\"67bad81c\" data-element_type=\"widget\" data-widget_type=\"heading.default\">\n\t\t\t\t<div class=\"elementor-widget-container\">\n\t\t\t\t\t<h2 class=\"elementor-heading-title elementor-size-default\">Detailansicht - Hedera helix 'Fleur de Lys'<\/h2>\t\t\t\t<\/div>\n\t\t\t\t<\/div>\n\t\t\t\t<div class=\"elementor-element elementor-element-2fb40e97 elementor-widget elementor-widget-text-editor\" data-id=\"2fb40e97\" data-element_type=\"widget\" data-widget_type=\"text-editor.default\">\n\t\t\t\t<div class=\"elementor-widget-container\">\n\t\t\t\t\t\t\t\t\t<h3>Botanische Informationen<\/h3>\n<ul>\n<li>Familie: Araliaceae<\/li>\n<li>Gattung : <em><strong>Hedera<\/strong><\/em><\/li>\n<li>Art : <em>helix<\/em><\/li>\n<li>Anbauen : &lsquo;Fleur de Lys&rsquo;<\/li>\n<li>Pierot-Klassifikation: Efeu mit vogelbeinartigen Bl\u00e4ttern<\/li>\n<li>Blattstadium: juvenil<\/li>\n<li>Herkunft der Art: Europa, von Spanien bis Norwegen, aber kaum an der Atlantikk\u00fcste.<\/li>\n<li>Origine du cultivar : peut-\u00eatre un sport de &lsquo;Green Feather&rsquo;, connu aux Etats-Unis depuis 1950 au moins.<\/li>\n<\/ul>\n<h3>&nbsp;<\/h3>\n<h3>Beschreibung von Hedera helix &lsquo;Fleur de Lys&rsquo;<\/h3>\n<ul>\n<li>Hafen: \u00e9tale<\/li>\n<li>Anzahl der Lappen: in der Regel 3 bis 5 Lappen<\/li>\n<li>L\u00e4nge des Blattes: 4 cm<\/li>\n<li>Breite des Blattes: 4 cm<\/li>\n<li>Blattfarbe: dunkelgr\u00fcn<\/li>\n<li>Farbvariante des Blattes: sch\u00f6ne Winterr\u00f6te<\/li>\n<li>Farbe der Rippen: gr\u00fcn<\/li>\n<li>Farbe Stiel und Blattstiel: gr\u00fcnliches Purpurrot<\/li>\n<li>Verzweigungen: gut verzweigt<\/li>\n<li>Haare: sternf\u00f6rmig, 3 bis 5 Arme<\/li>\n<\/ul>\n<h3>&nbsp;<\/h3>\n<h3>Tipps zu Pflanzung, Anbau und Pflege f\u00fcr Hedera helix &lsquo;Fleur de Lys&rsquo;<\/h3>\n<ul>\n<li>Standort: Schatten, Halbschatten, Sonne<\/li>\n<li>Winterh\u00e4rte: -8\u00b0C<\/li>\n<li>Bodenfeuchtigkeit: frischer Boden<\/li>\n<li>PH-Wert des Bodens: neutral oder kalkhaltig<\/li>\n<li>Bodenart: alle<\/li>\n<li>Bodenreichtum: gew\u00f6hnlich oder humos<\/li>\n<li>Verwendung: Bodendecker, Kletterer, T\u00f6pfe, Blumenk\u00e4sten, Ampeln, Topiary Art<\/li>\n<li>Entwicklung: m\u00e4\u00dfig<\/li>\n<li>Beschneiden: einmal im Jahr<\/li>\n<li>Sch\u00e4dlinge: sehr selten (Rote Spinne, Schildl\u00e4use)<\/li>\n<li>Krankheiten: sehr selten (Flecken auf den Bl\u00e4ttern)<\/li>\n<\/ul>\t\t\t\t\t\t\t\t<\/div>\n\t\t\t\t<\/div>\n\t\t\t\t\t<\/div>\n\t\t\t\t<\/div>\n\t\t\t\t\t<\/div>\n\t\t\t\t<\/div>\n\t\t<div class=\"elementor-element elementor-element-bc99150 e-flex e-con-boxed e-con e-parent\" data-id=\"bc99150\" data-element_type=\"container\">\n\t\t\t\t\t<div class=\"e-con-inner\">\n\t\t\t\t<div class=\"elementor-element elementor-element-6e7561ba elementor-widget elementor-widget-image\" data-id=\"6e7561ba\" data-element_type=\"widget\" data-widget_type=\"image.default\">\n\t\t\t\t<div class=\"elementor-widget-container\">\n\t\t\t\t\t\t\t\t\t\t\t\t\t\t\t<img fetchpriority=\"high\" decoding=\"async\" width=\"1024\" height=\"146\" src=\"https:\/\/www.hedera-etc.com\/wp-content\/uploads\/2023\/10\/guirlande-1024x146.webp\" class=\"attachment-large size-large wp-image-116\" alt=\"La boutique du lierre - Efeu-Girlande\" srcset=\"https:\/\/www.hedera-etc.com\/wp-content\/uploads\/2023\/10\/guirlande-1024x146.webp 1024w, https:\/\/www.hedera-etc.com\/wp-content\/uploads\/2023\/10\/guirlande-900x129.webp 900w, https:\/\/www.hedera-etc.com\/wp-content\/uploads\/2023\/10\/guirlande-300x43.webp 300w, https:\/\/www.hedera-etc.com\/wp-content\/uploads\/2023\/10\/guirlande-768x110.webp 768w, https:\/\/www.hedera-etc.com\/wp-content\/uploads\/2023\/10\/guirlande.webp 1126w\" sizes=\"(max-width: 1024px) 100vw, 1024px\" \/>\t\t\t\t\t\t\t\t\t\t\t\t\t\t\t<\/div>\n\t\t\t\t<\/div>\n\t\t\t\t<div class=\"elementor-element elementor-element-2508726e elementor-widget elementor-widget-text-editor\" data-id=\"2508726e\" data-element_type=\"widget\" data-widget_type=\"text-editor.default\">\n\t\t\t\t<div class=\"elementor-widget-container\">\n\t\t\t\t\t\t\t\t\t<h3 style=\"text-align: center;\"><span style=\"color: #008000;\">Efeu in der Literatur<\/span><\/h3><blockquote><p style=\"text-align: center;\"><span style=\"color: #993366;\">\u201cDer Efeu h\u00e4lt sich wie ein hartn\u00e4ckiges Stiefm\u00fctterchen fest und besiedelt die Steine auf sanfte Weise.<\/span><span style=\"color: #993366;\">\u201d<\/span><\/p><\/blockquote><h5 style=\"text-align: right;\"><strong>Virginia Woolf<\/strong>, <em>Orlando<\/em><\/h5>\t\t\t\t\t\t\t\t<\/div>\n\t\t\t\t<\/div>\n\t\t\t\t\t<\/div>\n\t\t\t\t<\/div>\n\t\t\t\t<\/div>","protected":false},"excerpt":{"rendered":"<p>Kr\u00e4ftige Kletterpflanze.<\/p>\n<p>Bl\u00e4tter tief in 3 bis 5 Lappen zerteilt, die oft fast bis zur Mittelrippe abgeschnitten sind. Grundst\u00e4ndige Lappen divergierend, k\u00f6nnen sich manchmal \u00fcberlappen. Die Blattspreite ist dunkelgr\u00fcn. Weist eine sehr sch\u00f6ne Winterr\u00f6te in Rosat\u00f6nen auf.<\/p>\n<p>Die Sorte kann durchaus als Ampelpflanze oder in T\u00f6pfen in allen Lagen geeignet sein.<\/p>","protected":false},"featured_media":14884,"comment_status":"open","ping_status":"closed","template":"","meta":{"_acf_changed":false,"ocean_post_layout":"","ocean_both_sidebars_style":"","ocean_both_sidebars_content_width":0,"ocean_both_sidebars_sidebars_width":0,"ocean_sidebar":"0","ocean_second_sidebar":"0","ocean_disable_margins":"enable","ocean_add_body_class":"","ocean_shortcode_before_top_bar":"","ocean_shortcode_after_top_bar":"","ocean_shortcode_before_header":"","ocean_shortcode_after_header":"","ocean_has_shortcode":"","ocean_shortcode_after_title":"","ocean_shortcode_before_footer_widgets":"","ocean_shortcode_after_footer_widgets":"","ocean_shortcode_before_footer_bottom":"","ocean_shortcode_after_footer_bottom":"","ocean_display_top_bar":"default","ocean_display_header":"default","ocean_header_style":"","ocean_center_header_left_menu":"0","ocean_custom_header_template":"0","ocean_custom_logo":0,"ocean_custom_retina_logo":0,"ocean_custom_logo_max_width":0,"ocean_custom_logo_tablet_max_width":0,"ocean_custom_logo_mobile_max_width":0,"ocean_custom_logo_max_height":0,"ocean_custom_logo_tablet_max_height":0,"ocean_custom_logo_mobile_max_height":0,"ocean_header_custom_menu":"0","ocean_menu_typo_font_family":"0","ocean_menu_typo_font_subset":"","ocean_menu_typo_font_size":0,"ocean_menu_typo_font_size_tablet":0,"ocean_menu_typo_font_size_mobile":0,"ocean_menu_typo_font_size_unit":"px","ocean_menu_typo_font_weight":"","ocean_menu_typo_font_weight_tablet":"","ocean_menu_typo_font_weight_mobile":"","ocean_menu_typo_transform":"","ocean_menu_typo_transform_tablet":"","ocean_menu_typo_transform_mobile":"","ocean_menu_typo_line_height":0,"ocean_menu_typo_line_height_tablet":0,"ocean_menu_typo_line_height_mobile":0,"ocean_menu_typo_line_height_unit":"","ocean_menu_typo_spacing":0,"ocean_menu_typo_spacing_tablet":0,"ocean_menu_typo_spacing_mobile":0,"ocean_menu_typo_spacing_unit":"","ocean_menu_link_color":"","ocean_menu_link_color_hover":"","ocean_menu_link_color_active":"","ocean_menu_link_background":"","ocean_menu_link_hover_background":"","ocean_menu_link_active_background":"","ocean_menu_social_links_bg":"","ocean_menu_social_hover_links_bg":"","ocean_menu_social_links_color":"","ocean_menu_social_hover_links_color":"","ocean_disable_title":"default","ocean_disable_heading":"default","ocean_post_title":"","ocean_post_subheading":"","ocean_post_title_style":"","ocean_post_title_background_color":"","ocean_post_title_background":0,"ocean_post_title_bg_image_position":"","ocean_post_title_bg_image_attachment":"","ocean_post_title_bg_image_repeat":"","ocean_post_title_bg_image_size":"","ocean_post_title_height":0,"ocean_post_title_bg_overlay":0.5,"ocean_post_title_bg_overlay_color":"","ocean_disable_breadcrumbs":"default","ocean_breadcrumbs_color":"","ocean_breadcrumbs_separator_color":"","ocean_breadcrumbs_links_color":"","ocean_breadcrumbs_links_hover_color":"","ocean_display_footer_widgets":"default","ocean_display_footer_bottom":"default","ocean_custom_footer_template":"0"},"product_brand":[],"product_cat":[134],"product_tag":[],"class_list":{"0":"post-284","1":"product","2":"type-product","3":"status-publish","4":"has-post-thumbnail","6":"product_cat-lierre","8":"entry","9":"has-media","11":"first","12":"instock","13":"purchasable","14":"product-type-variable","15":"has-default-attributes","16":"has-product-nav","17":"col","18":"span_1_of_4","19":"owp-content-center","20":"item-entry","21":"owp-thumbs-layout-horizontal","22":"owp-btn-normal","23":"owp-tabs-layout-section"},"acf":[],"jetpack_sharing_enabled":true,"_links":{"self":[{"href":"https:\/\/www.hedera-etc.com\/de\/wp-json\/wp\/v2\/product\/284","targetHints":{"allow":["GET"]}}],"collection":[{"href":"https:\/\/www.hedera-etc.com\/de\/wp-json\/wp\/v2\/product"}],"about":[{"href":"https:\/\/www.hedera-etc.com\/de\/wp-json\/wp\/v2\/types\/product"}],"replies":[{"embeddable":true,"href":"https:\/\/www.hedera-etc.com\/de\/wp-json\/wp\/v2\/comments?post=284"}],"version-history":[{"count":3,"href":"https:\/\/www.hedera-etc.com\/de\/wp-json\/wp\/v2\/product\/284\/revisions"}],"predecessor-version":[{"id":14883,"href":"https:\/\/www.hedera-etc.com\/de\/wp-json\/wp\/v2\/product\/284\/revisions\/14883"}],"wp:featuredmedia":[{"embeddable":true,"href":"https:\/\/www.hedera-etc.com\/de\/wp-json\/wp\/v2\/media\/14884"}],"wp:attachment":[{"href":"https:\/\/www.hedera-etc.com\/de\/wp-json\/wp\/v2\/media?parent=284"}],"wp:term":[{"taxonomy":"product_brand","embeddable":true,"href":"https:\/\/www.hedera-etc.com\/de\/wp-json\/wp\/v2\/product_brand?post=284"},{"taxonomy":"product_cat","embeddable":true,"href":"https:\/\/www.hedera-etc.com\/de\/wp-json\/wp\/v2\/product_cat?post=284"},{"taxonomy":"product_tag","embeddable":true,"href":"https:\/\/www.hedera-etc.com\/de\/wp-json\/wp\/v2\/product_tag?post=284"}],"curies":[{"name":"wp","href":"https:\/\/api.w.org\/{rel}","templated":true}]}}

<div data-elementor-type="product-post" data-elementor-id="284" class="elementor elementor-284" data-elementor-post-type="product">
				<div class="elementor-element elementor-element-3c3bb1f8 e-con-full e-flex e-con e-child" data-id="3c3bb1f8" data-element_type="container">
				<div class="elementor-element elementor-element-b2b1112 elementor-widget elementor-widget-text-editor" data-id="b2b1112" data-element_type="widget" data-widget_type="text-editor.default">
				<div class="elementor-widget-container">
									<h2 style="font-variant-ligatures: normal; font-variant-caps: normal; font-family: Spectral, sans-serif; font-style: normal;"><span style="font-size: 30px; color: #f0ffed;">Der Zier-Efeu  &#8211; Hedera helix &lsquo;Fleur de Lys&rsquo;</span></h2>								</div>
				</div>
				</div>
		<div class="elementor-element elementor-element-ad2ac8a e-flex e-con-boxed e-con e-parent" data-id="ad2ac8a" data-element_type="container">
					<div class="e-con-inner">
		<div class="elementor-element elementor-element-7032333b e-flex e-con-boxed e-con e-child" data-id="7032333b" data-element_type="container">
					<div class="e-con-inner">
				<div class="elementor-element elementor-element-4909a75e elementor-widget elementor-widget-heading" data-id="4909a75e" data-element_type="widget" data-widget_type="heading.default">
				<div class="elementor-widget-container">
					<h2 class="elementor-heading-title elementor-size-default">Zusammenfassend</h2>				</div>
				</div>
				<div class="elementor-element elementor-element-41a3d67d elementor-widget elementor-widget-text-editor" data-id="41a3d67d" data-element_type="widget" data-widget_type="text-editor.default">
				<div class="elementor-widget-container">
									<p>Zier-Efeu, <strong><em>Hedera helix</em> &lsquo;Fleur de Lys&rsquo;</strong>, ist ein kräftiger Kletterer.</p><p>Die Blätter sind tief in 3 bis 5 Lappen zerteilt, die oft fast bis zur Mittelrippe abgeschnitten sind. Die basalen Lappen sind divergent und können sich manchmal überlappen. Die Blattspreite ist dunkelgrün. Sie weist im Winter eine sehr schöne, in Rosatönen gehaltene Rotfärbung auf.</p><p>Diese Sorte eignet sich durchaus für Hänge- und Topfbepflanzungen in allen Lagen.</p>								</div>
				</div>
				<div class="elementor-element elementor-element-4044e684 elementor-widget elementor-widget-heading" data-id="4044e684" data-element_type="widget" data-widget_type="heading.default">
				<div class="elementor-widget-container">
					<h2 class="elementor-heading-title elementor-size-default">Geschichte</h2>				</div>
				</div>
				<div class="elementor-element elementor-element-70a49b26 elementor-widget elementor-widget-text-editor" data-id="70a49b26" data-element_type="widget" data-widget_type="text-editor.default">
				<div class="elementor-widget-container">
									<p>Ce cultivar pourrait être une Veränderung de &lsquo;Green Feather&rsquo;. Elle est connue aux Etats-Unis depuis 1950 au moins.</p>								</div>
				</div>
				<div class="elementor-element elementor-element-67bad81c elementor-widget elementor-widget-heading" data-id="67bad81c" data-element_type="widget" data-widget_type="heading.default">
				<div class="elementor-widget-container">
					<h2 class="elementor-heading-title elementor-size-default">Detailansicht - Hedera helix 'Fleur de Lys'</h2>				</div>
				</div>
				<div class="elementor-element elementor-element-2fb40e97 elementor-widget elementor-widget-text-editor" data-id="2fb40e97" data-element_type="widget" data-widget_type="text-editor.default">
				<div class="elementor-widget-container">
									<h3>Botanische Informationen</h3>
<ul>
<li>Familie: Araliaceae</li>
<li>Gattung : <em><strong>Hedera</strong></em></li>
<li>Art : <em>helix</em></li>
<li>Anbauen : &lsquo;Fleur de Lys&rsquo;</li>
<li>Pierot-Klassifikation: Efeu mit vogelbeinartigen Blättern</li>
<li>Blattstadium: juvenil</li>
<li>Herkunft der Art: Europa, von Spanien bis Norwegen, aber kaum an der Atlantikküste.</li>
<li>Origine du cultivar : peut-être un sport de &lsquo;Green Feather&rsquo;, connu aux Etats-Unis depuis 1950 au moins.</li>
</ul>
<h3>&nbsp;</h3>
<h3>Beschreibung von Hedera helix &lsquo;Fleur de Lys&rsquo;</h3>
<ul>
<li>Hafen: étale</li>
<li>Anzahl der Lappen: in der Regel 3 bis 5 Lappen</li>
<li>Länge des Blattes: 4 cm</li>
<li>Breite des Blattes: 4 cm</li>
<li>Blattfarbe: dunkelgrün</li>
<li>Farbvariante des Blattes: schöne Winterröte</li>
<li>Farbe der Rippen: grün</li>
<li>Farbe Stiel und Blattstiel: grünliches Purpurrot</li>
<li>Verzweigungen: gut verzweigt</li>
<li>Haare: sternförmig, 3 bis 5 Arme</li>
</ul>
<h3>&nbsp;</h3>
<h3>Tipps zu Pflanzung, Anbau und Pflege für Hedera helix &lsquo;Fleur de Lys&rsquo;</h3>
<ul>
<li>Standort: Schatten, Halbschatten, Sonne</li>
<li>Winterhärte: -8°C</li>
<li>Bodenfeuchtigkeit: frischer Boden</li>
<li>PH-Wert des Bodens: neutral oder kalkhaltig</li>
<li>Bodenart: alle</li>
<li>Bodenreichtum: gewöhnlich oder humos</li>
<li>Verwendung: Bodendecker, Kletterer, Töpfe, Blumenkästen, Ampeln, Topiary Art</li>
<li>Entwicklung: mäßig</li>
<li>Beschneiden: einmal im Jahr</li>
<li>Schädlinge: sehr selten (Rote Spinne, Schildläuse)</li>
<li>Krankheiten: sehr selten (Flecken auf den Blättern)</li>
</ul>								</div>
				</div>
					</div>
				</div>
					</div>
				</div>
		<div class="elementor-element elementor-element-bc99150 e-flex e-con-boxed e-con e-parent" data-id="bc99150" data-element_type="container">
					<div class="e-con-inner">
				<div class="elementor-element elementor-element-6e7561ba elementor-widget elementor-widget-image" data-id="6e7561ba" data-element_type="widget" data-widget_type="image.default">
				<div class="elementor-widget-container">
															<img fetchpriority="high" decoding="async" width="1024" height="146" src="https://www.hedera-etc.com/wp-content/uploads/2023/10/guirlande-1024x146.webp" class="attachment-large size-large wp-image-116" alt="La boutique du lierre - Efeu-Girlande" srcset="https://www.hedera-etc.com/wp-content/uploads/2023/10/guirlande-1024x146.webp 1024w, https://www.hedera-etc.com/wp-content/uploads/2023/10/guirlande-900x129.webp 900w, https://www.hedera-etc.com/wp-content/uploads/2023/10/guirlande-300x43.webp 300w, https://www.hedera-etc.com/wp-content/uploads/2023/10/guirlande-768x110.webp 768w, https://www.hedera-etc.com/wp-content/uploads/2023/10/guirlande.webp 1126w" sizes="(max-width: 1024px) 100vw, 1024px" />															</div>
				</div>
				<div class="elementor-element elementor-element-2508726e elementor-widget elementor-widget-text-editor" data-id="2508726e" data-element_type="widget" data-widget_type="text-editor.default">
				<div class="elementor-widget-container">
									<h3 style="text-align: center;"><span style="color: #008000;">Efeu in der Literatur</span></h3><blockquote><p style="text-align: center;"><span style="color: #993366;">“Der Efeu hält sich wie ein hartnäckiges Stiefmütterchen fest und besiedelt die Steine auf sanfte Weise.</span><span style="color: #993366;">”</span></p></blockquote><h5 style="text-align: right;"><strong>Virginia Woolf</strong>, <em>Orlando</em></h5>								</div>
				</div>
					</div>
				</div>
				</div>

<p>Kräftige Kletterpflanze.</p>
<p>Blätter tief in 3 bis 5 Lappen zerteilt, die oft fast bis zur Mittelrippe abgeschnitten sind. Grundständige Lappen divergierend, können sich manchmal überlappen. Die Blattspreite ist dunkelgrün. Weist eine sehr schöne Winterröte in Rosatönen auf.</p>
<p>Die Sorte kann durchaus als Ampelpflanze oder in Töpfen in allen Lagen geeignet sein.</p>
