{"id":431,"date":"2023-10-28T09:16:01","date_gmt":"2023-10-28T07:16:01","guid":{"rendered":"https:\/\/www.hedera-etc.com\/?post_type=product&#038;p=431"},"modified":"2026-04-29T07:09:36","modified_gmt":"2026-04-29T05:09:36","slug":"hedera-helix-clotted-cream","status":"publish","type":"product","link":"https:\/\/www.hedera-etc.com\/de\/product\/hedera-helix-clotted-cream\/","title":{"rendered":"<em>Hedera helix<\/em> &lsquo;Clotted Cream&rsquo; &#8211; Zier-Efeu"},"content":{"rendered":"<div data-elementor-type=\"product-post\" data-elementor-id=\"431\" class=\"elementor elementor-431\" data-elementor-post-type=\"product\">\n\t\t\t\t<div class=\"elementor-element elementor-element-5590de84 e-con-full e-flex e-con e-child\" data-id=\"5590de84\" data-element_type=\"container\">\n\t\t\t\t<div class=\"elementor-element elementor-element-5584fe62 elementor-widget elementor-widget-text-editor\" data-id=\"5584fe62\" data-element_type=\"widget\" data-widget_type=\"text-editor.default\">\n\t\t\t\t<div class=\"elementor-widget-container\">\n\t\t\t\t\t\t\t\t\t<h2 style=\"font-variant-ligatures: normal; font-variant-caps: normal; font-family: Spectral, sans-serif; font-style: normal;\"><span style=\"font-size: 30px; color: #f0ffed;\">Der Zier-Efeu\u00a0 &#8211; Hedera helix &lsquo;Clotted Cream&rsquo;<\/span><\/h2>\t\t\t\t\t\t\t\t<\/div>\n\t\t\t\t<\/div>\n\t\t\t\t<\/div>\n\t\t<div class=\"elementor-element elementor-element-1ef6e52a e-flex e-con-boxed e-con e-parent\" data-id=\"1ef6e52a\" data-element_type=\"container\">\n\t\t\t\t\t<div class=\"e-con-inner\">\n\t\t<div class=\"elementor-element elementor-element-4564eb25 e-flex e-con-boxed e-con e-child\" data-id=\"4564eb25\" data-element_type=\"container\">\n\t\t\t\t\t<div class=\"e-con-inner\">\n\t\t\t\t<div class=\"elementor-element elementor-element-33e8055c elementor-widget elementor-widget-heading\" data-id=\"33e8055c\" data-element_type=\"widget\" data-widget_type=\"heading.default\">\n\t\t\t\t<div class=\"elementor-widget-container\">\n\t\t\t\t\t<h2 class=\"elementor-heading-title elementor-size-default\">Zusammenfassend<\/h2>\t\t\t\t<\/div>\n\t\t\t\t<\/div>\n\t\t\t\t<div class=\"elementor-element elementor-element-9f5fde5 elementor-widget elementor-widget-text-editor\" data-id=\"9f5fde5\" data-element_type=\"widget\" data-widget_type=\"text-editor.default\">\n\t\t\t\t<div class=\"elementor-widget-container\">\n\t\t\t\t\t\t\t\t\t<p>Der Zier-Efeu, Hedera helix &lsquo;Clotted Cream&rsquo;, est un lierre ondul\u00e9 magnifique, mais de culture d\u00e9licate.<\/p><p>Die Bl\u00e4tter sind mittelgro\u00df und bestehen aus 5 Lappen. Sie sind h\u00fcbsch cremefarben gerandet. In der kalten Jahreszeit verleiht ein rosafarbener Rand zus\u00e4tzlichen Charme. Die Blattr\u00e4nder sind stark gewellt. Manchmal findet man auf diesen Wellen Wucherungen.<\/p><p>Dies ist ein eher kletternder Efeu. Bieten Sie ihm einen sonnigen Standort, sonst kommt die Panaschierung nicht zur Geltung.<\/p>\t\t\t\t\t\t\t\t<\/div>\n\t\t\t\t<\/div>\n\t\t\t\t<div class=\"elementor-element elementor-element-d38eb65 elementor-widget elementor-widget-heading\" data-id=\"d38eb65\" data-element_type=\"widget\" data-widget_type=\"heading.default\">\n\t\t\t\t<div class=\"elementor-widget-container\">\n\t\t\t\t\t<h2 class=\"elementor-heading-title elementor-size-default\">Geschichte<\/h2>\t\t\t\t<\/div>\n\t\t\t\t<\/div>\n\t\t\t\t<div class=\"elementor-element elementor-element-7e90b1a1 elementor-widget elementor-widget-text-editor\" data-id=\"7e90b1a1\" data-element_type=\"widget\" data-widget_type=\"text-editor.default\">\n\t\t\t\t<div class=\"elementor-widget-container\">\n\t\t\t\t\t\t\t\t\t<p>Diese Sorte wurde von der Baumschule Fibrex, Gro\u00dfbritannien, entdeckt und ab 2006 eingef\u00fchrt.<\/p>\t\t\t\t\t\t\t\t<\/div>\n\t\t\t\t<\/div>\n\t\t\t\t<div class=\"elementor-element elementor-element-6fef0ab elementor-widget elementor-widget-heading\" data-id=\"6fef0ab\" data-element_type=\"widget\" data-widget_type=\"heading.default\">\n\t\t\t\t<div class=\"elementor-widget-container\">\n\t\t\t\t\t<h2 class=\"elementor-heading-title elementor-size-default\">Detailansicht - Hedera helix 'Clotted Cream'<\/h2>\t\t\t\t<\/div>\n\t\t\t\t<\/div>\n\t\t\t\t<div class=\"elementor-element elementor-element-51ef85b6 elementor-widget elementor-widget-text-editor\" data-id=\"51ef85b6\" data-element_type=\"widget\" data-widget_type=\"text-editor.default\">\n\t\t\t\t<div class=\"elementor-widget-container\">\n\t\t\t\t\t\t\t\t\t<h3>Botanische Informationen<\/h3><ul><li>Familie: Araliaceae<\/li><li>Gattung : <em><strong>Hedera<\/strong><\/em><\/li><li>Art : <em>helix<\/em><\/li><li>Anbauen : &lsquo;Clotted Cream&rsquo;<\/li><li>Pierot-Klassifikation: Efeu mit wellig-gekr\u00e4uselten Bl\u00e4ttern, panaschierter Efeu<\/li><li>Blattstadium: juvenil<\/li><li>Herkunft der Art: Europa, von Spanien bis Norwegen, jedoch kaum an der Atlantikk\u00fcste.<\/li><li>Ursprung der Sorte: eingef\u00fchrt von der Baumschule Fibrex, Gro\u00dfbritannien, im Jahr 2006<\/li><\/ul><h3>\u00a0<\/h3><h3>Beschreibung von Hedera helix &lsquo;Clotted Cream&rsquo;<\/h3><ul><li>Habitus: gedrungen<\/li><li>Anzahl der Lappen: in der Regel 5 Lappen, gewellt<\/li><li>L\u00e4nge des Blattes: 5-6 cm<\/li><li>Breite des Blattes: 5-6 cm<\/li><li>Blattfarbe: gr\u00fcn mit cremefarbenem Rand<\/li><li>Farbe der Rippen: variabel<\/li><li>Farbe Stiel und Blattstiel: Purpurgr\u00fcn<\/li><li>L\u00e4nge des Blattstiels: 3 bis 4 cm<\/li><li>Verzweigungen: wenig verzweigt<\/li><li>Dicke der Matratze: wenig dick<\/li><li>Internodien: 4 bis 5 cm<\/li><li>Haare: sternf\u00f6rmig, 3 bis 5 Arme<\/li><\/ul><h3>\u00a0<\/h3><h3>Tipps zu Pflanzung, Anbau und Pflege f\u00fcr Hedera helix &lsquo;Clotted Cream&rsquo;<\/h3><ul><li>Exposition: Sonne<\/li><li>Winterh\u00e4rte: -15\u00b0C<\/li><li>Bodenfeuchtigkeit: frischer Boden<\/li><li>PH-Wert des Bodens: neutral oder kalkhaltig<\/li><li>Bodenart: alle<\/li><li>Bodenreichtum: gew\u00f6hnlich oder humos<\/li><li>Verwendung: Bodendecker, Kletterer, K\u00fcbel, Blumenk\u00e4sten<\/li><li>Entwicklung: mittel<\/li><li>Beschneiden: einmal im Jahr<\/li><li>Sch\u00e4dlinge: sehr selten (Rote Spinne, Schildl\u00e4use)<\/li><li>Krankheiten: sehr selten (Flecken auf den Bl\u00e4ttern)<\/li><\/ul>\t\t\t\t\t\t\t\t<\/div>\n\t\t\t\t<\/div>\n\t\t\t\t\t<\/div>\n\t\t\t\t<\/div>\n\t\t\t\t\t<\/div>\n\t\t\t\t<\/div>\n\t\t<div class=\"elementor-element elementor-element-34e5597 e-flex e-con-boxed e-con e-parent\" data-id=\"34e5597\" data-element_type=\"container\">\n\t\t\t\t\t<div class=\"e-con-inner\">\n\t\t\t\t<div class=\"elementor-element elementor-element-4565af69 elementor-widget elementor-widget-image\" data-id=\"4565af69\" data-element_type=\"widget\" data-widget_type=\"image.default\">\n\t\t\t\t<div class=\"elementor-widget-container\">\n\t\t\t\t\t\t\t\t\t\t\t\t\t\t\t<img fetchpriority=\"high\" decoding=\"async\" width=\"1024\" height=\"146\" src=\"https:\/\/www.hedera-etc.com\/wp-content\/uploads\/2023\/10\/guirlande-1024x146.webp\" class=\"attachment-large size-large wp-image-116\" alt=\"La boutique du lierre - Efeu-Girlande\" srcset=\"https:\/\/www.hedera-etc.com\/wp-content\/uploads\/2023\/10\/guirlande-1024x146.webp 1024w, https:\/\/www.hedera-etc.com\/wp-content\/uploads\/2023\/10\/guirlande-900x129.webp 900w, https:\/\/www.hedera-etc.com\/wp-content\/uploads\/2023\/10\/guirlande-300x43.webp 300w, https:\/\/www.hedera-etc.com\/wp-content\/uploads\/2023\/10\/guirlande-768x110.webp 768w, https:\/\/www.hedera-etc.com\/wp-content\/uploads\/2023\/10\/guirlande.webp 1126w\" sizes=\"(max-width: 1024px) 100vw, 1024px\" \/>\t\t\t\t\t\t\t\t\t\t\t\t\t\t\t<\/div>\n\t\t\t\t<\/div>\n\t\t\t\t<div class=\"elementor-element elementor-element-7db08e9c elementor-widget elementor-widget-text-editor\" data-id=\"7db08e9c\" data-element_type=\"widget\" data-widget_type=\"text-editor.default\">\n\t\t\t\t<div class=\"elementor-widget-container\">\n\t\t\t\t\t\t\t\t\t<h3 style=\"text-align: center;\"><span style=\"color: #008000;\">Efeu in der Literatur<\/span><\/h3><blockquote><p style=\"text-align: center;\"><span style=\"color: #993366;\">\u201cDie Ruinen waren in Efeu geh\u00fcllt und hatten einen melancholischen Charme, der dem Lauf der Jahrhunderte trotzte.<\/span><span style=\"color: #993366;\">\u201d<\/span><\/p><\/blockquote><h5 style=\"text-align: right;\"><strong>F. Scott Fitzgerald<\/strong>, <em>Gatsby der Pr\u00e4chtige<\/em><\/h5>\t\t\t\t\t\t\t\t<\/div>\n\t\t\t\t<\/div>\n\t\t\t\t\t<\/div>\n\t\t\t\t<\/div>\n\t\t\t\t<\/div>","protected":false},"excerpt":{"rendered":"<p>Wundersch\u00f6ner, gewellter Efeu, der jedoch heikel zu kultivieren ist.<\/p>\n<p>Die Bl\u00e4tter sind mittelgro\u00df, bestehen aus 5 Lappen und sind h\u00fcbsch cremefarben gerandet. In der kalten Jahreszeit verleiht ein rosafarbener Rand zus\u00e4tzlichen Charme. Blattrand stark gewellt.<\/p>\n<p>Efeu ist eher kletternd. Bieten Sie ihm einen sonnigen Standort, sonst kommt die Panaschierung nicht zur Geltung.<\/p>","protected":false},"featured_media":432,"comment_status":"open","ping_status":"closed","template":"","meta":{"_acf_changed":false,"ocean_post_layout":"","ocean_both_sidebars_style":"","ocean_both_sidebars_content_width":0,"ocean_both_sidebars_sidebars_width":0,"ocean_sidebar":"0","ocean_second_sidebar":"0","ocean_disable_margins":"enable","ocean_add_body_class":"","ocean_shortcode_before_top_bar":"","ocean_shortcode_after_top_bar":"","ocean_shortcode_before_header":"","ocean_shortcode_after_header":"","ocean_has_shortcode":"","ocean_shortcode_after_title":"","ocean_shortcode_before_footer_widgets":"","ocean_shortcode_after_footer_widgets":"","ocean_shortcode_before_footer_bottom":"","ocean_shortcode_after_footer_bottom":"","ocean_display_top_bar":"default","ocean_display_header":"default","ocean_header_style":"","ocean_center_header_left_menu":"0","ocean_custom_header_template":"0","ocean_custom_logo":0,"ocean_custom_retina_logo":0,"ocean_custom_logo_max_width":0,"ocean_custom_logo_tablet_max_width":0,"ocean_custom_logo_mobile_max_width":0,"ocean_custom_logo_max_height":0,"ocean_custom_logo_tablet_max_height":0,"ocean_custom_logo_mobile_max_height":0,"ocean_header_custom_menu":"0","ocean_menu_typo_font_family":"0","ocean_menu_typo_font_subset":"","ocean_menu_typo_font_size":0,"ocean_menu_typo_font_size_tablet":0,"ocean_menu_typo_font_size_mobile":0,"ocean_menu_typo_font_size_unit":"px","ocean_menu_typo_font_weight":"","ocean_menu_typo_font_weight_tablet":"","ocean_menu_typo_font_weight_mobile":"","ocean_menu_typo_transform":"","ocean_menu_typo_transform_tablet":"","ocean_menu_typo_transform_mobile":"","ocean_menu_typo_line_height":0,"ocean_menu_typo_line_height_tablet":0,"ocean_menu_typo_line_height_mobile":0,"ocean_menu_typo_line_height_unit":"","ocean_menu_typo_spacing":0,"ocean_menu_typo_spacing_tablet":0,"ocean_menu_typo_spacing_mobile":0,"ocean_menu_typo_spacing_unit":"","ocean_menu_link_color":"","ocean_menu_link_color_hover":"","ocean_menu_link_color_active":"","ocean_menu_link_background":"","ocean_menu_link_hover_background":"","ocean_menu_link_active_background":"","ocean_menu_social_links_bg":"","ocean_menu_social_hover_links_bg":"","ocean_menu_social_links_color":"","ocean_menu_social_hover_links_color":"","ocean_disable_title":"default","ocean_disable_heading":"default","ocean_post_title":"","ocean_post_subheading":"","ocean_post_title_style":"","ocean_post_title_background_color":"","ocean_post_title_background":0,"ocean_post_title_bg_image_position":"","ocean_post_title_bg_image_attachment":"","ocean_post_title_bg_image_repeat":"","ocean_post_title_bg_image_size":"","ocean_post_title_height":0,"ocean_post_title_bg_overlay":0.5,"ocean_post_title_bg_overlay_color":"","ocean_disable_breadcrumbs":"default","ocean_breadcrumbs_color":"","ocean_breadcrumbs_separator_color":"","ocean_breadcrumbs_links_color":"","ocean_breadcrumbs_links_hover_color":"","ocean_display_footer_widgets":"default","ocean_display_footer_bottom":"default","ocean_custom_footer_template":"0"},"product_brand":[],"product_cat":[134],"product_tag":[],"class_list":{"0":"post-431","1":"product","2":"type-product","3":"status-publish","4":"has-post-thumbnail","6":"product_cat-lierre","8":"entry","9":"has-media","11":"first","12":"instock","13":"purchasable","14":"product-type-variable","15":"has-default-attributes","16":"has-product-nav","17":"col","18":"span_1_of_4","19":"owp-content-center","20":"item-entry","21":"owp-thumbs-layout-horizontal","22":"owp-btn-normal","23":"owp-tabs-layout-section"},"acf":[],"jetpack_sharing_enabled":true,"_links":{"self":[{"href":"https:\/\/www.hedera-etc.com\/de\/wp-json\/wp\/v2\/product\/431","targetHints":{"allow":["GET"]}}],"collection":[{"href":"https:\/\/www.hedera-etc.com\/de\/wp-json\/wp\/v2\/product"}],"about":[{"href":"https:\/\/www.hedera-etc.com\/de\/wp-json\/wp\/v2\/types\/product"}],"replies":[{"embeddable":true,"href":"https:\/\/www.hedera-etc.com\/de\/wp-json\/wp\/v2\/comments?post=431"}],"version-history":[{"count":5,"href":"https:\/\/www.hedera-etc.com\/de\/wp-json\/wp\/v2\/product\/431\/revisions"}],"predecessor-version":[{"id":18083,"href":"https:\/\/www.hedera-etc.com\/de\/wp-json\/wp\/v2\/product\/431\/revisions\/18083"}],"wp:featuredmedia":[{"embeddable":true,"href":"https:\/\/www.hedera-etc.com\/de\/wp-json\/wp\/v2\/media\/432"}],"wp:attachment":[{"href":"https:\/\/www.hedera-etc.com\/de\/wp-json\/wp\/v2\/media?parent=431"}],"wp:term":[{"taxonomy":"product_brand","embeddable":true,"href":"https:\/\/www.hedera-etc.com\/de\/wp-json\/wp\/v2\/product_brand?post=431"},{"taxonomy":"product_cat","embeddable":true,"href":"https:\/\/www.hedera-etc.com\/de\/wp-json\/wp\/v2\/product_cat?post=431"},{"taxonomy":"product_tag","embeddable":true,"href":"https:\/\/www.hedera-etc.com\/de\/wp-json\/wp\/v2\/product_tag?post=431"}],"curies":[{"name":"wp","href":"https:\/\/api.w.org\/{rel}","templated":true}]}}

<div data-elementor-type="product-post" data-elementor-id="431" class="elementor elementor-431" data-elementor-post-type="product">
				<div class="elementor-element elementor-element-5590de84 e-con-full e-flex e-con e-child" data-id="5590de84" data-element_type="container">
				<div class="elementor-element elementor-element-5584fe62 elementor-widget elementor-widget-text-editor" data-id="5584fe62" data-element_type="widget" data-widget_type="text-editor.default">
				<div class="elementor-widget-container">
									<h2 style="font-variant-ligatures: normal; font-variant-caps: normal; font-family: Spectral, sans-serif; font-style: normal;"><span style="font-size: 30px; color: #f0ffed;">Der Zier-Efeu  &#8211; Hedera helix &lsquo;Clotted Cream&rsquo;</span></h2>								</div>
				</div>
				</div>
		<div class="elementor-element elementor-element-1ef6e52a e-flex e-con-boxed e-con e-parent" data-id="1ef6e52a" data-element_type="container">
					<div class="e-con-inner">
		<div class="elementor-element elementor-element-4564eb25 e-flex e-con-boxed e-con e-child" data-id="4564eb25" data-element_type="container">
					<div class="e-con-inner">
				<div class="elementor-element elementor-element-33e8055c elementor-widget elementor-widget-heading" data-id="33e8055c" data-element_type="widget" data-widget_type="heading.default">
				<div class="elementor-widget-container">
					<h2 class="elementor-heading-title elementor-size-default">Zusammenfassend</h2>				</div>
				</div>
				<div class="elementor-element elementor-element-9f5fde5 elementor-widget elementor-widget-text-editor" data-id="9f5fde5" data-element_type="widget" data-widget_type="text-editor.default">
				<div class="elementor-widget-container">
									<p>Der Zier-Efeu, Hedera helix &lsquo;Clotted Cream&rsquo;, est un lierre ondulé magnifique, mais de culture délicate.</p><p>Die Blätter sind mittelgroß und bestehen aus 5 Lappen. Sie sind hübsch cremefarben gerandet. In der kalten Jahreszeit verleiht ein rosafarbener Rand zusätzlichen Charme. Die Blattränder sind stark gewellt. Manchmal findet man auf diesen Wellen Wucherungen.</p><p>Dies ist ein eher kletternder Efeu. Bieten Sie ihm einen sonnigen Standort, sonst kommt die Panaschierung nicht zur Geltung.</p>								</div>
				</div>
				<div class="elementor-element elementor-element-d38eb65 elementor-widget elementor-widget-heading" data-id="d38eb65" data-element_type="widget" data-widget_type="heading.default">
				<div class="elementor-widget-container">
					<h2 class="elementor-heading-title elementor-size-default">Geschichte</h2>				</div>
				</div>
				<div class="elementor-element elementor-element-7e90b1a1 elementor-widget elementor-widget-text-editor" data-id="7e90b1a1" data-element_type="widget" data-widget_type="text-editor.default">
				<div class="elementor-widget-container">
									<p>Diese Sorte wurde von der Baumschule Fibrex, Großbritannien, entdeckt und ab 2006 eingeführt.</p>								</div>
				</div>
				<div class="elementor-element elementor-element-6fef0ab elementor-widget elementor-widget-heading" data-id="6fef0ab" data-element_type="widget" data-widget_type="heading.default">
				<div class="elementor-widget-container">
					<h2 class="elementor-heading-title elementor-size-default">Detailansicht - Hedera helix 'Clotted Cream'</h2>				</div>
				</div>
				<div class="elementor-element elementor-element-51ef85b6 elementor-widget elementor-widget-text-editor" data-id="51ef85b6" data-element_type="widget" data-widget_type="text-editor.default">
				<div class="elementor-widget-container">
									<h3>Botanische Informationen</h3><ul><li>Familie: Araliaceae</li><li>Gattung : <em><strong>Hedera</strong></em></li><li>Art : <em>helix</em></li><li>Anbauen : &lsquo;Clotted Cream&rsquo;</li><li>Pierot-Klassifikation: Efeu mit wellig-gekräuselten Blättern, panaschierter Efeu</li><li>Blattstadium: juvenil</li><li>Herkunft der Art: Europa, von Spanien bis Norwegen, jedoch kaum an der Atlantikküste.</li><li>Ursprung der Sorte: eingeführt von der Baumschule Fibrex, Großbritannien, im Jahr 2006</li></ul><h3> </h3><h3>Beschreibung von Hedera helix &lsquo;Clotted Cream&rsquo;</h3><ul><li>Habitus: gedrungen</li><li>Anzahl der Lappen: in der Regel 5 Lappen, gewellt</li><li>Länge des Blattes: 5-6 cm</li><li>Breite des Blattes: 5-6 cm</li><li>Blattfarbe: grün mit cremefarbenem Rand</li><li>Farbe der Rippen: variabel</li><li>Farbe Stiel und Blattstiel: Purpurgrün</li><li>Länge des Blattstiels: 3 bis 4 cm</li><li>Verzweigungen: wenig verzweigt</li><li>Dicke der Matratze: wenig dick</li><li>Internodien: 4 bis 5 cm</li><li>Haare: sternförmig, 3 bis 5 Arme</li></ul><h3> </h3><h3>Tipps zu Pflanzung, Anbau und Pflege für Hedera helix &lsquo;Clotted Cream&rsquo;</h3><ul><li>Exposition: Sonne</li><li>Winterhärte: -15°C</li><li>Bodenfeuchtigkeit: frischer Boden</li><li>PH-Wert des Bodens: neutral oder kalkhaltig</li><li>Bodenart: alle</li><li>Bodenreichtum: gewöhnlich oder humos</li><li>Verwendung: Bodendecker, Kletterer, Kübel, Blumenkästen</li><li>Entwicklung: mittel</li><li>Beschneiden: einmal im Jahr</li><li>Schädlinge: sehr selten (Rote Spinne, Schildläuse)</li><li>Krankheiten: sehr selten (Flecken auf den Blättern)</li></ul>								</div>
				</div>
					</div>
				</div>
					</div>
				</div>
		<div class="elementor-element elementor-element-34e5597 e-flex e-con-boxed e-con e-parent" data-id="34e5597" data-element_type="container">
					<div class="e-con-inner">
				<div class="elementor-element elementor-element-4565af69 elementor-widget elementor-widget-image" data-id="4565af69" data-element_type="widget" data-widget_type="image.default">
				<div class="elementor-widget-container">
															<img fetchpriority="high" decoding="async" width="1024" height="146" src="https://www.hedera-etc.com/wp-content/uploads/2023/10/guirlande-1024x146.webp" class="attachment-large size-large wp-image-116" alt="La boutique du lierre - Efeu-Girlande" srcset="https://www.hedera-etc.com/wp-content/uploads/2023/10/guirlande-1024x146.webp 1024w, https://www.hedera-etc.com/wp-content/uploads/2023/10/guirlande-900x129.webp 900w, https://www.hedera-etc.com/wp-content/uploads/2023/10/guirlande-300x43.webp 300w, https://www.hedera-etc.com/wp-content/uploads/2023/10/guirlande-768x110.webp 768w, https://www.hedera-etc.com/wp-content/uploads/2023/10/guirlande.webp 1126w" sizes="(max-width: 1024px) 100vw, 1024px" />															</div>
				</div>
				<div class="elementor-element elementor-element-7db08e9c elementor-widget elementor-widget-text-editor" data-id="7db08e9c" data-element_type="widget" data-widget_type="text-editor.default">
				<div class="elementor-widget-container">
									<h3 style="text-align: center;"><span style="color: #008000;">Efeu in der Literatur</span></h3><blockquote><p style="text-align: center;"><span style="color: #993366;">“Die Ruinen waren in Efeu gehüllt und hatten einen melancholischen Charme, der dem Lauf der Jahrhunderte trotzte.</span><span style="color: #993366;">”</span></p></blockquote><h5 style="text-align: right;"><strong>F. Scott Fitzgerald</strong>, <em>Gatsby der Prächtige</em></h5>								</div>
				</div>
					</div>
				</div>
				</div>

<p>Wunderschöner, gewellter Efeu, der jedoch heikel zu kultivieren ist.</p>
<p>Die Blätter sind mittelgroß, bestehen aus 5 Lappen und sind hübsch cremefarben gerandet. In der kalten Jahreszeit verleiht ein rosafarbener Rand zusätzlichen Charme. Blattrand stark gewellt.</p>
<p>Efeu ist eher kletternd. Bieten Sie ihm einen sonnigen Standort, sonst kommt die Panaschierung nicht zur Geltung.</p>
