{"id":871,"date":"2023-10-30T19:08:48","date_gmt":"2023-10-30T18:08:48","guid":{"rendered":"https:\/\/www.hedera-etc.com\/?post_type=product&#038;p=871"},"modified":"2026-04-29T11:25:20","modified_gmt":"2026-04-29T09:25:20","slug":"hedera-helix-kappeln","status":"publish","type":"product","link":"https:\/\/www.hedera-etc.com\/de\/product\/hedera-helix-kappeln\/","title":{"rendered":"<em>Hedera helix<\/em> &lsquo;Kappeln&rsquo; &#8211; Zier-Efeu"},"content":{"rendered":"<div data-elementor-type=\"product-post\" data-elementor-id=\"871\" class=\"elementor elementor-871\" data-elementor-post-type=\"product\">\n\t\t\t\t<div class=\"elementor-element elementor-element-6f6d409f e-con-full e-flex e-con e-child\" data-id=\"6f6d409f\" data-element_type=\"container\">\n\t\t\t\t<div class=\"elementor-element elementor-element-3c6c78fc elementor-widget elementor-widget-text-editor\" data-id=\"3c6c78fc\" data-element_type=\"widget\" data-widget_type=\"text-editor.default\">\n\t\t\t\t<div class=\"elementor-widget-container\">\n\t\t\t\t\t\t\t\t\t<h2><span style=\"color: #f0ffed;\">Der Zier-Efeu\u00a0 &#8211; Hedera helix &lsquo;Kappeln&rsquo;<\/span><\/h2>\t\t\t\t\t\t\t\t<\/div>\n\t\t\t\t<\/div>\n\t\t\t\t<\/div>\n\t\t<div class=\"elementor-element elementor-element-5e250b18 e-flex e-con-boxed e-con e-parent\" data-id=\"5e250b18\" data-element_type=\"container\">\n\t\t\t\t\t<div class=\"e-con-inner\">\n\t\t<div class=\"elementor-element elementor-element-6c74db76 e-flex e-con-boxed e-con e-child\" data-id=\"6c74db76\" data-element_type=\"container\">\n\t\t\t\t\t<div class=\"e-con-inner\">\n\t\t\t\t<div class=\"elementor-element elementor-element-6ac02286 elementor-widget elementor-widget-heading\" data-id=\"6ac02286\" data-element_type=\"widget\" data-widget_type=\"heading.default\">\n\t\t\t\t<div class=\"elementor-widget-container\">\n\t\t\t\t\t<h2 class=\"elementor-heading-title elementor-size-default\">Zusammenfassend<\/h2>\t\t\t\t<\/div>\n\t\t\t\t<\/div>\n\t\t\t\t<div class=\"elementor-element elementor-element-530cc8c9 elementor-widget elementor-widget-text-editor\" data-id=\"530cc8c9\" data-element_type=\"widget\" data-widget_type=\"text-editor.default\">\n\t\t\t\t<div class=\"elementor-widget-container\">\n\t\t\t\t\t\t\t\t\t<p>Zier-Efeu, <strong><em>Hedera helix<\/em> &lsquo;Kappeln&rsquo;<\/strong>, ist eine stark wachsende, wenig verzweigte Kletterpflanze mit Trieben von etwa 1,5 Metern pro Jahr.<\/p><p>Die Bl\u00e4tter sind dunkelgr\u00fcn, lanzettlich und an der Spitze abgerundet. Sie stehen weit auseinander an den langen St\u00e4ngeln. Die Blattspreite ist ungelappt oder manchmal dreilappig. Der Endlappen ist 3- bis 5-mal so lang wie die beiden Seitenlappen, die sich bei \u00e4lteren Bl\u00e4ttern zeigen. Die gr\u00fcnen Blattstiele sind kurz.\u00a0<\/p><p>Dieser Efeu ist sehr robust.<\/p>\t\t\t\t\t\t\t\t<\/div>\n\t\t\t\t<\/div>\n\t\t\t\t<div class=\"elementor-element elementor-element-49a70650 elementor-widget elementor-widget-heading\" data-id=\"49a70650\" data-element_type=\"widget\" data-widget_type=\"heading.default\">\n\t\t\t\t<div class=\"elementor-widget-container\">\n\t\t\t\t\t<h2 class=\"elementor-heading-title elementor-size-default\">Geschichte<\/h2>\t\t\t\t<\/div>\n\t\t\t\t<\/div>\n\t\t\t\t<div class=\"elementor-element elementor-element-5095710a elementor-widget elementor-widget-text-editor\" data-id=\"5095710a\" data-element_type=\"widget\" data-widget_type=\"text-editor.default\">\n\t\t\t\t<div class=\"elementor-widget-container\">\n\t\t\t\t\t\t\t\t\t<p>Diese Sorte wurde 2004 von Robert Krebs von der Deutschen Efeugesellschaft an einer Mauer in Kappeln, Deutschland, entdeckt.<\/p>\t\t\t\t\t\t\t\t<\/div>\n\t\t\t\t<\/div>\n\t\t\t\t<div class=\"elementor-element elementor-element-6956012e elementor-widget elementor-widget-heading\" data-id=\"6956012e\" data-element_type=\"widget\" data-widget_type=\"heading.default\">\n\t\t\t\t<div class=\"elementor-widget-container\">\n\t\t\t\t\t<h2 class=\"elementor-heading-title elementor-size-default\">Technisches Datenblatt - Hedera helix 'Kappeln'<\/h2>\t\t\t\t<\/div>\n\t\t\t\t<\/div>\n\t\t\t\t<div class=\"elementor-element elementor-element-3e003173 elementor-widget elementor-widget-text-editor\" data-id=\"3e003173\" data-element_type=\"widget\" data-widget_type=\"text-editor.default\">\n\t\t\t\t<div class=\"elementor-widget-container\">\n\t\t\t\t\t\t\t\t\t<h3>Botanische Informationen<\/h3><ul><li>Familie: Araliaceae<\/li><li>Gattung : <em><strong>Hedera<\/strong><\/em><\/li><li>Art : <em>helix<\/em><\/li><li>Anbauen : &lsquo;Kappeln&rsquo;<\/li><li>Pierot-Klassifikation: Kuriosit\u00e4ten-Efeu, Efeu mit vogelbeinartigen Bl\u00e4ttern<\/li><li>Blattstadium: juvenil<\/li><li>Herkunft der Art: Europa, von Spanien bis Norwegen, jedoch kaum an der Atlantikk\u00fcste.<\/li><li>Herkunft des Kultivars: 2004 von Robert Krebs von der Deutschen Efeugesellschaft an einer Mauer in Kappeln, Deutschland, entdeckt.<\/li><\/ul><h3>\u00a0<\/h3><h3>Beschreibung von Hedera helix &lsquo;Kappeln&rsquo;<\/h3><ul><li>Habitus: ausgebreitet, breit<\/li><li>Anzahl der Lappen: in der Regel ungelappt, manchmal 3 Lappen<\/li><li>L\u00e4nge des Blattes: 5-7 cm<\/li><li>Breite des Blattes: 1 bis 2 cm<\/li><li>Blattfarbe: dunkles stumpfes Gr\u00fcn<\/li><li>Blattform: lanzettlich<\/li><li>Farbe der Rippen: hellgr\u00fcn<\/li><li>Farbe Stiel und Blattstiel: gr\u00fcn<\/li><li>L\u00e4nge des Blattstiels: 2 bis 3 cm<\/li><li>Verzweigungen: wenig verzweigt<\/li><li>Dicke der Matratze: wenig dick<\/li><li>Zwischenknoten: 2 cm<\/li><li>Haare: sternf\u00f6rmig, 3 bis 5 Arme<\/li><\/ul><h3>\u00a0<\/h3><h3>Tipps zu Pflanzung, Anbau und Pflege f\u00fcr Hedera helix &lsquo;Kappeln&rsquo;<\/h3><ul><li>Standort: Schatten, Halbschatten, Sonne<\/li><li>Winterh\u00e4rte: -15\u00b0C<\/li><li>Bodenfeuchtigkeit: frischer Boden<\/li><li>PH-Wert des Bodens: neutral oder kalkhaltig<\/li><li>Bodenart: alle<\/li><li>Bodenreichtum: gew\u00f6hnlich oder humos<\/li><li>Verwendung: Kletterpflanze, T\u00f6pfe, Blumenk\u00e4sten<\/li><li>Entwicklung: schnell, kr\u00e4ftig<\/li><li>Beschneiden: einmal im Jahr<\/li><li>Sch\u00e4dlinge: sehr selten (Rote Spinne, Schildl\u00e4use)<\/li><li>Krankheiten: sehr selten (Flecken auf den Bl\u00e4ttern)<\/li><\/ul>\t\t\t\t\t\t\t\t<\/div>\n\t\t\t\t<\/div>\n\t\t\t\t\t<\/div>\n\t\t\t\t<\/div>\n\t\t\t\t\t<\/div>\n\t\t\t\t<\/div>\n\t\t<div class=\"elementor-element elementor-element-cf7619d e-flex e-con-boxed e-con e-parent\" data-id=\"cf7619d\" data-element_type=\"container\">\n\t\t\t\t\t<div class=\"e-con-inner\">\n\t\t\t\t<div class=\"elementor-element elementor-element-3104f166 elementor-widget elementor-widget-image\" data-id=\"3104f166\" data-element_type=\"widget\" data-widget_type=\"image.default\">\n\t\t\t\t<div class=\"elementor-widget-container\">\n\t\t\t\t\t\t\t\t\t\t\t\t\t\t\t<img fetchpriority=\"high\" decoding=\"async\" width=\"1024\" height=\"146\" src=\"https:\/\/www.hedera-etc.com\/wp-content\/uploads\/2023\/10\/guirlande-1024x146.webp\" class=\"attachment-large size-large wp-image-116\" alt=\"La boutique du lierre - Efeu-Girlande\" srcset=\"https:\/\/www.hedera-etc.com\/wp-content\/uploads\/2023\/10\/guirlande-1024x146.webp 1024w, https:\/\/www.hedera-etc.com\/wp-content\/uploads\/2023\/10\/guirlande-900x129.webp 900w, https:\/\/www.hedera-etc.com\/wp-content\/uploads\/2023\/10\/guirlande-300x43.webp 300w, https:\/\/www.hedera-etc.com\/wp-content\/uploads\/2023\/10\/guirlande-768x110.webp 768w, https:\/\/www.hedera-etc.com\/wp-content\/uploads\/2023\/10\/guirlande.webp 1126w\" sizes=\"(max-width: 1024px) 100vw, 1024px\" \/>\t\t\t\t\t\t\t\t\t\t\t\t\t\t\t<\/div>\n\t\t\t\t<\/div>\n\t\t\t\t<div class=\"elementor-element elementor-element-4d57339 elementor-widget elementor-widget-text-editor\" data-id=\"4d57339\" data-element_type=\"widget\" data-widget_type=\"text-editor.default\">\n\t\t\t\t<div class=\"elementor-widget-container\">\n\t\t\t\t\t\t\t\t\t<h3 style=\"text-align: center;\"><span style=\"color: #008000;\">Efeu in der Literatur<\/span><\/h3><blockquote><p style=\"text-align: center;\"><span style=\"color: #993366;\">\u201cEfeu und Brombeeren hatten sich die verlassenen G\u00e4rten angeeignet und die Verwahrlosung in wilde Pracht verwandelt.<\/span><span style=\"color: #993366;\">\u201d<\/span><\/p><\/blockquote><h5 style=\"text-align: right;\"><strong>Thomas Hardy<\/strong>, <em>Zwei blaue Augen<\/em><\/h5>\t\t\t\t\t\t\t\t<\/div>\n\t\t\t\t<\/div>\n\t\t\t\t\t<\/div>\n\t\t\t\t<\/div>\n\t\t\t\t<\/div>","protected":false},"excerpt":{"rendered":"<p>Kletternd, stark wachsend, wenig verzweigt, mit Trieben von etwa 1,50 m pro Jahr.<\/p>\n<p>Dunkel stumpfgr\u00fcne, lanzettliche, an der Spitze abgerundete Bl\u00e4tter, die an langen St\u00e4ngeln weit auseinander stehen. Blattspreite nicht gelappt oder manchmal dreilappig. Endlappen 3- bis 5-mal so lang wie die beiden Seitenlappen, die bei \u00e4lteren Bl\u00e4ttern sichtbar werden. Kurze gr\u00fcne Blattstiele.<\/p>\n<p>Sehr robuster Efeu.<\/p>","protected":false},"featured_media":872,"comment_status":"open","ping_status":"closed","template":"","meta":{"_acf_changed":false,"ocean_post_layout":"","ocean_both_sidebars_style":"","ocean_both_sidebars_content_width":0,"ocean_both_sidebars_sidebars_width":0,"ocean_sidebar":"0","ocean_second_sidebar":"0","ocean_disable_margins":"enable","ocean_add_body_class":"","ocean_shortcode_before_top_bar":"","ocean_shortcode_after_top_bar":"","ocean_shortcode_before_header":"","ocean_shortcode_after_header":"","ocean_has_shortcode":"","ocean_shortcode_after_title":"","ocean_shortcode_before_footer_widgets":"","ocean_shortcode_after_footer_widgets":"","ocean_shortcode_before_footer_bottom":"","ocean_shortcode_after_footer_bottom":"","ocean_display_top_bar":"default","ocean_display_header":"default","ocean_header_style":"","ocean_center_header_left_menu":"0","ocean_custom_header_template":"0","ocean_custom_logo":0,"ocean_custom_retina_logo":0,"ocean_custom_logo_max_width":0,"ocean_custom_logo_tablet_max_width":0,"ocean_custom_logo_mobile_max_width":0,"ocean_custom_logo_max_height":0,"ocean_custom_logo_tablet_max_height":0,"ocean_custom_logo_mobile_max_height":0,"ocean_header_custom_menu":"0","ocean_menu_typo_font_family":"0","ocean_menu_typo_font_subset":"","ocean_menu_typo_font_size":0,"ocean_menu_typo_font_size_tablet":0,"ocean_menu_typo_font_size_mobile":0,"ocean_menu_typo_font_size_unit":"px","ocean_menu_typo_font_weight":"","ocean_menu_typo_font_weight_tablet":"","ocean_menu_typo_font_weight_mobile":"","ocean_menu_typo_transform":"","ocean_menu_typo_transform_tablet":"","ocean_menu_typo_transform_mobile":"","ocean_menu_typo_line_height":0,"ocean_menu_typo_line_height_tablet":0,"ocean_menu_typo_line_height_mobile":0,"ocean_menu_typo_line_height_unit":"","ocean_menu_typo_spacing":0,"ocean_menu_typo_spacing_tablet":0,"ocean_menu_typo_spacing_mobile":0,"ocean_menu_typo_spacing_unit":"","ocean_menu_link_color":"","ocean_menu_link_color_hover":"","ocean_menu_link_color_active":"","ocean_menu_link_background":"","ocean_menu_link_hover_background":"","ocean_menu_link_active_background":"","ocean_menu_social_links_bg":"","ocean_menu_social_hover_links_bg":"","ocean_menu_social_links_color":"","ocean_menu_social_hover_links_color":"","ocean_disable_title":"default","ocean_disable_heading":"default","ocean_post_title":"","ocean_post_subheading":"","ocean_post_title_style":"","ocean_post_title_background_color":"","ocean_post_title_background":0,"ocean_post_title_bg_image_position":"","ocean_post_title_bg_image_attachment":"","ocean_post_title_bg_image_repeat":"","ocean_post_title_bg_image_size":"","ocean_post_title_height":0,"ocean_post_title_bg_overlay":0.5,"ocean_post_title_bg_overlay_color":"","ocean_disable_breadcrumbs":"default","ocean_breadcrumbs_color":"","ocean_breadcrumbs_separator_color":"","ocean_breadcrumbs_links_color":"","ocean_breadcrumbs_links_hover_color":"","ocean_display_footer_widgets":"default","ocean_display_footer_bottom":"default","ocean_custom_footer_template":"0"},"product_brand":[],"product_cat":[134],"product_tag":[],"class_list":{"0":"post-871","1":"product","2":"type-product","3":"status-publish","4":"has-post-thumbnail","6":"product_cat-lierre","8":"entry","9":"has-media","11":"first","12":"instock","13":"purchasable","14":"product-type-variable","15":"has-default-attributes","16":"has-product-nav","17":"col","18":"span_1_of_4","19":"owp-content-center","20":"item-entry","21":"owp-thumbs-layout-horizontal","22":"owp-btn-normal","23":"owp-tabs-layout-section"},"acf":[],"jetpack_sharing_enabled":true,"_links":{"self":[{"href":"https:\/\/www.hedera-etc.com\/de\/wp-json\/wp\/v2\/product\/871","targetHints":{"allow":["GET"]}}],"collection":[{"href":"https:\/\/www.hedera-etc.com\/de\/wp-json\/wp\/v2\/product"}],"about":[{"href":"https:\/\/www.hedera-etc.com\/de\/wp-json\/wp\/v2\/types\/product"}],"replies":[{"embeddable":true,"href":"https:\/\/www.hedera-etc.com\/de\/wp-json\/wp\/v2\/comments?post=871"}],"version-history":[{"count":4,"href":"https:\/\/www.hedera-etc.com\/de\/wp-json\/wp\/v2\/product\/871\/revisions"}],"predecessor-version":[{"id":18360,"href":"https:\/\/www.hedera-etc.com\/de\/wp-json\/wp\/v2\/product\/871\/revisions\/18360"}],"wp:featuredmedia":[{"embeddable":true,"href":"https:\/\/www.hedera-etc.com\/de\/wp-json\/wp\/v2\/media\/872"}],"wp:attachment":[{"href":"https:\/\/www.hedera-etc.com\/de\/wp-json\/wp\/v2\/media?parent=871"}],"wp:term":[{"taxonomy":"product_brand","embeddable":true,"href":"https:\/\/www.hedera-etc.com\/de\/wp-json\/wp\/v2\/product_brand?post=871"},{"taxonomy":"product_cat","embeddable":true,"href":"https:\/\/www.hedera-etc.com\/de\/wp-json\/wp\/v2\/product_cat?post=871"},{"taxonomy":"product_tag","embeddable":true,"href":"https:\/\/www.hedera-etc.com\/de\/wp-json\/wp\/v2\/product_tag?post=871"}],"curies":[{"name":"wp","href":"https:\/\/api.w.org\/{rel}","templated":true}]}}

<div data-elementor-type="product-post" data-elementor-id="871" class="elementor elementor-871" data-elementor-post-type="product">
				<div class="elementor-element elementor-element-6f6d409f e-con-full e-flex e-con e-child" data-id="6f6d409f" data-element_type="container">
				<div class="elementor-element elementor-element-3c6c78fc elementor-widget elementor-widget-text-editor" data-id="3c6c78fc" data-element_type="widget" data-widget_type="text-editor.default">
				<div class="elementor-widget-container">
									<h2><span style="color: #f0ffed;">Der Zier-Efeu  &#8211; Hedera helix &lsquo;Kappeln&rsquo;</span></h2>								</div>
				</div>
				</div>
		<div class="elementor-element elementor-element-5e250b18 e-flex e-con-boxed e-con e-parent" data-id="5e250b18" data-element_type="container">
					<div class="e-con-inner">
		<div class="elementor-element elementor-element-6c74db76 e-flex e-con-boxed e-con e-child" data-id="6c74db76" data-element_type="container">
					<div class="e-con-inner">
				<div class="elementor-element elementor-element-6ac02286 elementor-widget elementor-widget-heading" data-id="6ac02286" data-element_type="widget" data-widget_type="heading.default">
				<div class="elementor-widget-container">
					<h2 class="elementor-heading-title elementor-size-default">Zusammenfassend</h2>				</div>
				</div>
				<div class="elementor-element elementor-element-530cc8c9 elementor-widget elementor-widget-text-editor" data-id="530cc8c9" data-element_type="widget" data-widget_type="text-editor.default">
				<div class="elementor-widget-container">
									<p>Zier-Efeu, <strong><em>Hedera helix</em> &lsquo;Kappeln&rsquo;</strong>, ist eine stark wachsende, wenig verzweigte Kletterpflanze mit Trieben von etwa 1,5 Metern pro Jahr.</p><p>Die Blätter sind dunkelgrün, lanzettlich und an der Spitze abgerundet. Sie stehen weit auseinander an den langen Stängeln. Die Blattspreite ist ungelappt oder manchmal dreilappig. Der Endlappen ist 3- bis 5-mal so lang wie die beiden Seitenlappen, die sich bei älteren Blättern zeigen. Die grünen Blattstiele sind kurz. </p><p>Dieser Efeu ist sehr robust.</p>								</div>
				</div>
				<div class="elementor-element elementor-element-49a70650 elementor-widget elementor-widget-heading" data-id="49a70650" data-element_type="widget" data-widget_type="heading.default">
				<div class="elementor-widget-container">
					<h2 class="elementor-heading-title elementor-size-default">Geschichte</h2>				</div>
				</div>
				<div class="elementor-element elementor-element-5095710a elementor-widget elementor-widget-text-editor" data-id="5095710a" data-element_type="widget" data-widget_type="text-editor.default">
				<div class="elementor-widget-container">
									<p>Diese Sorte wurde 2004 von Robert Krebs von der Deutschen Efeugesellschaft an einer Mauer in Kappeln, Deutschland, entdeckt.</p>								</div>
				</div>
				<div class="elementor-element elementor-element-6956012e elementor-widget elementor-widget-heading" data-id="6956012e" data-element_type="widget" data-widget_type="heading.default">
				<div class="elementor-widget-container">
					<h2 class="elementor-heading-title elementor-size-default">Technisches Datenblatt - Hedera helix 'Kappeln'</h2>				</div>
				</div>
				<div class="elementor-element elementor-element-3e003173 elementor-widget elementor-widget-text-editor" data-id="3e003173" data-element_type="widget" data-widget_type="text-editor.default">
				<div class="elementor-widget-container">
									<h3>Botanische Informationen</h3><ul><li>Familie: Araliaceae</li><li>Gattung : <em><strong>Hedera</strong></em></li><li>Art : <em>helix</em></li><li>Anbauen : &lsquo;Kappeln&rsquo;</li><li>Pierot-Klassifikation: Kuriositäten-Efeu, Efeu mit vogelbeinartigen Blättern</li><li>Blattstadium: juvenil</li><li>Herkunft der Art: Europa, von Spanien bis Norwegen, jedoch kaum an der Atlantikküste.</li><li>Herkunft des Kultivars: 2004 von Robert Krebs von der Deutschen Efeugesellschaft an einer Mauer in Kappeln, Deutschland, entdeckt.</li></ul><h3> </h3><h3>Beschreibung von Hedera helix &lsquo;Kappeln&rsquo;</h3><ul><li>Habitus: ausgebreitet, breit</li><li>Anzahl der Lappen: in der Regel ungelappt, manchmal 3 Lappen</li><li>Länge des Blattes: 5-7 cm</li><li>Breite des Blattes: 1 bis 2 cm</li><li>Blattfarbe: dunkles stumpfes Grün</li><li>Blattform: lanzettlich</li><li>Farbe der Rippen: hellgrün</li><li>Farbe Stiel und Blattstiel: grün</li><li>Länge des Blattstiels: 2 bis 3 cm</li><li>Verzweigungen: wenig verzweigt</li><li>Dicke der Matratze: wenig dick</li><li>Zwischenknoten: 2 cm</li><li>Haare: sternförmig, 3 bis 5 Arme</li></ul><h3> </h3><h3>Tipps zu Pflanzung, Anbau und Pflege für Hedera helix &lsquo;Kappeln&rsquo;</h3><ul><li>Standort: Schatten, Halbschatten, Sonne</li><li>Winterhärte: -15°C</li><li>Bodenfeuchtigkeit: frischer Boden</li><li>PH-Wert des Bodens: neutral oder kalkhaltig</li><li>Bodenart: alle</li><li>Bodenreichtum: gewöhnlich oder humos</li><li>Verwendung: Kletterpflanze, Töpfe, Blumenkästen</li><li>Entwicklung: schnell, kräftig</li><li>Beschneiden: einmal im Jahr</li><li>Schädlinge: sehr selten (Rote Spinne, Schildläuse)</li><li>Krankheiten: sehr selten (Flecken auf den Blättern)</li></ul>								</div>
				</div>
					</div>
				</div>
					</div>
				</div>
		<div class="elementor-element elementor-element-cf7619d e-flex e-con-boxed e-con e-parent" data-id="cf7619d" data-element_type="container">
					<div class="e-con-inner">
				<div class="elementor-element elementor-element-3104f166 elementor-widget elementor-widget-image" data-id="3104f166" data-element_type="widget" data-widget_type="image.default">
				<div class="elementor-widget-container">
															<img fetchpriority="high" decoding="async" width="1024" height="146" src="https://www.hedera-etc.com/wp-content/uploads/2023/10/guirlande-1024x146.webp" class="attachment-large size-large wp-image-116" alt="La boutique du lierre - Efeu-Girlande" srcset="https://www.hedera-etc.com/wp-content/uploads/2023/10/guirlande-1024x146.webp 1024w, https://www.hedera-etc.com/wp-content/uploads/2023/10/guirlande-900x129.webp 900w, https://www.hedera-etc.com/wp-content/uploads/2023/10/guirlande-300x43.webp 300w, https://www.hedera-etc.com/wp-content/uploads/2023/10/guirlande-768x110.webp 768w, https://www.hedera-etc.com/wp-content/uploads/2023/10/guirlande.webp 1126w" sizes="(max-width: 1024px) 100vw, 1024px" />															</div>
				</div>
				<div class="elementor-element elementor-element-4d57339 elementor-widget elementor-widget-text-editor" data-id="4d57339" data-element_type="widget" data-widget_type="text-editor.default">
				<div class="elementor-widget-container">
									<h3 style="text-align: center;"><span style="color: #008000;">Efeu in der Literatur</span></h3><blockquote><p style="text-align: center;"><span style="color: #993366;">“Efeu und Brombeeren hatten sich die verlassenen Gärten angeeignet und die Verwahrlosung in wilde Pracht verwandelt.</span><span style="color: #993366;">”</span></p></blockquote><h5 style="text-align: right;"><strong>Thomas Hardy</strong>, <em>Zwei blaue Augen</em></h5>								</div>
				</div>
					</div>
				</div>
				</div>

<p>Kletternd, stark wachsend, wenig verzweigt, mit Trieben von etwa 1,50 m pro Jahr.</p>
<p>Dunkel stumpfgrüne, lanzettliche, an der Spitze abgerundete Blätter, die an langen Stängeln weit auseinander stehen. Blattspreite nicht gelappt oder manchmal dreilappig. Endlappen 3- bis 5-mal so lang wie die beiden Seitenlappen, die bei älteren Blättern sichtbar werden. Kurze grüne Blattstiele.</p>
<p>Sehr robuster Efeu.</p>
