{"id":916,"date":"2023-10-30T20:37:16","date_gmt":"2023-10-30T19:37:16","guid":{"rendered":"https:\/\/www.hedera-etc.com\/?post_type=product&#038;p=916"},"modified":"2026-04-29T07:09:34","modified_gmt":"2026-04-29T05:09:34","slug":"hedera-helix-latina","status":"publish","type":"product","link":"https:\/\/www.hedera-etc.com\/de\/product\/hedera-helix-latina\/","title":{"rendered":"<em>Hedera helix<\/em> &lsquo;Latina&rsquo; &#8211; Zier-Efeu"},"content":{"rendered":"<div data-elementor-type=\"product-post\" data-elementor-id=\"916\" class=\"elementor elementor-916\" data-elementor-post-type=\"product\">\n\t\t\t\t<div class=\"elementor-element elementor-element-3ca306e9 e-con-full e-flex e-con e-child\" data-id=\"3ca306e9\" data-element_type=\"container\">\n\t\t\t\t<div class=\"elementor-element elementor-element-23dd8b2b elementor-widget elementor-widget-text-editor\" data-id=\"23dd8b2b\" data-element_type=\"widget\" data-widget_type=\"text-editor.default\">\n\t\t\t\t<div class=\"elementor-widget-container\">\n\t\t\t\t\t\t\t\t\t<h2><span style=\"color: #f0ffed;\">Der Zier-Efeu\u00a0 &#8211; Hedera helix &lsquo;Latina&rsquo;<\/span><\/h2>\t\t\t\t\t\t\t\t<\/div>\n\t\t\t\t<\/div>\n\t\t\t\t<\/div>\n\t\t<div class=\"elementor-element elementor-element-f671b0e e-flex e-con-boxed e-con e-parent\" data-id=\"f671b0e\" data-element_type=\"container\">\n\t\t\t\t\t<div class=\"e-con-inner\">\n\t\t<div class=\"elementor-element elementor-element-319ce246 e-flex e-con-boxed e-con e-child\" data-id=\"319ce246\" data-element_type=\"container\">\n\t\t\t\t\t<div class=\"e-con-inner\">\n\t\t\t\t<div class=\"elementor-element elementor-element-45578562 elementor-widget elementor-widget-heading\" data-id=\"45578562\" data-element_type=\"widget\" data-widget_type=\"heading.default\">\n\t\t\t\t<div class=\"elementor-widget-container\">\n\t\t\t\t\t<h2 class=\"elementor-heading-title elementor-size-default\">Zusammenfassend<\/h2>\t\t\t\t<\/div>\n\t\t\t\t<\/div>\n\t\t\t\t<div class=\"elementor-element elementor-element-688bc450 elementor-widget elementor-widget-text-editor\" data-id=\"688bc450\" data-element_type=\"widget\" data-widget_type=\"text-editor.default\">\n\t\t\t\t<div class=\"elementor-widget-container\">\n\t\t\t\t\t\t\t\t\t<p>Zier-Efeu, <strong><em>Hedera helix<\/em> &lsquo;Latina&rsquo;<\/strong>, Die Blume hat eine wundersch\u00f6ne Panaschierung, die sehr hell und kontrastreich ist.<\/p><p>Die Bl\u00e4tter haben eine mehr oder weniger dreieckige Form. Einige sind herzf\u00f6rmig, andere haben 3 bis 5 Lappen. Die Blattspreite ist dunkelgr\u00fcn, gr\u00fcn und grau gefleckt und breit cremewei\u00df gerandet.<\/p><p>Dies ist ein schwach verzweigter Efeu mit langen Internodien, die seine ledrigen Bl\u00e4tter gut durchscheinen lassen. Verwenden Sie ihn als Bodendecker oder als Kletterpflanze, um eine Ecke des Gartens zu beleuchten.<\/p>\t\t\t\t\t\t\t\t<\/div>\n\t\t\t\t<\/div>\n\t\t\t\t<div class=\"elementor-element elementor-element-3c4860c3 elementor-widget elementor-widget-heading\" data-id=\"3c4860c3\" data-element_type=\"widget\" data-widget_type=\"heading.default\">\n\t\t\t\t<div class=\"elementor-widget-container\">\n\t\t\t\t\t<h2 class=\"elementor-heading-title elementor-size-default\">Geschichte<\/h2>\t\t\t\t<\/div>\n\t\t\t\t<\/div>\n\t\t\t\t<div class=\"elementor-element elementor-element-1be5daea elementor-widget elementor-widget-text-editor\" data-id=\"1be5daea\" data-element_type=\"widget\" data-widget_type=\"text-editor.default\">\n\t\t\t\t<div class=\"elementor-widget-container\">\n\t\t\t\t\t\t\t\t\t<p>Ein Kultivar unter diesem Namen wurde 1975 von Gebr. Stauss an Bruder Ingobert Heieck vom Kloster Neuburg geschickt.<\/p>\t\t\t\t\t\t\t\t<\/div>\n\t\t\t\t<\/div>\n\t\t\t\t<div class=\"elementor-element elementor-element-62e5c4b2 elementor-widget elementor-widget-heading\" data-id=\"62e5c4b2\" data-element_type=\"widget\" data-widget_type=\"heading.default\">\n\t\t\t\t<div class=\"elementor-widget-container\">\n\t\t\t\t\t<h2 class=\"elementor-heading-title elementor-size-default\">Technisches Datenblatt - Hedera helix 'Latina'<\/h2>\t\t\t\t<\/div>\n\t\t\t\t<\/div>\n\t\t\t\t<div class=\"elementor-element elementor-element-405d7dc0 elementor-widget elementor-widget-text-editor\" data-id=\"405d7dc0\" data-element_type=\"widget\" data-widget_type=\"text-editor.default\">\n\t\t\t\t<div class=\"elementor-widget-container\">\n\t\t\t\t\t\t\t\t\t<h3>Botanische Informationen<\/h3><ul><li>Familie: Araliaceae<\/li><li>Gattung : <em><strong>Hedera<\/strong><\/em><\/li><li>Art : <em>helix<\/em><\/li><li>Anbauen : &lsquo;Latina&rsquo;<\/li><li>Pierot-Klassifikation: Panaschierter Efeu<\/li><li>Blattstadium: juvenil<\/li><li>Herkunft der Art: Europa, von Spanien bis Norwegen, jedoch kaum an der Atlantikk\u00fcste.<\/li><li>Ursprung des Kultivars: unbekannt<\/li><\/ul><h3>\u00a0<\/h3><h3>Beschreibung von Hedera helix &lsquo;Latina&rsquo;<\/h3><ul><li>Habitus: ausgebreitet, breit<\/li><li>Anzahl der Blattlappen: in der Regel 3 Lappen<\/li><li>L\u00e4nge des Blattes: 4,5 cm<\/li><li>Breite des Blattes: 5 cm<\/li><li>Blattfarbe: t<span style=\"font-family: Roboto, sans-serif; font-size: 18px; font-style: normal; font-variant-ligatures: normal; font-variant-caps: normal; font-weight: 400; background-color: #f8f8f7;\">gekauft von Dunkelgr\u00fcn, Gr\u00fcn und Grau und breit cremewei\u00df marginalisiert.<\/span><\/li><li>Farbe der Rippen: cremefarben<\/li><li>Farbe Stiel und Blattstiel: violett<\/li><li>Verzweigungen: wenig verzweigt<\/li><li>Haare: sternf\u00f6rmig, 3 bis 5 Arme<\/li><\/ul><h3>\u00a0<\/h3><h3>Tipps zu Pflanzung, Anbau und Pflege f\u00fcr Hedera helix &lsquo;Latina&rsquo;<\/h3><ul><li>Standort: Schatten, Halbschatten, Sonne<\/li><li>Winterh\u00e4rte: -15\u00b0C<\/li><li>Bodenfeuchtigkeit: frischer Boden<\/li><li>PH-Wert des Bodens: neutral oder kalkhaltig<\/li><li>Bodenart: alle<\/li><li>Bodenreichtum: gew\u00f6hnlich oder humos<\/li><li>Verwendung: Bodendecker, Kletterer, H\u00e4ngeampeln, T\u00f6pfe, Blumenk\u00e4sten<\/li><li>Entwicklung: m\u00e4\u00dfig<\/li><li>Beschneiden: einmal im Jahr<\/li><li>Sch\u00e4dlinge: sehr selten (Rote Spinne, Schildl\u00e4use)<\/li><li>Krankheiten: sehr selten (Flecken auf den Bl\u00e4ttern)<\/li><\/ul>\t\t\t\t\t\t\t\t<\/div>\n\t\t\t\t<\/div>\n\t\t\t\t\t<\/div>\n\t\t\t\t<\/div>\n\t\t\t\t\t<\/div>\n\t\t\t\t<\/div>\n\t\t<div class=\"elementor-element elementor-element-673ccfe5 e-flex e-con-boxed e-con e-parent\" data-id=\"673ccfe5\" data-element_type=\"container\">\n\t\t\t\t\t<div class=\"e-con-inner\">\n\t\t\t\t<div class=\"elementor-element elementor-element-1447b0e7 elementor-widget elementor-widget-image\" data-id=\"1447b0e7\" data-element_type=\"widget\" data-widget_type=\"image.default\">\n\t\t\t\t<div class=\"elementor-widget-container\">\n\t\t\t\t\t\t\t\t\t\t\t\t\t\t\t<img fetchpriority=\"high\" decoding=\"async\" width=\"1024\" height=\"146\" src=\"https:\/\/www.hedera-etc.com\/wp-content\/uploads\/2023\/10\/guirlande-1024x146.webp\" class=\"attachment-large size-large wp-image-116\" alt=\"La boutique du lierre - Efeu-Girlande\" srcset=\"https:\/\/www.hedera-etc.com\/wp-content\/uploads\/2023\/10\/guirlande-1024x146.webp 1024w, https:\/\/www.hedera-etc.com\/wp-content\/uploads\/2023\/10\/guirlande-900x129.webp 900w, https:\/\/www.hedera-etc.com\/wp-content\/uploads\/2023\/10\/guirlande-300x43.webp 300w, https:\/\/www.hedera-etc.com\/wp-content\/uploads\/2023\/10\/guirlande-768x110.webp 768w, https:\/\/www.hedera-etc.com\/wp-content\/uploads\/2023\/10\/guirlande.webp 1126w\" sizes=\"(max-width: 1024px) 100vw, 1024px\" \/>\t\t\t\t\t\t\t\t\t\t\t\t\t\t\t<\/div>\n\t\t\t\t<\/div>\n\t\t\t\t<div class=\"elementor-element elementor-element-74551cc3 elementor-widget elementor-widget-text-editor\" data-id=\"74551cc3\" data-element_type=\"widget\" data-widget_type=\"text-editor.default\">\n\t\t\t\t<div class=\"elementor-widget-container\">\n\t\t\t\t\t\t\t\t\t<h3 style=\"text-align: center;\"><span style=\"color: #008000;\">Efeu in der Literatur<\/span><\/h3><blockquote><p style=\"text-align: center;\"><span style=\"color: #993366;\">\u201cDie alten S\u00e4ulen waren mit Efeu bewachsen, gekleidet in eine kr\u00e4ftige Natur, der die Vergangenheit gleichg\u00fcltig war.\u00bb<\/span><\/p><\/blockquote><h5 style=\"text-align: right;\"><strong>E.M. Forster<\/strong>, <em>Zimmer mit Aussicht<\/em><\/h5>\t\t\t\t\t\t\t\t<\/div>\n\t\t\t\t<\/div>\n\t\t\t\t\t<\/div>\n\t\t\t\t<\/div>\n\t\t\t\t<\/div>","protected":false},"excerpt":{"rendered":"<p>Wundersch\u00f6ne, sehr helle und kontrastreiche Panaschierung.<\/p>\n<p>Bl\u00e4tter mit einer mehr oder weniger dreieckigen Form. Die Blattspreite ist dunkelgr\u00fcn, gr\u00fcn und grau gefleckt und breit cremewei\u00df gerandet.<\/p>\n<p>Wenig verzweigter Efeu mit langen Internodien, die seine ledrigen Bl\u00e4tter gut durchscheinen lassen. Als Bodendecker oder als Kletterpflanze zu verwenden, um eine Ecke des Gartens zu beleuchten.<\/p>","protected":false},"featured_media":14455,"comment_status":"open","ping_status":"closed","template":"","meta":{"_acf_changed":false,"ocean_post_layout":"","ocean_both_sidebars_style":"","ocean_both_sidebars_content_width":0,"ocean_both_sidebars_sidebars_width":0,"ocean_sidebar":"0","ocean_second_sidebar":"0","ocean_disable_margins":"enable","ocean_add_body_class":"","ocean_shortcode_before_top_bar":"","ocean_shortcode_after_top_bar":"","ocean_shortcode_before_header":"","ocean_shortcode_after_header":"","ocean_has_shortcode":"","ocean_shortcode_after_title":"","ocean_shortcode_before_footer_widgets":"","ocean_shortcode_after_footer_widgets":"","ocean_shortcode_before_footer_bottom":"","ocean_shortcode_after_footer_bottom":"","ocean_display_top_bar":"default","ocean_display_header":"default","ocean_header_style":"","ocean_center_header_left_menu":"0","ocean_custom_header_template":"0","ocean_custom_logo":0,"ocean_custom_retina_logo":0,"ocean_custom_logo_max_width":0,"ocean_custom_logo_tablet_max_width":0,"ocean_custom_logo_mobile_max_width":0,"ocean_custom_logo_max_height":0,"ocean_custom_logo_tablet_max_height":0,"ocean_custom_logo_mobile_max_height":0,"ocean_header_custom_menu":"0","ocean_menu_typo_font_family":"0","ocean_menu_typo_font_subset":"","ocean_menu_typo_font_size":0,"ocean_menu_typo_font_size_tablet":0,"ocean_menu_typo_font_size_mobile":0,"ocean_menu_typo_font_size_unit":"px","ocean_menu_typo_font_weight":"","ocean_menu_typo_font_weight_tablet":"","ocean_menu_typo_font_weight_mobile":"","ocean_menu_typo_transform":"","ocean_menu_typo_transform_tablet":"","ocean_menu_typo_transform_mobile":"","ocean_menu_typo_line_height":0,"ocean_menu_typo_line_height_tablet":0,"ocean_menu_typo_line_height_mobile":0,"ocean_menu_typo_line_height_unit":"","ocean_menu_typo_spacing":0,"ocean_menu_typo_spacing_tablet":0,"ocean_menu_typo_spacing_mobile":0,"ocean_menu_typo_spacing_unit":"","ocean_menu_link_color":"","ocean_menu_link_color_hover":"","ocean_menu_link_color_active":"","ocean_menu_link_background":"","ocean_menu_link_hover_background":"","ocean_menu_link_active_background":"","ocean_menu_social_links_bg":"","ocean_menu_social_hover_links_bg":"","ocean_menu_social_links_color":"","ocean_menu_social_hover_links_color":"","ocean_disable_title":"default","ocean_disable_heading":"default","ocean_post_title":"","ocean_post_subheading":"","ocean_post_title_style":"","ocean_post_title_background_color":"","ocean_post_title_background":0,"ocean_post_title_bg_image_position":"","ocean_post_title_bg_image_attachment":"","ocean_post_title_bg_image_repeat":"","ocean_post_title_bg_image_size":"","ocean_post_title_height":0,"ocean_post_title_bg_overlay":0.5,"ocean_post_title_bg_overlay_color":"","ocean_disable_breadcrumbs":"default","ocean_breadcrumbs_color":"","ocean_breadcrumbs_separator_color":"","ocean_breadcrumbs_links_color":"","ocean_breadcrumbs_links_hover_color":"","ocean_display_footer_widgets":"default","ocean_display_footer_bottom":"default","ocean_custom_footer_template":"0"},"product_brand":[],"product_cat":[134],"product_tag":[],"class_list":{"0":"post-916","1":"product","2":"type-product","3":"status-publish","4":"has-post-thumbnail","6":"product_cat-lierre","8":"entry","9":"has-media","11":"first","12":"instock","13":"purchasable","14":"product-type-variable","15":"has-default-attributes","16":"has-product-nav","17":"col","18":"span_1_of_4","19":"owp-content-center","20":"item-entry","21":"owp-thumbs-layout-horizontal","22":"owp-btn-normal","23":"owp-tabs-layout-section"},"acf":[],"jetpack_sharing_enabled":true,"_links":{"self":[{"href":"https:\/\/www.hedera-etc.com\/de\/wp-json\/wp\/v2\/product\/916","targetHints":{"allow":["GET"]}}],"collection":[{"href":"https:\/\/www.hedera-etc.com\/de\/wp-json\/wp\/v2\/product"}],"about":[{"href":"https:\/\/www.hedera-etc.com\/de\/wp-json\/wp\/v2\/types\/product"}],"replies":[{"embeddable":true,"href":"https:\/\/www.hedera-etc.com\/de\/wp-json\/wp\/v2\/comments?post=916"}],"version-history":[{"count":3,"href":"https:\/\/www.hedera-etc.com\/de\/wp-json\/wp\/v2\/product\/916\/revisions"}],"predecessor-version":[{"id":14458,"href":"https:\/\/www.hedera-etc.com\/de\/wp-json\/wp\/v2\/product\/916\/revisions\/14458"}],"wp:featuredmedia":[{"embeddable":true,"href":"https:\/\/www.hedera-etc.com\/de\/wp-json\/wp\/v2\/media\/14455"}],"wp:attachment":[{"href":"https:\/\/www.hedera-etc.com\/de\/wp-json\/wp\/v2\/media?parent=916"}],"wp:term":[{"taxonomy":"product_brand","embeddable":true,"href":"https:\/\/www.hedera-etc.com\/de\/wp-json\/wp\/v2\/product_brand?post=916"},{"taxonomy":"product_cat","embeddable":true,"href":"https:\/\/www.hedera-etc.com\/de\/wp-json\/wp\/v2\/product_cat?post=916"},{"taxonomy":"product_tag","embeddable":true,"href":"https:\/\/www.hedera-etc.com\/de\/wp-json\/wp\/v2\/product_tag?post=916"}],"curies":[{"name":"wp","href":"https:\/\/api.w.org\/{rel}","templated":true}]}}

<div data-elementor-type="product-post" data-elementor-id="916" class="elementor elementor-916" data-elementor-post-type="product">
				<div class="elementor-element elementor-element-3ca306e9 e-con-full e-flex e-con e-child" data-id="3ca306e9" data-element_type="container">
				<div class="elementor-element elementor-element-23dd8b2b elementor-widget elementor-widget-text-editor" data-id="23dd8b2b" data-element_type="widget" data-widget_type="text-editor.default">
				<div class="elementor-widget-container">
									<h2><span style="color: #f0ffed;">Der Zier-Efeu  &#8211; Hedera helix &lsquo;Latina&rsquo;</span></h2>								</div>
				</div>
				</div>
		<div class="elementor-element elementor-element-f671b0e e-flex e-con-boxed e-con e-parent" data-id="f671b0e" data-element_type="container">
					<div class="e-con-inner">
		<div class="elementor-element elementor-element-319ce246 e-flex e-con-boxed e-con e-child" data-id="319ce246" data-element_type="container">
					<div class="e-con-inner">
				<div class="elementor-element elementor-element-45578562 elementor-widget elementor-widget-heading" data-id="45578562" data-element_type="widget" data-widget_type="heading.default">
				<div class="elementor-widget-container">
					<h2 class="elementor-heading-title elementor-size-default">Zusammenfassend</h2>				</div>
				</div>
				<div class="elementor-element elementor-element-688bc450 elementor-widget elementor-widget-text-editor" data-id="688bc450" data-element_type="widget" data-widget_type="text-editor.default">
				<div class="elementor-widget-container">
									<p>Zier-Efeu, <strong><em>Hedera helix</em> &lsquo;Latina&rsquo;</strong>, Die Blume hat eine wunderschöne Panaschierung, die sehr hell und kontrastreich ist.</p><p>Die Blätter haben eine mehr oder weniger dreieckige Form. Einige sind herzförmig, andere haben 3 bis 5 Lappen. Die Blattspreite ist dunkelgrün, grün und grau gefleckt und breit cremeweiß gerandet.</p><p>Dies ist ein schwach verzweigter Efeu mit langen Internodien, die seine ledrigen Blätter gut durchscheinen lassen. Verwenden Sie ihn als Bodendecker oder als Kletterpflanze, um eine Ecke des Gartens zu beleuchten.</p>								</div>
				</div>
				<div class="elementor-element elementor-element-3c4860c3 elementor-widget elementor-widget-heading" data-id="3c4860c3" data-element_type="widget" data-widget_type="heading.default">
				<div class="elementor-widget-container">
					<h2 class="elementor-heading-title elementor-size-default">Geschichte</h2>				</div>
				</div>
				<div class="elementor-element elementor-element-1be5daea elementor-widget elementor-widget-text-editor" data-id="1be5daea" data-element_type="widget" data-widget_type="text-editor.default">
				<div class="elementor-widget-container">
									<p>Ein Kultivar unter diesem Namen wurde 1975 von Gebr. Stauss an Bruder Ingobert Heieck vom Kloster Neuburg geschickt.</p>								</div>
				</div>
				<div class="elementor-element elementor-element-62e5c4b2 elementor-widget elementor-widget-heading" data-id="62e5c4b2" data-element_type="widget" data-widget_type="heading.default">
				<div class="elementor-widget-container">
					<h2 class="elementor-heading-title elementor-size-default">Technisches Datenblatt - Hedera helix 'Latina'</h2>				</div>
				</div>
				<div class="elementor-element elementor-element-405d7dc0 elementor-widget elementor-widget-text-editor" data-id="405d7dc0" data-element_type="widget" data-widget_type="text-editor.default">
				<div class="elementor-widget-container">
									<h3>Botanische Informationen</h3><ul><li>Familie: Araliaceae</li><li>Gattung : <em><strong>Hedera</strong></em></li><li>Art : <em>helix</em></li><li>Anbauen : &lsquo;Latina&rsquo;</li><li>Pierot-Klassifikation: Panaschierter Efeu</li><li>Blattstadium: juvenil</li><li>Herkunft der Art: Europa, von Spanien bis Norwegen, jedoch kaum an der Atlantikküste.</li><li>Ursprung des Kultivars: unbekannt</li></ul><h3> </h3><h3>Beschreibung von Hedera helix &lsquo;Latina&rsquo;</h3><ul><li>Habitus: ausgebreitet, breit</li><li>Anzahl der Blattlappen: in der Regel 3 Lappen</li><li>Länge des Blattes: 4,5 cm</li><li>Breite des Blattes: 5 cm</li><li>Blattfarbe: t<span style="font-family: Roboto, sans-serif; font-size: 18px; font-style: normal; font-variant-ligatures: normal; font-variant-caps: normal; font-weight: 400; background-color: #f8f8f7;">gekauft von Dunkelgrün, Grün und Grau und breit cremeweiß marginalisiert.</span></li><li>Farbe der Rippen: cremefarben</li><li>Farbe Stiel und Blattstiel: violett</li><li>Verzweigungen: wenig verzweigt</li><li>Haare: sternförmig, 3 bis 5 Arme</li></ul><h3> </h3><h3>Tipps zu Pflanzung, Anbau und Pflege für Hedera helix &lsquo;Latina&rsquo;</h3><ul><li>Standort: Schatten, Halbschatten, Sonne</li><li>Winterhärte: -15°C</li><li>Bodenfeuchtigkeit: frischer Boden</li><li>PH-Wert des Bodens: neutral oder kalkhaltig</li><li>Bodenart: alle</li><li>Bodenreichtum: gewöhnlich oder humos</li><li>Verwendung: Bodendecker, Kletterer, Hängeampeln, Töpfe, Blumenkästen</li><li>Entwicklung: mäßig</li><li>Beschneiden: einmal im Jahr</li><li>Schädlinge: sehr selten (Rote Spinne, Schildläuse)</li><li>Krankheiten: sehr selten (Flecken auf den Blättern)</li></ul>								</div>
				</div>
					</div>
				</div>
					</div>
				</div>
		<div class="elementor-element elementor-element-673ccfe5 e-flex e-con-boxed e-con e-parent" data-id="673ccfe5" data-element_type="container">
					<div class="e-con-inner">
				<div class="elementor-element elementor-element-1447b0e7 elementor-widget elementor-widget-image" data-id="1447b0e7" data-element_type="widget" data-widget_type="image.default">
				<div class="elementor-widget-container">
															<img fetchpriority="high" decoding="async" width="1024" height="146" src="https://www.hedera-etc.com/wp-content/uploads/2023/10/guirlande-1024x146.webp" class="attachment-large size-large wp-image-116" alt="La boutique du lierre - Efeu-Girlande" srcset="https://www.hedera-etc.com/wp-content/uploads/2023/10/guirlande-1024x146.webp 1024w, https://www.hedera-etc.com/wp-content/uploads/2023/10/guirlande-900x129.webp 900w, https://www.hedera-etc.com/wp-content/uploads/2023/10/guirlande-300x43.webp 300w, https://www.hedera-etc.com/wp-content/uploads/2023/10/guirlande-768x110.webp 768w, https://www.hedera-etc.com/wp-content/uploads/2023/10/guirlande.webp 1126w" sizes="(max-width: 1024px) 100vw, 1024px" />															</div>
				</div>
				<div class="elementor-element elementor-element-74551cc3 elementor-widget elementor-widget-text-editor" data-id="74551cc3" data-element_type="widget" data-widget_type="text-editor.default">
				<div class="elementor-widget-container">
									<h3 style="text-align: center;"><span style="color: #008000;">Efeu in der Literatur</span></h3><blockquote><p style="text-align: center;"><span style="color: #993366;">“Die alten Säulen waren mit Efeu bewachsen, gekleidet in eine kräftige Natur, der die Vergangenheit gleichgültig war.»</span></p></blockquote><h5 style="text-align: right;"><strong>E.M. Forster</strong>, <em>Zimmer mit Aussicht</em></h5>								</div>
				</div>
					</div>
				</div>
				</div>

<p>Wunderschöne, sehr helle und kontrastreiche Panaschierung.</p>
<p>Blätter mit einer mehr oder weniger dreieckigen Form. Die Blattspreite ist dunkelgrün, grün und grau gefleckt und breit cremeweiß gerandet.</p>
<p>Wenig verzweigter Efeu mit langen Internodien, die seine ledrigen Blätter gut durchscheinen lassen. Als Bodendecker oder als Kletterpflanze zu verwenden, um eine Ecke des Gartens zu beleuchten.</p>
