{"id":973,"date":"2023-10-31T07:06:54","date_gmt":"2023-10-31T06:06:54","guid":{"rendered":"https:\/\/www.hedera-etc.com\/?post_type=product&#038;p=973"},"modified":"2026-05-01T07:09:49","modified_gmt":"2026-05-01T05:09:49","slug":"hedera-helix-luzii","status":"publish","type":"product","link":"https:\/\/www.hedera-etc.com\/de\/product\/hedera-helix-luzii\/","title":{"rendered":"<em>Hedera helix<\/em> &lsquo;Luzii&rsquo; &#8211; Zier-Efeu"},"content":{"rendered":"<div data-elementor-type=\"product-post\" data-elementor-id=\"973\" class=\"elementor elementor-973\" data-elementor-post-type=\"product\">\n\t\t\t\t<div class=\"elementor-element elementor-element-52942fa8 e-con-full e-flex e-con e-child\" data-id=\"52942fa8\" data-element_type=\"container\">\n\t\t\t\t<div class=\"elementor-element elementor-element-6361c3c3 elementor-widget elementor-widget-text-editor\" data-id=\"6361c3c3\" data-element_type=\"widget\" data-widget_type=\"text-editor.default\">\n\t\t\t\t<div class=\"elementor-widget-container\">\n\t\t\t\t\t\t\t\t\t<h2><span style=\"color: #f0ffed;\">Der Zier-Efeu\u00a0 &#8211; Hedera helix &lsquo;Luzii&rsquo;<\/span><\/h2>\t\t\t\t\t\t\t\t<\/div>\n\t\t\t\t<\/div>\n\t\t\t\t<\/div>\n\t\t<div class=\"elementor-element elementor-element-31e014c7 e-flex e-con-boxed e-con e-parent\" data-id=\"31e014c7\" data-element_type=\"container\">\n\t\t\t\t\t<div class=\"e-con-inner\">\n\t\t<div class=\"elementor-element elementor-element-519b1f5b e-flex e-con-boxed e-con e-child\" data-id=\"519b1f5b\" data-element_type=\"container\">\n\t\t\t\t\t<div class=\"e-con-inner\">\n\t\t\t\t<div class=\"elementor-element elementor-element-7682c53c elementor-widget elementor-widget-heading\" data-id=\"7682c53c\" data-element_type=\"widget\" data-widget_type=\"heading.default\">\n\t\t\t\t<div class=\"elementor-widget-container\">\n\t\t\t\t\t<h2 class=\"elementor-heading-title elementor-size-default\">Zusammenfassend<\/h2>\t\t\t\t<\/div>\n\t\t\t\t<\/div>\n\t\t\t\t<div class=\"elementor-element elementor-element-186d3c00 elementor-widget elementor-widget-text-editor\" data-id=\"186d3c00\" data-element_type=\"widget\" data-widget_type=\"text-editor.default\">\n\t\t\t\t<div class=\"elementor-widget-container\">\n\t\t\t\t\t\t\t\t\t<p>Zier-Efeu, <strong><em>Hedera helix<\/em> &lsquo;Luzii&rsquo;<\/strong>, Die Pflanze ist sehr stark. Er bildet einj\u00e4hrige Triebe, die bis zu einem Meter lang sind. Er ist ziemlich verzweigt.<\/p><p>Sein Laub ist grau-gr\u00fcn-gelb und mit dunkleren Gr\u00fcnt\u00f6nen und graugr\u00fcnen Flecken gesprenkelt. Es nimmt seine F\u00e4rbung im Hochsommer an, wobei die jungen Bl\u00e4tter eher heller sind.<\/p><p>Dieser Efeu wird an einer Mauer, einer B\u00f6schung oder einem Baumstamm verwendet, vorzugsweise in Richtung Osten oder Norden, wobei darauf zu achten ist, dass er beschnitten wird, um seine Dicke zu verringern. Er kann n\u00e4mlich sehr dicke Matratzen bilden. An sonnigen Standorten geht er schnell in das Erwachsenenstadium \u00fcber.<\/p>\t\t\t\t\t\t\t\t<\/div>\n\t\t\t\t<\/div>\n\t\t\t\t<div class=\"elementor-element elementor-element-4808847b elementor-widget elementor-widget-heading\" data-id=\"4808847b\" data-element_type=\"widget\" data-widget_type=\"heading.default\">\n\t\t\t\t<div class=\"elementor-widget-container\">\n\t\t\t\t\t<h2 class=\"elementor-heading-title elementor-size-default\">Geschichte<\/h2>\t\t\t\t<\/div>\n\t\t\t\t<\/div>\n\t\t\t\t<div class=\"elementor-element elementor-element-697ffbd9 elementor-widget elementor-widget-text-editor\" data-id=\"697ffbd9\" data-element_type=\"widget\" data-widget_type=\"text-editor.default\">\n\t\t\t\t<div class=\"elementor-widget-container\">\n\t\t\t\t\t\t\t\t\t<p>Diese Sorte wurde von der Baumschule Ernst Luz, Deutschland, um 1950 entdeckt.<\/p>\t\t\t\t\t\t\t\t<\/div>\n\t\t\t\t<\/div>\n\t\t\t\t<div class=\"elementor-element elementor-element-430ccf1c elementor-widget elementor-widget-heading\" data-id=\"430ccf1c\" data-element_type=\"widget\" data-widget_type=\"heading.default\">\n\t\t\t\t<div class=\"elementor-widget-container\">\n\t\t\t\t\t<h2 class=\"elementor-heading-title elementor-size-default\">Technisches Datenblatt - Hedera helix 'Luzii'<\/h2>\t\t\t\t<\/div>\n\t\t\t\t<\/div>\n\t\t\t\t<div class=\"elementor-element elementor-element-12beaa48 elementor-widget elementor-widget-text-editor\" data-id=\"12beaa48\" data-element_type=\"widget\" data-widget_type=\"text-editor.default\">\n\t\t\t\t<div class=\"elementor-widget-container\">\n\t\t\t\t\t\t\t\t\t<h3>Botanische Informationen<\/h3>\n<ul>\n<li>Familie: Araliaceae<\/li>\n<li>Gattung : <em><strong>Hedera<\/strong><\/em><\/li>\n<li>Art : <em>helix<\/em><\/li>\n<li>Anbauen : &lsquo;Luzii&rsquo;<\/li>\n<li>Pierot-Klassifikation: Panaschierter Efeu<\/li>\n<li>Blattstadium: juvenil<\/li>\n<li>Herkunft der Art: Europa, von Spanien bis Norwegen, aber kaum an der Atlantikk\u00fcste.<\/li>\n<li>Ursprung der Sorte: entdeckt von der Baumschule Ernst Luz, Deutschland, um 1950<\/li>\n<\/ul>\n<h3>&nbsp;<\/h3>\n<h3>Beschreibung von Hedera helix &lsquo;Luzii&rsquo;<\/h3>\n<ul>\n<li>Wuchs: ausgebreitet<\/li>\n<li>Anzahl der Lappen: in der Regel 3 bis 5 Lappen<\/li>\n<li>L\u00e4nge des Blattes: 4 cm<\/li>\n<li>Breite des Blattes: 4 cm<\/li>\n<li>Blattfarbe: gr\u00fcn-gelb mit gr\u00fcnen und grauen Punkten.<\/li>\n<li>Farbe der Rippen: gelbgr\u00fcn<\/li>\n<li>Farbe Stiel und Blattstiel: gr\u00fcnlich-rot<\/li>\n<li>Haare: sternf\u00f6rmig, 3 bis 5 Arme<\/li>\n<\/ul>\n<h3>&nbsp;<\/h3>\n<h3>Tipps zu Pflanzung, Anbau und Pflege f\u00fcr Hedera helix &lsquo;Luzii&rsquo;<\/h3>\n<ul>\n<li>Standort: Sonne, Halbschatten<\/li>\n<li>Winterh\u00e4rte: -8\u00b0C<\/li>\n<li>Bodenfeuchtigkeit: frischer Boden<\/li>\n<li>PH-Wert des Bodens: neutral oder kalkhaltig<\/li>\n<li>Bodenart: alle<\/li>\n<li>Bodenreichtum: gew\u00f6hnlich oder humos<\/li>\n<li>Verwendung: Bodendecker, Kletterer, H\u00e4ngeampeln, T\u00f6pfe, Blumenk\u00e4sten<\/li>\n<li>Entwicklung: kr\u00e4ftig<\/li>\n<li>Beschneiden: einmal im Jahr<\/li>\n<li>Sch\u00e4dlinge: sehr selten (Rote Spinne, Schildl\u00e4use)<\/li>\n<li>Krankheiten: sehr selten (Flecken auf den Bl\u00e4ttern)<\/li>\n<\/ul>\t\t\t\t\t\t\t\t<\/div>\n\t\t\t\t<\/div>\n\t\t\t\t\t<\/div>\n\t\t\t\t<\/div>\n\t\t\t\t\t<\/div>\n\t\t\t\t<\/div>\n\t\t<div class=\"elementor-element elementor-element-14127716 e-flex e-con-boxed e-con e-parent\" data-id=\"14127716\" data-element_type=\"container\">\n\t\t\t\t\t<div class=\"e-con-inner\">\n\t\t\t\t<div class=\"elementor-element elementor-element-50fc922a elementor-widget elementor-widget-image\" data-id=\"50fc922a\" data-element_type=\"widget\" data-widget_type=\"image.default\">\n\t\t\t\t<div class=\"elementor-widget-container\">\n\t\t\t\t\t\t\t\t\t\t\t\t\t\t\t<img fetchpriority=\"high\" decoding=\"async\" width=\"1024\" height=\"146\" src=\"https:\/\/www.hedera-etc.com\/wp-content\/uploads\/2023\/10\/guirlande-1024x146.webp\" class=\"attachment-large size-large wp-image-116\" alt=\"La boutique du lierre - Efeu-Girlande\" srcset=\"https:\/\/www.hedera-etc.com\/wp-content\/uploads\/2023\/10\/guirlande-1024x146.webp 1024w, https:\/\/www.hedera-etc.com\/wp-content\/uploads\/2023\/10\/guirlande-900x129.webp 900w, https:\/\/www.hedera-etc.com\/wp-content\/uploads\/2023\/10\/guirlande-300x43.webp 300w, https:\/\/www.hedera-etc.com\/wp-content\/uploads\/2023\/10\/guirlande-768x110.webp 768w, https:\/\/www.hedera-etc.com\/wp-content\/uploads\/2023\/10\/guirlande.webp 1126w\" sizes=\"(max-width: 1024px) 100vw, 1024px\" \/>\t\t\t\t\t\t\t\t\t\t\t\t\t\t\t<\/div>\n\t\t\t\t<\/div>\n\t\t\t\t<div class=\"elementor-element elementor-element-445e2fba elementor-widget elementor-widget-text-editor\" data-id=\"445e2fba\" data-element_type=\"widget\" data-widget_type=\"text-editor.default\">\n\t\t\t\t<div class=\"elementor-widget-container\">\n\t\t\t\t\t\t\t\t\t<h3 style=\"text-align: center;\"><span style=\"color: #008000;\">Efeu in der Literatur<\/span><\/h3><blockquote><p style=\"text-align: center;\"><span style=\"color: #993366;\">\u201cUnter dem Schatten des Efeus wirkten die Mauern \u00e4lter, als w\u00fcrden sie vergessene Geheimnisse bergen.<\/span><span style=\"color: #993366;\">\u201d<\/span><\/p><\/blockquote><h5 style=\"text-align: right;\"><strong>James Fenimore Cooper<\/strong>, <em>Der letzte Mohikaner<\/em><\/h5>\t\t\t\t\t\t\t\t<\/div>\n\t\t\t\t<\/div>\n\t\t\t\t\t<\/div>\n\t\t\t\t<\/div>\n\t\t\t\t<\/div>","protected":false},"excerpt":{"rendered":"<p>Sehr kr\u00e4ftig, einj\u00e4hrige Triebe bis zu einem Meter lang, ziemlich verzweigt.<\/p>\n<p>Das Laub ist grau-gr\u00fcn-gelb und gr\u00fcn-grau gefleckt. Nimmt seine F\u00e4rbung im Hochsommer an, wobei die jungen Bl\u00e4tter eher heller sind.<\/p>\n<p>Efeu, der an einer Mauer, einer B\u00f6schung oder einem Baumstamm verwendet wird, vorzugsweise in \u00f6stlicher oder n\u00f6rdlicher Richtung, wobei darauf zu achten ist, dass er beschnitten wird, um seine Dicke zu verringern. Kann sehr dicke Matratzen bilden.<\/p>","protected":false},"featured_media":974,"comment_status":"open","ping_status":"closed","template":"","meta":{"_acf_changed":false,"ocean_post_layout":"","ocean_both_sidebars_style":"","ocean_both_sidebars_content_width":0,"ocean_both_sidebars_sidebars_width":0,"ocean_sidebar":"0","ocean_second_sidebar":"0","ocean_disable_margins":"enable","ocean_add_body_class":"","ocean_shortcode_before_top_bar":"","ocean_shortcode_after_top_bar":"","ocean_shortcode_before_header":"","ocean_shortcode_after_header":"","ocean_has_shortcode":"","ocean_shortcode_after_title":"","ocean_shortcode_before_footer_widgets":"","ocean_shortcode_after_footer_widgets":"","ocean_shortcode_before_footer_bottom":"","ocean_shortcode_after_footer_bottom":"","ocean_display_top_bar":"default","ocean_display_header":"default","ocean_header_style":"","ocean_center_header_left_menu":"0","ocean_custom_header_template":"0","ocean_custom_logo":0,"ocean_custom_retina_logo":0,"ocean_custom_logo_max_width":0,"ocean_custom_logo_tablet_max_width":0,"ocean_custom_logo_mobile_max_width":0,"ocean_custom_logo_max_height":0,"ocean_custom_logo_tablet_max_height":0,"ocean_custom_logo_mobile_max_height":0,"ocean_header_custom_menu":"0","ocean_menu_typo_font_family":"0","ocean_menu_typo_font_subset":"","ocean_menu_typo_font_size":0,"ocean_menu_typo_font_size_tablet":0,"ocean_menu_typo_font_size_mobile":0,"ocean_menu_typo_font_size_unit":"px","ocean_menu_typo_font_weight":"","ocean_menu_typo_font_weight_tablet":"","ocean_menu_typo_font_weight_mobile":"","ocean_menu_typo_transform":"","ocean_menu_typo_transform_tablet":"","ocean_menu_typo_transform_mobile":"","ocean_menu_typo_line_height":0,"ocean_menu_typo_line_height_tablet":0,"ocean_menu_typo_line_height_mobile":0,"ocean_menu_typo_line_height_unit":"","ocean_menu_typo_spacing":0,"ocean_menu_typo_spacing_tablet":0,"ocean_menu_typo_spacing_mobile":0,"ocean_menu_typo_spacing_unit":"","ocean_menu_link_color":"","ocean_menu_link_color_hover":"","ocean_menu_link_color_active":"","ocean_menu_link_background":"","ocean_menu_link_hover_background":"","ocean_menu_link_active_background":"","ocean_menu_social_links_bg":"","ocean_menu_social_hover_links_bg":"","ocean_menu_social_links_color":"","ocean_menu_social_hover_links_color":"","ocean_disable_title":"default","ocean_disable_heading":"default","ocean_post_title":"","ocean_post_subheading":"","ocean_post_title_style":"","ocean_post_title_background_color":"","ocean_post_title_background":0,"ocean_post_title_bg_image_position":"","ocean_post_title_bg_image_attachment":"","ocean_post_title_bg_image_repeat":"","ocean_post_title_bg_image_size":"","ocean_post_title_height":0,"ocean_post_title_bg_overlay":0.5,"ocean_post_title_bg_overlay_color":"","ocean_disable_breadcrumbs":"default","ocean_breadcrumbs_color":"","ocean_breadcrumbs_separator_color":"","ocean_breadcrumbs_links_color":"","ocean_breadcrumbs_links_hover_color":"","ocean_display_footer_widgets":"default","ocean_display_footer_bottom":"default","ocean_custom_footer_template":"0"},"product_brand":[],"product_cat":[134],"product_tag":[],"class_list":{"0":"post-973","1":"product","2":"type-product","3":"status-publish","4":"has-post-thumbnail","6":"product_cat-lierre","8":"entry","9":"has-media","11":"first","12":"instock","13":"purchasable","14":"product-type-variable","15":"has-default-attributes","16":"has-product-nav","17":"col","18":"span_1_of_4","19":"owp-content-center","20":"item-entry","21":"owp-thumbs-layout-horizontal","22":"owp-btn-normal","23":"owp-tabs-layout-section"},"acf":[],"jetpack_sharing_enabled":true,"_links":{"self":[{"href":"https:\/\/www.hedera-etc.com\/de\/wp-json\/wp\/v2\/product\/973","targetHints":{"allow":["GET"]}}],"collection":[{"href":"https:\/\/www.hedera-etc.com\/de\/wp-json\/wp\/v2\/product"}],"about":[{"href":"https:\/\/www.hedera-etc.com\/de\/wp-json\/wp\/v2\/types\/product"}],"replies":[{"embeddable":true,"href":"https:\/\/www.hedera-etc.com\/de\/wp-json\/wp\/v2\/comments?post=973"}],"version-history":[{"count":4,"href":"https:\/\/www.hedera-etc.com\/de\/wp-json\/wp\/v2\/product\/973\/revisions"}],"predecessor-version":[{"id":15825,"href":"https:\/\/www.hedera-etc.com\/de\/wp-json\/wp\/v2\/product\/973\/revisions\/15825"}],"wp:featuredmedia":[{"embeddable":true,"href":"https:\/\/www.hedera-etc.com\/de\/wp-json\/wp\/v2\/media\/974"}],"wp:attachment":[{"href":"https:\/\/www.hedera-etc.com\/de\/wp-json\/wp\/v2\/media?parent=973"}],"wp:term":[{"taxonomy":"product_brand","embeddable":true,"href":"https:\/\/www.hedera-etc.com\/de\/wp-json\/wp\/v2\/product_brand?post=973"},{"taxonomy":"product_cat","embeddable":true,"href":"https:\/\/www.hedera-etc.com\/de\/wp-json\/wp\/v2\/product_cat?post=973"},{"taxonomy":"product_tag","embeddable":true,"href":"https:\/\/www.hedera-etc.com\/de\/wp-json\/wp\/v2\/product_tag?post=973"}],"curies":[{"name":"wp","href":"https:\/\/api.w.org\/{rel}","templated":true}]}}

<div data-elementor-type="product-post" data-elementor-id="973" class="elementor elementor-973" data-elementor-post-type="product">
				<div class="elementor-element elementor-element-52942fa8 e-con-full e-flex e-con e-child" data-id="52942fa8" data-element_type="container">
				<div class="elementor-element elementor-element-6361c3c3 elementor-widget elementor-widget-text-editor" data-id="6361c3c3" data-element_type="widget" data-widget_type="text-editor.default">
				<div class="elementor-widget-container">
									<h2><span style="color: #f0ffed;">Der Zier-Efeu  &#8211; Hedera helix &lsquo;Luzii&rsquo;</span></h2>								</div>
				</div>
				</div>
		<div class="elementor-element elementor-element-31e014c7 e-flex e-con-boxed e-con e-parent" data-id="31e014c7" data-element_type="container">
					<div class="e-con-inner">
		<div class="elementor-element elementor-element-519b1f5b e-flex e-con-boxed e-con e-child" data-id="519b1f5b" data-element_type="container">
					<div class="e-con-inner">
				<div class="elementor-element elementor-element-7682c53c elementor-widget elementor-widget-heading" data-id="7682c53c" data-element_type="widget" data-widget_type="heading.default">
				<div class="elementor-widget-container">
					<h2 class="elementor-heading-title elementor-size-default">Zusammenfassend</h2>				</div>
				</div>
				<div class="elementor-element elementor-element-186d3c00 elementor-widget elementor-widget-text-editor" data-id="186d3c00" data-element_type="widget" data-widget_type="text-editor.default">
				<div class="elementor-widget-container">
									<p>Zier-Efeu, <strong><em>Hedera helix</em> &lsquo;Luzii&rsquo;</strong>, Die Pflanze ist sehr stark. Er bildet einjährige Triebe, die bis zu einem Meter lang sind. Er ist ziemlich verzweigt.</p><p>Sein Laub ist grau-grün-gelb und mit dunkleren Grüntönen und graugrünen Flecken gesprenkelt. Es nimmt seine Färbung im Hochsommer an, wobei die jungen Blätter eher heller sind.</p><p>Dieser Efeu wird an einer Mauer, einer Böschung oder einem Baumstamm verwendet, vorzugsweise in Richtung Osten oder Norden, wobei darauf zu achten ist, dass er beschnitten wird, um seine Dicke zu verringern. Er kann nämlich sehr dicke Matratzen bilden. An sonnigen Standorten geht er schnell in das Erwachsenenstadium über.</p>								</div>
				</div>
				<div class="elementor-element elementor-element-4808847b elementor-widget elementor-widget-heading" data-id="4808847b" data-element_type="widget" data-widget_type="heading.default">
				<div class="elementor-widget-container">
					<h2 class="elementor-heading-title elementor-size-default">Geschichte</h2>				</div>
				</div>
				<div class="elementor-element elementor-element-697ffbd9 elementor-widget elementor-widget-text-editor" data-id="697ffbd9" data-element_type="widget" data-widget_type="text-editor.default">
				<div class="elementor-widget-container">
									<p>Diese Sorte wurde von der Baumschule Ernst Luz, Deutschland, um 1950 entdeckt.</p>								</div>
				</div>
				<div class="elementor-element elementor-element-430ccf1c elementor-widget elementor-widget-heading" data-id="430ccf1c" data-element_type="widget" data-widget_type="heading.default">
				<div class="elementor-widget-container">
					<h2 class="elementor-heading-title elementor-size-default">Technisches Datenblatt - Hedera helix 'Luzii'</h2>				</div>
				</div>
				<div class="elementor-element elementor-element-12beaa48 elementor-widget elementor-widget-text-editor" data-id="12beaa48" data-element_type="widget" data-widget_type="text-editor.default">
				<div class="elementor-widget-container">
									<h3>Botanische Informationen</h3>
<ul>
<li>Familie: Araliaceae</li>
<li>Gattung : <em><strong>Hedera</strong></em></li>
<li>Art : <em>helix</em></li>
<li>Anbauen : &lsquo;Luzii&rsquo;</li>
<li>Pierot-Klassifikation: Panaschierter Efeu</li>
<li>Blattstadium: juvenil</li>
<li>Herkunft der Art: Europa, von Spanien bis Norwegen, aber kaum an der Atlantikküste.</li>
<li>Ursprung der Sorte: entdeckt von der Baumschule Ernst Luz, Deutschland, um 1950</li>
</ul>
<h3>&nbsp;</h3>
<h3>Beschreibung von Hedera helix &lsquo;Luzii&rsquo;</h3>
<ul>
<li>Wuchs: ausgebreitet</li>
<li>Anzahl der Lappen: in der Regel 3 bis 5 Lappen</li>
<li>Länge des Blattes: 4 cm</li>
<li>Breite des Blattes: 4 cm</li>
<li>Blattfarbe: grün-gelb mit grünen und grauen Punkten.</li>
<li>Farbe der Rippen: gelbgrün</li>
<li>Farbe Stiel und Blattstiel: grünlich-rot</li>
<li>Haare: sternförmig, 3 bis 5 Arme</li>
</ul>
<h3>&nbsp;</h3>
<h3>Tipps zu Pflanzung, Anbau und Pflege für Hedera helix &lsquo;Luzii&rsquo;</h3>
<ul>
<li>Standort: Sonne, Halbschatten</li>
<li>Winterhärte: -8°C</li>
<li>Bodenfeuchtigkeit: frischer Boden</li>
<li>PH-Wert des Bodens: neutral oder kalkhaltig</li>
<li>Bodenart: alle</li>
<li>Bodenreichtum: gewöhnlich oder humos</li>
<li>Verwendung: Bodendecker, Kletterer, Hängeampeln, Töpfe, Blumenkästen</li>
<li>Entwicklung: kräftig</li>
<li>Beschneiden: einmal im Jahr</li>
<li>Schädlinge: sehr selten (Rote Spinne, Schildläuse)</li>
<li>Krankheiten: sehr selten (Flecken auf den Blättern)</li>
</ul>								</div>
				</div>
					</div>
				</div>
					</div>
				</div>
		<div class="elementor-element elementor-element-14127716 e-flex e-con-boxed e-con e-parent" data-id="14127716" data-element_type="container">
					<div class="e-con-inner">
				<div class="elementor-element elementor-element-50fc922a elementor-widget elementor-widget-image" data-id="50fc922a" data-element_type="widget" data-widget_type="image.default">
				<div class="elementor-widget-container">
															<img fetchpriority="high" decoding="async" width="1024" height="146" src="https://www.hedera-etc.com/wp-content/uploads/2023/10/guirlande-1024x146.webp" class="attachment-large size-large wp-image-116" alt="La boutique du lierre - Efeu-Girlande" srcset="https://www.hedera-etc.com/wp-content/uploads/2023/10/guirlande-1024x146.webp 1024w, https://www.hedera-etc.com/wp-content/uploads/2023/10/guirlande-900x129.webp 900w, https://www.hedera-etc.com/wp-content/uploads/2023/10/guirlande-300x43.webp 300w, https://www.hedera-etc.com/wp-content/uploads/2023/10/guirlande-768x110.webp 768w, https://www.hedera-etc.com/wp-content/uploads/2023/10/guirlande.webp 1126w" sizes="(max-width: 1024px) 100vw, 1024px" />															</div>
				</div>
				<div class="elementor-element elementor-element-445e2fba elementor-widget elementor-widget-text-editor" data-id="445e2fba" data-element_type="widget" data-widget_type="text-editor.default">
				<div class="elementor-widget-container">
									<h3 style="text-align: center;"><span style="color: #008000;">Efeu in der Literatur</span></h3><blockquote><p style="text-align: center;"><span style="color: #993366;">“Unter dem Schatten des Efeus wirkten die Mauern älter, als würden sie vergessene Geheimnisse bergen.</span><span style="color: #993366;">”</span></p></blockquote><h5 style="text-align: right;"><strong>James Fenimore Cooper</strong>, <em>Der letzte Mohikaner</em></h5>								</div>
				</div>
					</div>
				</div>
				</div>

<p>Sehr kräftig, einjährige Triebe bis zu einem Meter lang, ziemlich verzweigt.</p>
<p>Das Laub ist grau-grün-gelb und grün-grau gefleckt. Nimmt seine Färbung im Hochsommer an, wobei die jungen Blätter eher heller sind.</p>
<p>Efeu, der an einer Mauer, einer Böschung oder einem Baumstamm verwendet wird, vorzugsweise in östlicher oder nördlicher Richtung, wobei darauf zu achten ist, dass er beschnitten wird, um seine Dicke zu verringern. Kann sehr dicke Matratzen bilden.</p>
