{"id":1197,"date":"2023-11-01T07:44:30","date_gmt":"2023-11-01T06:44:30","guid":{"rendered":"https:\/\/www.hedera-etc.com\/?post_type=product&#038;p=1197"},"modified":"2026-04-28T07:09:27","modified_gmt":"2026-04-28T05:09:27","slug":"hedera-helix-perle","status":"publish","type":"product","link":"https:\/\/www.hedera-etc.com\/it\/product\/hedera-helix-perle\/","title":{"rendered":"<em>Hedera helix<\/em> &lsquo;Perle&rsquo; &#8211; Edera ornamentale"},"content":{"rendered":"<div data-elementor-type=\"product-post\" data-elementor-id=\"1197\" class=\"elementor elementor-1197\" data-elementor-post-type=\"product\">\n\t\t\t\t<div class=\"elementor-element elementor-element-37cb2dee e-con-full e-flex e-con e-child\" data-id=\"37cb2dee\" data-element_type=\"container\">\n\t\t\t\t<div class=\"elementor-element elementor-element-6634c02e elementor-widget elementor-widget-text-editor\" data-id=\"6634c02e\" data-element_type=\"widget\" data-widget_type=\"text-editor.default\">\n\t\t\t\t<div class=\"elementor-widget-container\">\n\t\t\t\t\t\t\t\t\t<h2><span style=\"color: #f0ffed;\">L'edera ornamentale\u00a0 &#8211; Hedera helix &lsquo;Perle&rsquo;<\/span><\/h2>\t\t\t\t\t\t\t\t<\/div>\n\t\t\t\t<\/div>\n\t\t\t\t<\/div>\n\t\t<div class=\"elementor-element elementor-element-1818f209 e-flex e-con-boxed e-con e-parent\" data-id=\"1818f209\" data-element_type=\"container\">\n\t\t\t\t\t<div class=\"e-con-inner\">\n\t\t<div class=\"elementor-element elementor-element-6008a782 e-flex e-con-boxed e-con e-child\" data-id=\"6008a782\" data-element_type=\"container\">\n\t\t\t\t\t<div class=\"e-con-inner\">\n\t\t\t\t<div class=\"elementor-element elementor-element-338fc8e9 elementor-widget elementor-widget-heading\" data-id=\"338fc8e9\" data-element_type=\"widget\" data-widget_type=\"heading.default\">\n\t\t\t\t<div class=\"elementor-widget-container\">\n\t\t\t\t\t<h2 class=\"elementor-heading-title elementor-size-default\">In breve<\/h2>\t\t\t\t<\/div>\n\t\t\t\t<\/div>\n\t\t\t\t<div class=\"elementor-element elementor-element-6180aa10 elementor-widget elementor-widget-text-editor\" data-id=\"6180aa10\" data-element_type=\"widget\" data-widget_type=\"text-editor.default\">\n\t\t\t\t<div class=\"elementor-widget-container\">\n\t\t\t\t\t\t\t\t\t<p>Edera ornamentale, <strong><em>Hedera helix<\/em> &lsquo;Perle&rsquo;<\/strong>, Le foglie sono monolobate o trilobate, quasi arrotondate, scurvate lungo i bordi e talvolta deformate.<br \/><br \/>La lamina fogliare, verde o grigio-verde al centro, \u00e8 pi\u00f9 o meno bordata di crema e\/o bianco.<\/p><p>Questa cultivar produce sia steli spessi ed eretti che lunghi germogli striscianti. \u00c8 una buona pianta tappezzante per piccole aree, eccellente in vasi o cassette da finestra.\u00a0<\/p>\t\t\t\t\t\t\t\t<\/div>\n\t\t\t\t<\/div>\n\t\t\t\t<div class=\"elementor-element elementor-element-43cf509e elementor-widget elementor-widget-heading\" data-id=\"43cf509e\" data-element_type=\"widget\" data-widget_type=\"heading.default\">\n\t\t\t\t<div class=\"elementor-widget-container\">\n\t\t\t\t\t<h2 class=\"elementor-heading-title elementor-size-default\">La storia<\/h2>\t\t\t\t<\/div>\n\t\t\t\t<\/div>\n\t\t\t\t<div class=\"elementor-element elementor-element-1852da79 elementor-widget elementor-widget-text-editor\" data-id=\"1852da79\" data-element_type=\"widget\" data-widget_type=\"text-editor.default\">\n\t\t\t\t<div class=\"elementor-widget-container\">\n\t\t\t\t\t\t\t\t\t<p>Ce cultivar fut s\u00e9lectionn\u00e9 par Fr\u00e8re Ingobert Heieck, du monast\u00e8re de Neuburg, Allemagne, en 1980. C&rsquo;est une mutazione de &lsquo;Harald&rsquo;.<\/p>\t\t\t\t\t\t\t\t<\/div>\n\t\t\t\t<\/div>\n\t\t\t\t<div class=\"elementor-element elementor-element-f635fa6 elementor-widget elementor-widget-heading\" data-id=\"f635fa6\" data-element_type=\"widget\" data-widget_type=\"heading.default\">\n\t\t\t\t<div class=\"elementor-widget-container\">\n\t\t\t\t\t<h2 class=\"elementor-heading-title elementor-size-default\">Scheda tecnica - Hedera helix 'Perle'<\/h2>\t\t\t\t<\/div>\n\t\t\t\t<\/div>\n\t\t\t\t<div class=\"elementor-element elementor-element-6ed6a0ea elementor-widget elementor-widget-text-editor\" data-id=\"6ed6a0ea\" data-element_type=\"widget\" data-widget_type=\"text-editor.default\">\n\t\t\t\t<div class=\"elementor-widget-container\">\n\t\t\t\t\t\t\t\t\t<h3>Informazioni botaniche<\/h3>\n<ul>\n<li>Famiglia: Araliaceae<\/li>\n<li>Genere : <em><strong>Hedera<\/strong><\/em><\/li>\n<li>Specie : <em>helix<\/em><\/li>\n<li>Coltivare : &lsquo;Perle&rsquo;<\/li>\n<li>Classificazione Pierot: edera variegata<\/li>\n<li>Stadio fogliare: giovanile<\/li>\n<li>Origine della specie: Europa, dalla Spagna alla Norvegia, ma poco sulla costa atlantica.<\/li>\n<li>Origine della cultivar: mutazione di &lsquo;Harald&rsquo;<\/li>\n<\/ul>\n<h3>&nbsp;<\/h3>\n<h3>Descrizione di Hedera helix &lsquo;Perle&rsquo;<\/h3>\n<ul>\n<li>Portamento di crescita: si allarga<\/li>\n<li>Numero di lobi: generalmente non lobati, talvolta trilobati.<\/li>\n<li>Lunghezza delle foglie: 3 cm<\/li>\n<li>Larghezza del foglio: 3 cm<\/li>\n<li>Colore delle foglie: verde e grigio-verde, con margini bianchi e crema.<\/li>\n<li>Colore delle vene: verde chiaro<\/li>\n<li>Base della foglia: pi\u00f9 o meno cordata<\/li>\n<li>Colore del fusto e del picciolo: viola verdastro<\/li>\n<li>Fusto: ben ramificato<\/li>\n<li>Internodi: 2-3 cm<\/li>\n<li>Peli: stellati, da 3 a 5 ramificazioni<\/li>\n<\/ul>\n<h3>&nbsp;<\/h3>\n<h3>Consigli per la piantagione, la coltivazione e la cura di Hedera helix &lsquo;Perle&rsquo;<\/h3>\n<ul>\n<li>Esposizione: sole<\/li>\n<li>Resistenza: -8\u00b0C<\/li>\n<li>Umidit\u00e0 del terreno: terreno fresco<\/li>\n<li>PH del terreno: neutro o calcareo<\/li>\n<li>Tipo di terreno: tutti<\/li>\n<li>Ricchezza del suolo: ordinario o ricco di humus<\/li>\n<li>Impiego: copri suolo, vasi, cassette per finestre, roccaglie, cesti appesi, topiaria<\/li>\n<li>Sviluppo: moderato<\/li>\n<li>Potatura: una volta all'anno<\/li>\n<li>Parassiti: molto rari (ragnetto, cocciniglia)<\/li>\n<li>Malattie: molto rare (macchie fogliari)<\/li>\n<\/ul>\t\t\t\t\t\t\t\t<\/div>\n\t\t\t\t<\/div>\n\t\t\t\t\t<\/div>\n\t\t\t\t<\/div>\n\t\t\t\t\t<\/div>\n\t\t\t\t<\/div>\n\t\t<div class=\"elementor-element elementor-element-6cd6e96e e-flex e-con-boxed e-con e-parent\" data-id=\"6cd6e96e\" data-element_type=\"container\">\n\t\t\t\t\t<div class=\"e-con-inner\">\n\t\t\t\t<div class=\"elementor-element elementor-element-4c74c069 elementor-widget elementor-widget-image\" data-id=\"4c74c069\" data-element_type=\"widget\" data-widget_type=\"image.default\">\n\t\t\t\t<div class=\"elementor-widget-container\">\n\t\t\t\t\t\t\t\t\t\t\t\t\t\t\t<img fetchpriority=\"high\" decoding=\"async\" width=\"1024\" height=\"146\" src=\"https:\/\/www.hedera-etc.com\/wp-content\/uploads\/2023\/10\/guirlande-1024x146.webp\" class=\"attachment-large size-large wp-image-116\" alt=\"La boutique du lierre - Ghirlanda di edera\" srcset=\"https:\/\/www.hedera-etc.com\/wp-content\/uploads\/2023\/10\/guirlande-1024x146.webp 1024w, https:\/\/www.hedera-etc.com\/wp-content\/uploads\/2023\/10\/guirlande-900x129.webp 900w, https:\/\/www.hedera-etc.com\/wp-content\/uploads\/2023\/10\/guirlande-300x43.webp 300w, https:\/\/www.hedera-etc.com\/wp-content\/uploads\/2023\/10\/guirlande-768x110.webp 768w, https:\/\/www.hedera-etc.com\/wp-content\/uploads\/2023\/10\/guirlande.webp 1126w\" sizes=\"(max-width: 1024px) 100vw, 1024px\" \/>\t\t\t\t\t\t\t\t\t\t\t\t\t\t\t<\/div>\n\t\t\t\t<\/div>\n\t\t\t\t<div class=\"elementor-element elementor-element-486ba67f elementor-widget elementor-widget-text-editor\" data-id=\"486ba67f\" data-element_type=\"widget\" data-widget_type=\"text-editor.default\">\n\t\t\t\t<div class=\"elementor-widget-container\">\n\t\t\t\t\t\t\t\t\t<h3 style=\"text-align: center;\"><span style=\"color: #008000;\">L'edera nella letteratura<\/span><\/h3><blockquote><p style=\"text-align: center;\"><span style=\"color: #993366;\">\u201cL'edera, verde eterna, adorna le pietre grigie che il tempo ha dimenticato.<\/span><span style=\"color: #993366;\">\u201d<\/span><\/p><\/blockquote><h5 style=\"text-align: right;\">William Wordsworth, <em>Poesie in due volumi<\/em><\/h5>\t\t\t\t\t\t\t\t<\/div>\n\t\t\t\t<\/div>\n\t\t\t\t\t<\/div>\n\t\t\t\t<\/div>\n\t\t\t\t<\/div>","protected":false},"excerpt":{"rendered":"<p>Foglie unilobate o trilobate, quasi arrotondate, scurvate ai margini e talvolta deformate.<\/p>\n<p>Lama verde o grigio-verde al centro, pi\u00f9 o meno bordata di crema e\/o bianco.<\/p>\n<p>Cultivar che produce sia steli eretti e ispessiti che lunghi germogli striscianti. Buona copertura del terreno per piccole aree, eccellente in vasi o cassette da finestra.<\/p>","protected":false},"featured_media":1198,"comment_status":"open","ping_status":"closed","template":"","meta":{"_acf_changed":false,"ocean_post_layout":"","ocean_both_sidebars_style":"","ocean_both_sidebars_content_width":0,"ocean_both_sidebars_sidebars_width":0,"ocean_sidebar":"0","ocean_second_sidebar":"0","ocean_disable_margins":"enable","ocean_add_body_class":"","ocean_shortcode_before_top_bar":"","ocean_shortcode_after_top_bar":"","ocean_shortcode_before_header":"","ocean_shortcode_after_header":"","ocean_has_shortcode":"","ocean_shortcode_after_title":"","ocean_shortcode_before_footer_widgets":"","ocean_shortcode_after_footer_widgets":"","ocean_shortcode_before_footer_bottom":"","ocean_shortcode_after_footer_bottom":"","ocean_display_top_bar":"default","ocean_display_header":"default","ocean_header_style":"","ocean_center_header_left_menu":"0","ocean_custom_header_template":"0","ocean_custom_logo":0,"ocean_custom_retina_logo":0,"ocean_custom_logo_max_width":0,"ocean_custom_logo_tablet_max_width":0,"ocean_custom_logo_mobile_max_width":0,"ocean_custom_logo_max_height":0,"ocean_custom_logo_tablet_max_height":0,"ocean_custom_logo_mobile_max_height":0,"ocean_header_custom_menu":"0","ocean_menu_typo_font_family":"0","ocean_menu_typo_font_subset":"","ocean_menu_typo_font_size":0,"ocean_menu_typo_font_size_tablet":0,"ocean_menu_typo_font_size_mobile":0,"ocean_menu_typo_font_size_unit":"px","ocean_menu_typo_font_weight":"","ocean_menu_typo_font_weight_tablet":"","ocean_menu_typo_font_weight_mobile":"","ocean_menu_typo_transform":"","ocean_menu_typo_transform_tablet":"","ocean_menu_typo_transform_mobile":"","ocean_menu_typo_line_height":0,"ocean_menu_typo_line_height_tablet":0,"ocean_menu_typo_line_height_mobile":0,"ocean_menu_typo_line_height_unit":"","ocean_menu_typo_spacing":0,"ocean_menu_typo_spacing_tablet":0,"ocean_menu_typo_spacing_mobile":0,"ocean_menu_typo_spacing_unit":"","ocean_menu_link_color":"","ocean_menu_link_color_hover":"","ocean_menu_link_color_active":"","ocean_menu_link_background":"","ocean_menu_link_hover_background":"","ocean_menu_link_active_background":"","ocean_menu_social_links_bg":"","ocean_menu_social_hover_links_bg":"","ocean_menu_social_links_color":"","ocean_menu_social_hover_links_color":"","ocean_disable_title":"default","ocean_disable_heading":"default","ocean_post_title":"","ocean_post_subheading":"","ocean_post_title_style":"","ocean_post_title_background_color":"","ocean_post_title_background":0,"ocean_post_title_bg_image_position":"","ocean_post_title_bg_image_attachment":"","ocean_post_title_bg_image_repeat":"","ocean_post_title_bg_image_size":"","ocean_post_title_height":0,"ocean_post_title_bg_overlay":0.5,"ocean_post_title_bg_overlay_color":"","ocean_disable_breadcrumbs":"default","ocean_breadcrumbs_color":"","ocean_breadcrumbs_separator_color":"","ocean_breadcrumbs_links_color":"","ocean_breadcrumbs_links_hover_color":"","ocean_display_footer_widgets":"default","ocean_display_footer_bottom":"default","ocean_custom_footer_template":"0"},"product_brand":[],"product_cat":[134],"product_tag":[],"class_list":{"0":"post-1197","1":"product","2":"type-product","3":"status-publish","4":"has-post-thumbnail","6":"product_cat-lierre","8":"entry","9":"has-media","11":"first","12":"instock","13":"purchasable","14":"product-type-variable","15":"has-default-attributes","16":"has-product-nav","17":"col","18":"span_1_of_4","19":"owp-content-center","20":"item-entry","21":"owp-thumbs-layout-horizontal","22":"owp-btn-normal","23":"owp-tabs-layout-section"},"acf":[],"jetpack_sharing_enabled":true,"_links":{"self":[{"href":"https:\/\/www.hedera-etc.com\/it\/wp-json\/wp\/v2\/product\/1197","targetHints":{"allow":["GET"]}}],"collection":[{"href":"https:\/\/www.hedera-etc.com\/it\/wp-json\/wp\/v2\/product"}],"about":[{"href":"https:\/\/www.hedera-etc.com\/it\/wp-json\/wp\/v2\/types\/product"}],"replies":[{"embeddable":true,"href":"https:\/\/www.hedera-etc.com\/it\/wp-json\/wp\/v2\/comments?post=1197"}],"version-history":[{"count":3,"href":"https:\/\/www.hedera-etc.com\/it\/wp-json\/wp\/v2\/product\/1197\/revisions"}],"predecessor-version":[{"id":12848,"href":"https:\/\/www.hedera-etc.com\/it\/wp-json\/wp\/v2\/product\/1197\/revisions\/12848"}],"wp:featuredmedia":[{"embeddable":true,"href":"https:\/\/www.hedera-etc.com\/it\/wp-json\/wp\/v2\/media\/1198"}],"wp:attachment":[{"href":"https:\/\/www.hedera-etc.com\/it\/wp-json\/wp\/v2\/media?parent=1197"}],"wp:term":[{"taxonomy":"product_brand","embeddable":true,"href":"https:\/\/www.hedera-etc.com\/it\/wp-json\/wp\/v2\/product_brand?post=1197"},{"taxonomy":"product_cat","embeddable":true,"href":"https:\/\/www.hedera-etc.com\/it\/wp-json\/wp\/v2\/product_cat?post=1197"},{"taxonomy":"product_tag","embeddable":true,"href":"https:\/\/www.hedera-etc.com\/it\/wp-json\/wp\/v2\/product_tag?post=1197"}],"curies":[{"name":"wp","href":"https:\/\/api.w.org\/{rel}","templated":true}]}}

<div data-elementor-type="product-post" data-elementor-id="1197" class="elementor elementor-1197" data-elementor-post-type="product">
				<div class="elementor-element elementor-element-37cb2dee e-con-full e-flex e-con e-child" data-id="37cb2dee" data-element_type="container">
				<div class="elementor-element elementor-element-6634c02e elementor-widget elementor-widget-text-editor" data-id="6634c02e" data-element_type="widget" data-widget_type="text-editor.default">
				<div class="elementor-widget-container">
									<h2><span style="color: #f0ffed;">L'edera ornamentale  &#8211; Hedera helix &lsquo;Perle&rsquo;</span></h2>								</div>
				</div>
				</div>
		<div class="elementor-element elementor-element-1818f209 e-flex e-con-boxed e-con e-parent" data-id="1818f209" data-element_type="container">
					<div class="e-con-inner">
		<div class="elementor-element elementor-element-6008a782 e-flex e-con-boxed e-con e-child" data-id="6008a782" data-element_type="container">
					<div class="e-con-inner">
				<div class="elementor-element elementor-element-338fc8e9 elementor-widget elementor-widget-heading" data-id="338fc8e9" data-element_type="widget" data-widget_type="heading.default">
				<div class="elementor-widget-container">
					<h2 class="elementor-heading-title elementor-size-default">In breve</h2>				</div>
				</div>
				<div class="elementor-element elementor-element-6180aa10 elementor-widget elementor-widget-text-editor" data-id="6180aa10" data-element_type="widget" data-widget_type="text-editor.default">
				<div class="elementor-widget-container">
									<p>Edera ornamentale, <strong><em>Hedera helix</em> &lsquo;Perle&rsquo;</strong>, Le foglie sono monolobate o trilobate, quasi arrotondate, scurvate lungo i bordi e talvolta deformate.<br /><br />La lamina fogliare, verde o grigio-verde al centro, è più o meno bordata di crema e/o bianco.</p><p>Questa cultivar produce sia steli spessi ed eretti che lunghi germogli striscianti. È una buona pianta tappezzante per piccole aree, eccellente in vasi o cassette da finestra. </p>								</div>
				</div>
				<div class="elementor-element elementor-element-43cf509e elementor-widget elementor-widget-heading" data-id="43cf509e" data-element_type="widget" data-widget_type="heading.default">
				<div class="elementor-widget-container">
					<h2 class="elementor-heading-title elementor-size-default">La storia</h2>				</div>
				</div>
				<div class="elementor-element elementor-element-1852da79 elementor-widget elementor-widget-text-editor" data-id="1852da79" data-element_type="widget" data-widget_type="text-editor.default">
				<div class="elementor-widget-container">
									<p>Ce cultivar fut sélectionné par Frère Ingobert Heieck, du monastère de Neuburg, Allemagne, en 1980. C&rsquo;est une mutazione de &lsquo;Harald&rsquo;.</p>								</div>
				</div>
				<div class="elementor-element elementor-element-f635fa6 elementor-widget elementor-widget-heading" data-id="f635fa6" data-element_type="widget" data-widget_type="heading.default">
				<div class="elementor-widget-container">
					<h2 class="elementor-heading-title elementor-size-default">Scheda tecnica - Hedera helix 'Perle'</h2>				</div>
				</div>
				<div class="elementor-element elementor-element-6ed6a0ea elementor-widget elementor-widget-text-editor" data-id="6ed6a0ea" data-element_type="widget" data-widget_type="text-editor.default">
				<div class="elementor-widget-container">
									<h3>Informazioni botaniche</h3>
<ul>
<li>Famiglia: Araliaceae</li>
<li>Genere : <em><strong>Hedera</strong></em></li>
<li>Specie : <em>helix</em></li>
<li>Coltivare : &lsquo;Perle&rsquo;</li>
<li>Classificazione Pierot: edera variegata</li>
<li>Stadio fogliare: giovanile</li>
<li>Origine della specie: Europa, dalla Spagna alla Norvegia, ma poco sulla costa atlantica.</li>
<li>Origine della cultivar: mutazione di &lsquo;Harald&rsquo;</li>
</ul>
<h3>&nbsp;</h3>
<h3>Descrizione di Hedera helix &lsquo;Perle&rsquo;</h3>
<ul>
<li>Portamento di crescita: si allarga</li>
<li>Numero di lobi: generalmente non lobati, talvolta trilobati.</li>
<li>Lunghezza delle foglie: 3 cm</li>
<li>Larghezza del foglio: 3 cm</li>
<li>Colore delle foglie: verde e grigio-verde, con margini bianchi e crema.</li>
<li>Colore delle vene: verde chiaro</li>
<li>Base della foglia: più o meno cordata</li>
<li>Colore del fusto e del picciolo: viola verdastro</li>
<li>Fusto: ben ramificato</li>
<li>Internodi: 2-3 cm</li>
<li>Peli: stellati, da 3 a 5 ramificazioni</li>
</ul>
<h3>&nbsp;</h3>
<h3>Consigli per la piantagione, la coltivazione e la cura di Hedera helix &lsquo;Perle&rsquo;</h3>
<ul>
<li>Esposizione: sole</li>
<li>Resistenza: -8°C</li>
<li>Umidità del terreno: terreno fresco</li>
<li>PH del terreno: neutro o calcareo</li>
<li>Tipo di terreno: tutti</li>
<li>Ricchezza del suolo: ordinario o ricco di humus</li>
<li>Impiego: copri suolo, vasi, cassette per finestre, roccaglie, cesti appesi, topiaria</li>
<li>Sviluppo: moderato</li>
<li>Potatura: una volta all'anno</li>
<li>Parassiti: molto rari (ragnetto, cocciniglia)</li>
<li>Malattie: molto rare (macchie fogliari)</li>
</ul>								</div>
				</div>
					</div>
				</div>
					</div>
				</div>
		<div class="elementor-element elementor-element-6cd6e96e e-flex e-con-boxed e-con e-parent" data-id="6cd6e96e" data-element_type="container">
					<div class="e-con-inner">
				<div class="elementor-element elementor-element-4c74c069 elementor-widget elementor-widget-image" data-id="4c74c069" data-element_type="widget" data-widget_type="image.default">
				<div class="elementor-widget-container">
															<img fetchpriority="high" decoding="async" width="1024" height="146" src="https://www.hedera-etc.com/wp-content/uploads/2023/10/guirlande-1024x146.webp" class="attachment-large size-large wp-image-116" alt="La boutique du lierre - Ghirlanda di edera" srcset="https://www.hedera-etc.com/wp-content/uploads/2023/10/guirlande-1024x146.webp 1024w, https://www.hedera-etc.com/wp-content/uploads/2023/10/guirlande-900x129.webp 900w, https://www.hedera-etc.com/wp-content/uploads/2023/10/guirlande-300x43.webp 300w, https://www.hedera-etc.com/wp-content/uploads/2023/10/guirlande-768x110.webp 768w, https://www.hedera-etc.com/wp-content/uploads/2023/10/guirlande.webp 1126w" sizes="(max-width: 1024px) 100vw, 1024px" />															</div>
				</div>
				<div class="elementor-element elementor-element-486ba67f elementor-widget elementor-widget-text-editor" data-id="486ba67f" data-element_type="widget" data-widget_type="text-editor.default">
				<div class="elementor-widget-container">
									<h3 style="text-align: center;"><span style="color: #008000;">L'edera nella letteratura</span></h3><blockquote><p style="text-align: center;"><span style="color: #993366;">“L'edera, verde eterna, adorna le pietre grigie che il tempo ha dimenticato.</span><span style="color: #993366;">”</span></p></blockquote><h5 style="text-align: right;">William Wordsworth, <em>Poesie in due volumi</em></h5>								</div>
				</div>
					</div>
				</div>
				</div>

<p>Foglie unilobate o trilobate, quasi arrotondate, scurvate ai margini e talvolta deformate.</p>
<p>Lama verde o grigio-verde al centro, più o meno bordata di crema e/o bianco.</p>
<p>Cultivar che produce sia steli eretti e ispessiti che lunghi germogli striscianti. Buona copertura del terreno per piccole aree, eccellente in vasi o cassette da finestra.</p>
