{"id":134,"date":"2023-10-25T09:11:20","date_gmt":"2023-10-25T07:11:20","guid":{"rendered":"https:\/\/www.hedera-etc.com\/?post_type=product&#038;p=134"},"modified":"2026-04-28T07:09:33","modified_gmt":"2026-04-28T05:09:33","slug":"hedera-helix-baden-baden","status":"publish","type":"product","link":"https:\/\/www.hedera-etc.com\/it\/product\/hedera-helix-baden-baden\/","title":{"rendered":"<em>Hedera helix<\/em> &lsquo;Baden-Baden&rsquo; &#8211; Edera ornamentale"},"content":{"rendered":"<div data-elementor-type=\"product-post\" data-elementor-id=\"134\" class=\"elementor elementor-134\" data-elementor-post-type=\"product\">\n\t\t\t\t<div class=\"elementor-element elementor-element-60a27a1d e-con-full e-flex e-con e-child\" data-id=\"60a27a1d\" data-element_type=\"container\">\n\t\t\t\t<div class=\"elementor-element elementor-element-4727a97 elementor-widget elementor-widget-text-editor\" data-id=\"4727a97\" data-element_type=\"widget\" data-widget_type=\"text-editor.default\">\n\t\t\t\t<div class=\"elementor-widget-container\">\n\t\t\t\t\t\t\t\t\t<h2 style=\"font-variant-ligatures: normal; font-variant-caps: normal; font-family: Spectral, sans-serif; font-style: normal;\"><span style=\"font-size: 30px; color: #f0ffed;\">L'edera ornamentale\u00a0 &#8211; Hedera helix &lsquo;Baden-Baden&rsquo;<\/span><\/h2>\t\t\t\t\t\t\t\t<\/div>\n\t\t\t\t<\/div>\n\t\t\t\t<\/div>\n\t\t<div class=\"elementor-element elementor-element-4d837e1d e-flex e-con-boxed e-con e-parent\" data-id=\"4d837e1d\" data-element_type=\"container\">\n\t\t\t\t\t<div class=\"e-con-inner\">\n\t\t<div class=\"elementor-element elementor-element-3a42b465 e-flex e-con-boxed e-con e-child\" data-id=\"3a42b465\" data-element_type=\"container\">\n\t\t\t\t\t<div class=\"e-con-inner\">\n\t\t\t\t<div class=\"elementor-element elementor-element-29948107 elementor-widget elementor-widget-heading\" data-id=\"29948107\" data-element_type=\"widget\" data-widget_type=\"heading.default\">\n\t\t\t\t<div class=\"elementor-widget-container\">\n\t\t\t\t\t<h2 class=\"elementor-heading-title elementor-size-default\">In breve<\/h2>\t\t\t\t<\/div>\n\t\t\t\t<\/div>\n\t\t\t\t<div class=\"elementor-element elementor-element-4dddb620 elementor-widget elementor-widget-text-editor\" data-id=\"4dddb620\" data-element_type=\"widget\" data-widget_type=\"text-editor.default\">\n\t\t\t\t<div class=\"elementor-widget-container\">\n\t\t\t\t\t\t\t\t\t<p>Edera ornamentale, <strong><em>Hedera helix<\/em> &lsquo;Baden-Baden&rsquo;<\/strong>, \u00c8 una delle specie di edera pi\u00f9 interessanti per la sua grande resistenza alla siccit\u00e0 e al sole.<\/p><p>Le foglie di medie dimensioni hanno da 3 a 5 lobi stretti, appuntiti e ricurvi verso il basso. Il lobo mediano \u00e8 pi\u00f9 lungo dei lobi laterali. La lamina fogliare simmetrica \u00e8 di colore verde medio-scuro, con un leggero rossore in estate. Si colora anche in inverno.<\/p><p>Si tratta di un'edera ben ramificata con internodi piuttosto corti, da utilizzare come copertura del terreno o come rampicante.<\/p>\t\t\t\t\t\t\t\t<\/div>\n\t\t\t\t<\/div>\n\t\t\t\t<div class=\"elementor-element elementor-element-7025e00f elementor-widget elementor-widget-heading\" data-id=\"7025e00f\" data-element_type=\"widget\" data-widget_type=\"heading.default\">\n\t\t\t\t<div class=\"elementor-widget-container\">\n\t\t\t\t\t<h2 class=\"elementor-heading-title elementor-size-default\">La storia<\/h2>\t\t\t\t<\/div>\n\t\t\t\t<\/div>\n\t\t\t\t<div class=\"elementor-element elementor-element-38e47882 elementor-widget elementor-widget-text-editor\" data-id=\"38e47882\" data-element_type=\"widget\" data-widget_type=\"text-editor.default\">\n\t\t\t\t<div class=\"elementor-widget-container\">\n\t\t\t\t\t\t\t\t\t<p>Ce cultivar fut d\u00e9couvert par Gebr. Stauss, p\u00e9pini\u00e9riste \u00e0 M\u00f6glingen, Allemagne. C&rsquo;est une mutazione de &lsquo;California&rsquo; s\u00e9lectionn\u00e9e en 1980.<\/p>\t\t\t\t\t\t\t\t<\/div>\n\t\t\t\t<\/div>\n\t\t\t\t<div class=\"elementor-element elementor-element-4d088f1d elementor-widget elementor-widget-heading\" data-id=\"4d088f1d\" data-element_type=\"widget\" data-widget_type=\"heading.default\">\n\t\t\t\t<div class=\"elementor-widget-container\">\n\t\t\t\t\t<h2 class=\"elementor-heading-title elementor-size-default\">Scheda dettagliata - Hedera helix 'Baden-Baden'<\/h2>\t\t\t\t<\/div>\n\t\t\t\t<\/div>\n\t\t\t\t<div class=\"elementor-element elementor-element-5b58095 elementor-widget elementor-widget-text-editor\" data-id=\"5b58095\" data-element_type=\"widget\" data-widget_type=\"text-editor.default\">\n\t\t\t\t<div class=\"elementor-widget-container\">\n\t\t\t\t\t\t\t\t\t<h3>Informazioni botaniche<\/h3>\n<ul>\n<li>Famiglia: Araliaceae<\/li>\n<li>Genere : <em><strong>Hedera<\/strong><\/em><\/li>\n<li>Specie : <em>helix<\/em><\/li>\n<li>Coltivare : &lsquo;Baden-Baden&rsquo;<\/li>\n<li>Classificazione Pierot: edera con foglie a forma di zampa d'uccello<\/li>\n<li>Stadio fogliare: giovanile<\/li>\n<li>Origine della specie: Europa, dalla Spagna alla Norvegia, ma poco sulla costa atlantica.<\/li>\n<li>Origine della cultivar: mutazione di &lsquo;California&rsquo;, s\u00e9lectionn\u00e9 par Gebr. Stauss, p\u00e9pini\u00e9riste \u00e0 M\u00f6glingen, Allemagne, en 1980.<\/li>\n<\/ul>\n<h3>&nbsp;<\/h3>\n<h3>Descrizione di Hedera helix &lsquo;Baden-Baden&rsquo;<\/h3>\n<ul>\n<li>Portamento di crescita: si allarga<\/li>\n<li>Numero di lobi: da 3 a 5 lobi in generale<\/li>\n<li>Lunghezza delle foglie: da 4 a 5 cm<\/li>\n<li>Larghezza delle foglie: da 4 a 5 cm<\/li>\n<li>Colore delle foglie: verde medio-scuro<\/li>\n<li>Colore delle vene: verde chiaro<\/li>\n<li>Colore del fusto e del picciolo: viola<\/li>\n<li>Rami: ben ramificati<\/li>\n<li>Peli: stellati, da 3 a 5 ramificazioni<\/li>\n<\/ul>\n<h3>&nbsp;<\/h3>\n<h3>Consigli per la piantagione, la coltivazione e la cura di Hedera helix &lsquo;Baden-Baden&rsquo;<\/h3>\n<ul>\n<li>Esposizione: ombra, ombra parziale, sole<\/li>\n<li>Resistenza: -9\u00b0C<\/li>\n<li>Umidit\u00e0 del terreno: terreno fresco o secco<\/li>\n<li>PH del terreno: neutro o calcareo<\/li>\n<li>Tipo di terreno: tutti<\/li>\n<li>Ricchezza del suolo: ordinario o ricco di humus<\/li>\n<li>Uso: coprisuolo, rampicante, vaso, cassetta per finestre, cesti appesi, pianta d'appartamento<\/li>\n<li>Sviluppo: rapido<\/li>\n<li>Potatura: una volta all'anno<\/li>\n<li>Parassiti: molto rari (ragnetto, cocciniglia)<\/li>\n<li>Malattie: molto rare (macchie fogliari)<\/li>\n<\/ul>\t\t\t\t\t\t\t\t<\/div>\n\t\t\t\t<\/div>\n\t\t\t\t\t<\/div>\n\t\t\t\t<\/div>\n\t\t\t\t\t<\/div>\n\t\t\t\t<\/div>\n\t\t<div class=\"elementor-element elementor-element-72672288 e-flex e-con-boxed e-con e-parent\" data-id=\"72672288\" data-element_type=\"container\">\n\t\t\t\t\t<div class=\"e-con-inner\">\n\t\t\t\t<div class=\"elementor-element elementor-element-4afc7377 elementor-widget elementor-widget-image\" data-id=\"4afc7377\" data-element_type=\"widget\" data-widget_type=\"image.default\">\n\t\t\t\t<div class=\"elementor-widget-container\">\n\t\t\t\t\t\t\t\t\t\t\t\t\t\t\t<img fetchpriority=\"high\" decoding=\"async\" width=\"1024\" height=\"146\" src=\"https:\/\/www.hedera-etc.com\/wp-content\/uploads\/2023\/10\/guirlande-1024x146.webp\" class=\"attachment-large size-large wp-image-116\" alt=\"La boutique du lierre - Ghirlanda di edera\" srcset=\"https:\/\/www.hedera-etc.com\/wp-content\/uploads\/2023\/10\/guirlande-1024x146.webp 1024w, https:\/\/www.hedera-etc.com\/wp-content\/uploads\/2023\/10\/guirlande-900x129.webp 900w, https:\/\/www.hedera-etc.com\/wp-content\/uploads\/2023\/10\/guirlande-300x43.webp 300w, https:\/\/www.hedera-etc.com\/wp-content\/uploads\/2023\/10\/guirlande-768x110.webp 768w, https:\/\/www.hedera-etc.com\/wp-content\/uploads\/2023\/10\/guirlande.webp 1126w\" sizes=\"(max-width: 1024px) 100vw, 1024px\" \/>\t\t\t\t\t\t\t\t\t\t\t\t\t\t\t<\/div>\n\t\t\t\t<\/div>\n\t\t\t\t<div class=\"elementor-element elementor-element-2dc9a2cc elementor-widget elementor-widget-text-editor\" data-id=\"2dc9a2cc\" data-element_type=\"widget\" data-widget_type=\"text-editor.default\">\n\t\t\t\t<div class=\"elementor-widget-container\">\n\t\t\t\t\t\t\t\t\t<h3 style=\"text-align: center;\"><span style=\"color: #008000;\">L'edera nella letteratura<\/span><\/h3><blockquote><p style=\"text-align: center;\"><span style=\"color: #993366;\">\u201cLe rovine, avvolte dall'edera, sembravano contenere un sussurro del tempo passato.<\/span><span style=\"color: #993366;\">\u201d<\/span><\/p><\/blockquote><h5 style=\"text-align: right;\"><strong>Nathaniel Hawthorne<\/strong>, <em>La lettera scarlatta<\/em><\/h5>\t\t\t\t\t\t\t\t<\/div>\n\t\t\t\t<\/div>\n\t\t\t\t\t<\/div>\n\t\t\t\t<\/div>\n\t\t\t\t<\/div>","protected":false},"excerpt":{"rendered":"<p>Edera interessante per la sua resistenza alla siccit\u00e0 e al sole.<\/p>\n<p>Foglie di medie dimensioni con 3-5 lobi stretti, appuntiti e ricurvi verso il basso. Il lobo mediano \u00e8 pi\u00f9 lungo dei lobi laterali. Lama simmetrica, di colore verde medio-scuro, leggermente bluastra in estate. Si colora anche in inverno.<\/p>\n<p>Edera ben ramificata con internodi piuttosto corti, da utilizzare come copertura del terreno o come rampicante.<\/p>","protected":false},"featured_media":14972,"comment_status":"open","ping_status":"closed","template":"","meta":{"_acf_changed":false,"ocean_post_layout":"","ocean_both_sidebars_style":"","ocean_both_sidebars_content_width":0,"ocean_both_sidebars_sidebars_width":0,"ocean_sidebar":"0","ocean_second_sidebar":"0","ocean_disable_margins":"enable","ocean_add_body_class":"","ocean_shortcode_before_top_bar":"","ocean_shortcode_after_top_bar":"","ocean_shortcode_before_header":"","ocean_shortcode_after_header":"","ocean_has_shortcode":"","ocean_shortcode_after_title":"","ocean_shortcode_before_footer_widgets":"","ocean_shortcode_after_footer_widgets":"","ocean_shortcode_before_footer_bottom":"","ocean_shortcode_after_footer_bottom":"","ocean_display_top_bar":"default","ocean_display_header":"default","ocean_header_style":"","ocean_center_header_left_menu":"0","ocean_custom_header_template":"0","ocean_custom_logo":0,"ocean_custom_retina_logo":0,"ocean_custom_logo_max_width":0,"ocean_custom_logo_tablet_max_width":0,"ocean_custom_logo_mobile_max_width":0,"ocean_custom_logo_max_height":0,"ocean_custom_logo_tablet_max_height":0,"ocean_custom_logo_mobile_max_height":0,"ocean_header_custom_menu":"0","ocean_menu_typo_font_family":"0","ocean_menu_typo_font_subset":"","ocean_menu_typo_font_size":0,"ocean_menu_typo_font_size_tablet":0,"ocean_menu_typo_font_size_mobile":0,"ocean_menu_typo_font_size_unit":"px","ocean_menu_typo_font_weight":"","ocean_menu_typo_font_weight_tablet":"","ocean_menu_typo_font_weight_mobile":"","ocean_menu_typo_transform":"","ocean_menu_typo_transform_tablet":"","ocean_menu_typo_transform_mobile":"","ocean_menu_typo_line_height":0,"ocean_menu_typo_line_height_tablet":0,"ocean_menu_typo_line_height_mobile":0,"ocean_menu_typo_line_height_unit":"","ocean_menu_typo_spacing":0,"ocean_menu_typo_spacing_tablet":0,"ocean_menu_typo_spacing_mobile":0,"ocean_menu_typo_spacing_unit":"","ocean_menu_link_color":"","ocean_menu_link_color_hover":"","ocean_menu_link_color_active":"","ocean_menu_link_background":"","ocean_menu_link_hover_background":"","ocean_menu_link_active_background":"","ocean_menu_social_links_bg":"","ocean_menu_social_hover_links_bg":"","ocean_menu_social_links_color":"","ocean_menu_social_hover_links_color":"","ocean_disable_title":"default","ocean_disable_heading":"default","ocean_post_title":"","ocean_post_subheading":"","ocean_post_title_style":"","ocean_post_title_background_color":"","ocean_post_title_background":0,"ocean_post_title_bg_image_position":"","ocean_post_title_bg_image_attachment":"","ocean_post_title_bg_image_repeat":"","ocean_post_title_bg_image_size":"","ocean_post_title_height":0,"ocean_post_title_bg_overlay":0.5,"ocean_post_title_bg_overlay_color":"","ocean_disable_breadcrumbs":"default","ocean_breadcrumbs_color":"","ocean_breadcrumbs_separator_color":"","ocean_breadcrumbs_links_color":"","ocean_breadcrumbs_links_hover_color":"","ocean_display_footer_widgets":"default","ocean_display_footer_bottom":"default","ocean_custom_footer_template":"0"},"product_brand":[],"product_cat":[134],"product_tag":[],"class_list":{"0":"post-134","1":"product","2":"type-product","3":"status-publish","4":"has-post-thumbnail","6":"product_cat-lierre","8":"entry","9":"has-media","11":"first","12":"instock","13":"purchasable","14":"product-type-variable","15":"has-default-attributes","16":"has-product-nav","17":"col","18":"span_1_of_4","19":"owp-content-center","20":"item-entry","21":"owp-thumbs-layout-horizontal","22":"owp-btn-normal","23":"owp-tabs-layout-section"},"acf":[],"jetpack_sharing_enabled":true,"_links":{"self":[{"href":"https:\/\/www.hedera-etc.com\/it\/wp-json\/wp\/v2\/product\/134","targetHints":{"allow":["GET"]}}],"collection":[{"href":"https:\/\/www.hedera-etc.com\/it\/wp-json\/wp\/v2\/product"}],"about":[{"href":"https:\/\/www.hedera-etc.com\/it\/wp-json\/wp\/v2\/types\/product"}],"replies":[{"embeddable":true,"href":"https:\/\/www.hedera-etc.com\/it\/wp-json\/wp\/v2\/comments?post=134"}],"version-history":[{"count":7,"href":"https:\/\/www.hedera-etc.com\/it\/wp-json\/wp\/v2\/product\/134\/revisions"}],"predecessor-version":[{"id":18339,"href":"https:\/\/www.hedera-etc.com\/it\/wp-json\/wp\/v2\/product\/134\/revisions\/18339"}],"wp:featuredmedia":[{"embeddable":true,"href":"https:\/\/www.hedera-etc.com\/it\/wp-json\/wp\/v2\/media\/14972"}],"wp:attachment":[{"href":"https:\/\/www.hedera-etc.com\/it\/wp-json\/wp\/v2\/media?parent=134"}],"wp:term":[{"taxonomy":"product_brand","embeddable":true,"href":"https:\/\/www.hedera-etc.com\/it\/wp-json\/wp\/v2\/product_brand?post=134"},{"taxonomy":"product_cat","embeddable":true,"href":"https:\/\/www.hedera-etc.com\/it\/wp-json\/wp\/v2\/product_cat?post=134"},{"taxonomy":"product_tag","embeddable":true,"href":"https:\/\/www.hedera-etc.com\/it\/wp-json\/wp\/v2\/product_tag?post=134"}],"curies":[{"name":"wp","href":"https:\/\/api.w.org\/{rel}","templated":true}]}}

<div data-elementor-type="product-post" data-elementor-id="134" class="elementor elementor-134" data-elementor-post-type="product">
				<div class="elementor-element elementor-element-60a27a1d e-con-full e-flex e-con e-child" data-id="60a27a1d" data-element_type="container">
				<div class="elementor-element elementor-element-4727a97 elementor-widget elementor-widget-text-editor" data-id="4727a97" data-element_type="widget" data-widget_type="text-editor.default">
				<div class="elementor-widget-container">
									<h2 style="font-variant-ligatures: normal; font-variant-caps: normal; font-family: Spectral, sans-serif; font-style: normal;"><span style="font-size: 30px; color: #f0ffed;">L'edera ornamentale  &#8211; Hedera helix &lsquo;Baden-Baden&rsquo;</span></h2>								</div>
				</div>
				</div>
		<div class="elementor-element elementor-element-4d837e1d e-flex e-con-boxed e-con e-parent" data-id="4d837e1d" data-element_type="container">
					<div class="e-con-inner">
		<div class="elementor-element elementor-element-3a42b465 e-flex e-con-boxed e-con e-child" data-id="3a42b465" data-element_type="container">
					<div class="e-con-inner">
				<div class="elementor-element elementor-element-29948107 elementor-widget elementor-widget-heading" data-id="29948107" data-element_type="widget" data-widget_type="heading.default">
				<div class="elementor-widget-container">
					<h2 class="elementor-heading-title elementor-size-default">In breve</h2>				</div>
				</div>
				<div class="elementor-element elementor-element-4dddb620 elementor-widget elementor-widget-text-editor" data-id="4dddb620" data-element_type="widget" data-widget_type="text-editor.default">
				<div class="elementor-widget-container">
									<p>Edera ornamentale, <strong><em>Hedera helix</em> &lsquo;Baden-Baden&rsquo;</strong>, È una delle specie di edera più interessanti per la sua grande resistenza alla siccità e al sole.</p><p>Le foglie di medie dimensioni hanno da 3 a 5 lobi stretti, appuntiti e ricurvi verso il basso. Il lobo mediano è più lungo dei lobi laterali. La lamina fogliare simmetrica è di colore verde medio-scuro, con un leggero rossore in estate. Si colora anche in inverno.</p><p>Si tratta di un'edera ben ramificata con internodi piuttosto corti, da utilizzare come copertura del terreno o come rampicante.</p>								</div>
				</div>
				<div class="elementor-element elementor-element-7025e00f elementor-widget elementor-widget-heading" data-id="7025e00f" data-element_type="widget" data-widget_type="heading.default">
				<div class="elementor-widget-container">
					<h2 class="elementor-heading-title elementor-size-default">La storia</h2>				</div>
				</div>
				<div class="elementor-element elementor-element-38e47882 elementor-widget elementor-widget-text-editor" data-id="38e47882" data-element_type="widget" data-widget_type="text-editor.default">
				<div class="elementor-widget-container">
									<p>Ce cultivar fut découvert par Gebr. Stauss, pépiniériste à Möglingen, Allemagne. C&rsquo;est une mutazione de &lsquo;California&rsquo; sélectionnée en 1980.</p>								</div>
				</div>
				<div class="elementor-element elementor-element-4d088f1d elementor-widget elementor-widget-heading" data-id="4d088f1d" data-element_type="widget" data-widget_type="heading.default">
				<div class="elementor-widget-container">
					<h2 class="elementor-heading-title elementor-size-default">Scheda dettagliata - Hedera helix 'Baden-Baden'</h2>				</div>
				</div>
				<div class="elementor-element elementor-element-5b58095 elementor-widget elementor-widget-text-editor" data-id="5b58095" data-element_type="widget" data-widget_type="text-editor.default">
				<div class="elementor-widget-container">
									<h3>Informazioni botaniche</h3>
<ul>
<li>Famiglia: Araliaceae</li>
<li>Genere : <em><strong>Hedera</strong></em></li>
<li>Specie : <em>helix</em></li>
<li>Coltivare : &lsquo;Baden-Baden&rsquo;</li>
<li>Classificazione Pierot: edera con foglie a forma di zampa d'uccello</li>
<li>Stadio fogliare: giovanile</li>
<li>Origine della specie: Europa, dalla Spagna alla Norvegia, ma poco sulla costa atlantica.</li>
<li>Origine della cultivar: mutazione di &lsquo;California&rsquo;, sélectionné par Gebr. Stauss, pépiniériste à Möglingen, Allemagne, en 1980.</li>
</ul>
<h3>&nbsp;</h3>
<h3>Descrizione di Hedera helix &lsquo;Baden-Baden&rsquo;</h3>
<ul>
<li>Portamento di crescita: si allarga</li>
<li>Numero di lobi: da 3 a 5 lobi in generale</li>
<li>Lunghezza delle foglie: da 4 a 5 cm</li>
<li>Larghezza delle foglie: da 4 a 5 cm</li>
<li>Colore delle foglie: verde medio-scuro</li>
<li>Colore delle vene: verde chiaro</li>
<li>Colore del fusto e del picciolo: viola</li>
<li>Rami: ben ramificati</li>
<li>Peli: stellati, da 3 a 5 ramificazioni</li>
</ul>
<h3>&nbsp;</h3>
<h3>Consigli per la piantagione, la coltivazione e la cura di Hedera helix &lsquo;Baden-Baden&rsquo;</h3>
<ul>
<li>Esposizione: ombra, ombra parziale, sole</li>
<li>Resistenza: -9°C</li>
<li>Umidità del terreno: terreno fresco o secco</li>
<li>PH del terreno: neutro o calcareo</li>
<li>Tipo di terreno: tutti</li>
<li>Ricchezza del suolo: ordinario o ricco di humus</li>
<li>Uso: coprisuolo, rampicante, vaso, cassetta per finestre, cesti appesi, pianta d'appartamento</li>
<li>Sviluppo: rapido</li>
<li>Potatura: una volta all'anno</li>
<li>Parassiti: molto rari (ragnetto, cocciniglia)</li>
<li>Malattie: molto rare (macchie fogliari)</li>
</ul>								</div>
				</div>
					</div>
				</div>
					</div>
				</div>
		<div class="elementor-element elementor-element-72672288 e-flex e-con-boxed e-con e-parent" data-id="72672288" data-element_type="container">
					<div class="e-con-inner">
				<div class="elementor-element elementor-element-4afc7377 elementor-widget elementor-widget-image" data-id="4afc7377" data-element_type="widget" data-widget_type="image.default">
				<div class="elementor-widget-container">
															<img fetchpriority="high" decoding="async" width="1024" height="146" src="https://www.hedera-etc.com/wp-content/uploads/2023/10/guirlande-1024x146.webp" class="attachment-large size-large wp-image-116" alt="La boutique du lierre - Ghirlanda di edera" srcset="https://www.hedera-etc.com/wp-content/uploads/2023/10/guirlande-1024x146.webp 1024w, https://www.hedera-etc.com/wp-content/uploads/2023/10/guirlande-900x129.webp 900w, https://www.hedera-etc.com/wp-content/uploads/2023/10/guirlande-300x43.webp 300w, https://www.hedera-etc.com/wp-content/uploads/2023/10/guirlande-768x110.webp 768w, https://www.hedera-etc.com/wp-content/uploads/2023/10/guirlande.webp 1126w" sizes="(max-width: 1024px) 100vw, 1024px" />															</div>
				</div>
				<div class="elementor-element elementor-element-2dc9a2cc elementor-widget elementor-widget-text-editor" data-id="2dc9a2cc" data-element_type="widget" data-widget_type="text-editor.default">
				<div class="elementor-widget-container">
									<h3 style="text-align: center;"><span style="color: #008000;">L'edera nella letteratura</span></h3><blockquote><p style="text-align: center;"><span style="color: #993366;">“Le rovine, avvolte dall'edera, sembravano contenere un sussurro del tempo passato.</span><span style="color: #993366;">”</span></p></blockquote><h5 style="text-align: right;"><strong>Nathaniel Hawthorne</strong>, <em>La lettera scarlatta</em></h5>								</div>
				</div>
					</div>
				</div>
				</div>

<p>Edera interessante per la sua resistenza alla siccità e al sole.</p>
<p>Foglie di medie dimensioni con 3-5 lobi stretti, appuntiti e ricurvi verso il basso. Il lobo mediano è più lungo dei lobi laterali. Lama simmetrica, di colore verde medio-scuro, leggermente bluastra in estate. Si colora anche in inverno.</p>
<p>Edera ben ramificata con internodi piuttosto corti, da utilizzare come copertura del terreno o come rampicante.</p>
