{"id":17588,"date":"2025-12-07T20:41:44","date_gmt":"2025-12-07T19:41:44","guid":{"rendered":"https:\/\/www.hedera-etc.com\/?post_type=product&#038;p=17588"},"modified":"2026-04-28T07:09:17","modified_gmt":"2026-04-28T05:09:17","slug":"hedera-helix-peter-vert","status":"publish","type":"product","link":"https:\/\/www.hedera-etc.com\/it\/product\/hedera-helix-peter-vert\/","title":{"rendered":"<em>Hedera helix<\/em> &lsquo;Peter Vert&rsquo; &#8211; Edera ornamentale"},"content":{"rendered":"<div data-elementor-type=\"product-post\" data-elementor-id=\"17588\" class=\"elementor elementor-17588\" data-elementor-post-type=\"product\">\n\t\t\t\t<div class=\"elementor-element elementor-element-7a9ab5af e-con-full e-flex e-con e-child\" data-id=\"7a9ab5af\" data-element_type=\"container\">\n\t\t\t\t<div class=\"elementor-element elementor-element-cf2696b elementor-widget elementor-widget-text-editor\" data-id=\"cf2696b\" data-element_type=\"widget\" data-widget_type=\"text-editor.default\">\n\t\t\t\t<div class=\"elementor-widget-container\">\n\t\t\t\t\t\t\t\t\t<h2><span style=\"color: #f0ffed;\">L'edera ornamentale\u00a0 &#8211; Hedera helix &lsquo;Peter Vert&rsquo;<\/span><\/h2>\t\t\t\t\t\t\t\t<\/div>\n\t\t\t\t<\/div>\n\t\t\t\t<\/div>\n\t\t<div class=\"elementor-element elementor-element-606807b7 e-flex e-con-boxed e-con e-parent\" data-id=\"606807b7\" data-element_type=\"container\">\n\t\t\t\t\t<div class=\"e-con-inner\">\n\t\t<div class=\"elementor-element elementor-element-638988a9 e-flex e-con-boxed e-con e-child\" data-id=\"638988a9\" data-element_type=\"container\">\n\t\t\t\t\t<div class=\"e-con-inner\">\n\t\t\t\t<div class=\"elementor-element elementor-element-2be28048 elementor-widget elementor-widget-heading\" data-id=\"2be28048\" data-element_type=\"widget\" data-widget_type=\"heading.default\">\n\t\t\t\t<div class=\"elementor-widget-container\">\n\t\t\t\t\t<h2 class=\"elementor-heading-title elementor-size-default\">In breve<\/h2>\t\t\t\t<\/div>\n\t\t\t\t<\/div>\n\t\t\t\t<div class=\"elementor-element elementor-element-5793b387 elementor-widget elementor-widget-text-editor\" data-id=\"5793b387\" data-element_type=\"widget\" data-widget_type=\"text-editor.default\">\n\t\t\t\t<div class=\"elementor-widget-container\">\n\t\t\t\t\t\t\t\t\t<p>Edera ornamentale, <strong>Hedera helix &lsquo;Peter Vert&rsquo;, <\/strong>\u00e8 un'edera con foglie a forma di zampa d'uccello che formano un tappeto abbastanza spesso.<\/p><p>La lamina fogliare presenta da 3 a 5 lobi, con un lobo centrale allungato. I fusti sono ben ramificati con internodi stretti.<\/p><p>Si pu\u00f2 usare come copertura del terreno, in vasi o cesti appesi, ma \u00e8 anche adatta per la topiaria.<\/p>\t\t\t\t\t\t\t\t<\/div>\n\t\t\t\t<\/div>\n\t\t\t\t<div class=\"elementor-element elementor-element-39bcf1d8 elementor-widget elementor-widget-heading\" data-id=\"39bcf1d8\" data-element_type=\"widget\" data-widget_type=\"heading.default\">\n\t\t\t\t<div class=\"elementor-widget-container\">\n\t\t\t\t\t<h2 class=\"elementor-heading-title elementor-size-default\">La storia<\/h2>\t\t\t\t<\/div>\n\t\t\t\t<\/div>\n\t\t\t\t<div class=\"elementor-element elementor-element-375c4429 elementor-widget elementor-widget-text-editor\" data-id=\"375c4429\" data-element_type=\"widget\" data-widget_type=\"text-editor.default\">\n\t\t\t\t<div class=\"elementor-widget-container\">\n\t\t\t\t\t\t\t\t\t<p>Questa cultivar deriva da una mutazione di &lsquo;Peter&rsquo; s\u00e9lectionn\u00e9e dans notre p\u00e9pini\u00e8re.<\/p>\t\t\t\t\t\t\t\t<\/div>\n\t\t\t\t<\/div>\n\t\t\t\t<div class=\"elementor-element elementor-element-3e5f004d elementor-widget elementor-widget-heading\" data-id=\"3e5f004d\" data-element_type=\"widget\" data-widget_type=\"heading.default\">\n\t\t\t\t<div class=\"elementor-widget-container\">\n\t\t\t\t\t<h2 class=\"elementor-heading-title elementor-size-default\">Scheda tecnica - Hedera helix 'Peter Vert'<\/h2>\t\t\t\t<\/div>\n\t\t\t\t<\/div>\n\t\t\t\t<div class=\"elementor-element elementor-element-5f5488ad elementor-widget elementor-widget-text-editor\" data-id=\"5f5488ad\" data-element_type=\"widget\" data-widget_type=\"text-editor.default\">\n\t\t\t\t<div class=\"elementor-widget-container\">\n\t\t\t\t\t\t\t\t\t<h3>Informazioni botaniche<\/h3><ul><li>Famiglia: Araliaceae<\/li><li>Genere : <em><strong>Hedera<\/strong><\/em><\/li><li>Specie : <em>helix<\/em><\/li><li>Coltivare : &lsquo;Peter Vert&rsquo;<\/li><li>Classificazione Pierot: edera con foglie a forma di zampa d'uccello<\/li><li>Stadio fogliare: giovanile<\/li><li>Origine della specie: Europa, dalla Spagna alla Norvegia, ma poco sulla costa atlantica.<\/li><li>Origine della cultivar: mutazione di &lsquo;Peter&rsquo;, s\u00e9lectionn\u00e9 dans notre p\u00e9pini\u00e8re.<\/li><\/ul><p>\u00a0<\/p><h3>Descrizione di Hedera helix &lsquo;Peter Vert&rsquo;<\/h3><ul><li>Portamento di crescita: tarchiato, diffondente<\/li><li>Numero di lobi: da 3 a 5 lobi in generale<\/li><li>Lunghezza delle foglie: 4 cm<\/li><li>Larghezza del foglio: 3 cm<\/li><li>Colore delle foglie: verde<\/li><li>Colore delle vene: verde chiaro<\/li><li>Base delle foglie: hast\u00e9e<\/li><li>Apice della foglia: acuto<\/li><li>Colore del fusto e del picciolo: verde porpora<\/li><li>Fusto: ben ramificato<\/li><li>Internodi: da 1 a 2 cm<\/li><li>Peli: stellati, da 3 a 5 ramificazioni<\/li><\/ul><h3>\u00a0<\/h3><h3>Consigli per la piantagione, la coltivazione e la cura di Hedera helix &lsquo;Peter Vert&rsquo;<\/h3><ul><li>Esposizione: sole, ombra parziale<\/li><li>Resistenza: -8\u00b0C<\/li><li>Umidit\u00e0 del terreno: terreno fresco<\/li><li>PH del terreno: neutro o calcareo<\/li><li>Tipo di terreno: tutti<\/li><li>Ricchezza del suolo: ordinario o ricco di humus<\/li><li>Impiego: copri suolo, vasi, cassette per finestre, cesti appesi, topiaria<\/li><li>Sviluppo: medio<\/li><li>Potatura: una volta all'anno<\/li><li>Parassiti: molto rari (ragnetto, cocciniglia)<\/li><li>Malattie: molto rare (macchie fogliari)<\/li><\/ul>\t\t\t\t\t\t\t\t<\/div>\n\t\t\t\t<\/div>\n\t\t\t\t\t<\/div>\n\t\t\t\t<\/div>\n\t\t\t\t\t<\/div>\n\t\t\t\t<\/div>\n\t\t<div class=\"elementor-element elementor-element-5db21303 e-flex e-con-boxed e-con e-parent\" data-id=\"5db21303\" data-element_type=\"container\">\n\t\t\t\t\t<div class=\"e-con-inner\">\n\t\t\t\t<div class=\"elementor-element elementor-element-43efe559 elementor-widget elementor-widget-image\" data-id=\"43efe559\" data-element_type=\"widget\" data-widget_type=\"image.default\">\n\t\t\t\t<div class=\"elementor-widget-container\">\n\t\t\t\t\t\t\t\t\t\t\t\t\t\t\t<img fetchpriority=\"high\" decoding=\"async\" width=\"1024\" height=\"146\" src=\"https:\/\/www.hedera-etc.com\/wp-content\/uploads\/2023\/10\/guirlande-1024x146.webp\" class=\"attachment-large size-large wp-image-116\" alt=\"La boutique du lierre - Ghirlanda di edera\" srcset=\"https:\/\/www.hedera-etc.com\/wp-content\/uploads\/2023\/10\/guirlande-1024x146.webp 1024w, https:\/\/www.hedera-etc.com\/wp-content\/uploads\/2023\/10\/guirlande-900x129.webp 900w, https:\/\/www.hedera-etc.com\/wp-content\/uploads\/2023\/10\/guirlande-300x43.webp 300w, https:\/\/www.hedera-etc.com\/wp-content\/uploads\/2023\/10\/guirlande-768x110.webp 768w, https:\/\/www.hedera-etc.com\/wp-content\/uploads\/2023\/10\/guirlande.webp 1126w\" sizes=\"(max-width: 1024px) 100vw, 1024px\" \/>\t\t\t\t\t\t\t\t\t\t\t\t\t\t\t<\/div>\n\t\t\t\t<\/div>\n\t\t\t\t<div class=\"elementor-element elementor-element-159912d8 elementor-widget elementor-widget-text-editor\" data-id=\"159912d8\" data-element_type=\"widget\" data-widget_type=\"text-editor.default\">\n\t\t\t\t<div class=\"elementor-widget-container\">\n\t\t\t\t\t\t\t\t\t<h3 style=\"text-align: center;\"><span style=\"color: #008000;\">L'edera nella letteratura<\/span><\/h3><blockquote><p style=\"text-align: center;\"><span style=\"color: #993366;\">\u201cGuardate, guardate lass\u00f9 sulle colline,<\/span><\/p><p style=\"text-align: center;\"><span style=\"color: #993366;\">Mura smantellate, cumuli di rovine,<\/span><\/p><p style=\"text-align: center;\"><span style=\"color: #993366;\">Coperto su tutti i lati da edere striscianti\u201d.\u201d<\/span><\/p><\/blockquote><h5 style=\"text-align: right;\">Ferdinand Fabre, foglie di edera<\/h5>\t\t\t\t\t\t\t\t<\/div>\n\t\t\t\t<\/div>\n\t\t\t\t\t<\/div>\n\t\t\t\t<\/div>\n\t\t\t\t<\/div>","protected":false},"excerpt":{"rendered":"<p>Edera con foglie a zampa d'uccello, che formano un tappeto abbastanza fitto.<\/p>\n<p>Lama composta da 3-5 lobi, con un lobo centrale allungato. Fusti ben ramificati con internodi stretti.<\/p>\n<p>Copertura del terreno o appesa, adatta anche per la topiaria.<\/p>","protected":false},"featured_media":17593,"comment_status":"open","ping_status":"closed","template":"","meta":{"_acf_changed":false,"ocean_post_layout":"","ocean_both_sidebars_style":"","ocean_both_sidebars_content_width":0,"ocean_both_sidebars_sidebars_width":0,"ocean_sidebar":"0","ocean_second_sidebar":"0","ocean_disable_margins":"enable","ocean_add_body_class":"","ocean_shortcode_before_top_bar":"","ocean_shortcode_after_top_bar":"","ocean_shortcode_before_header":"","ocean_shortcode_after_header":"","ocean_has_shortcode":"","ocean_shortcode_after_title":"","ocean_shortcode_before_footer_widgets":"","ocean_shortcode_after_footer_widgets":"","ocean_shortcode_before_footer_bottom":"","ocean_shortcode_after_footer_bottom":"","ocean_display_top_bar":"default","ocean_display_header":"default","ocean_header_style":"","ocean_center_header_left_menu":"0","ocean_custom_header_template":"0","ocean_custom_logo":0,"ocean_custom_retina_logo":0,"ocean_custom_logo_max_width":0,"ocean_custom_logo_tablet_max_width":0,"ocean_custom_logo_mobile_max_width":0,"ocean_custom_logo_max_height":0,"ocean_custom_logo_tablet_max_height":0,"ocean_custom_logo_mobile_max_height":0,"ocean_header_custom_menu":"0","ocean_menu_typo_font_family":"0","ocean_menu_typo_font_subset":"","ocean_menu_typo_font_size":0,"ocean_menu_typo_font_size_tablet":0,"ocean_menu_typo_font_size_mobile":0,"ocean_menu_typo_font_size_unit":"px","ocean_menu_typo_font_weight":"","ocean_menu_typo_font_weight_tablet":"","ocean_menu_typo_font_weight_mobile":"","ocean_menu_typo_transform":"","ocean_menu_typo_transform_tablet":"","ocean_menu_typo_transform_mobile":"","ocean_menu_typo_line_height":0,"ocean_menu_typo_line_height_tablet":0,"ocean_menu_typo_line_height_mobile":0,"ocean_menu_typo_line_height_unit":"","ocean_menu_typo_spacing":0,"ocean_menu_typo_spacing_tablet":0,"ocean_menu_typo_spacing_mobile":0,"ocean_menu_typo_spacing_unit":"","ocean_menu_link_color":"","ocean_menu_link_color_hover":"","ocean_menu_link_color_active":"","ocean_menu_link_background":"","ocean_menu_link_hover_background":"","ocean_menu_link_active_background":"","ocean_menu_social_links_bg":"","ocean_menu_social_hover_links_bg":"","ocean_menu_social_links_color":"","ocean_menu_social_hover_links_color":"","ocean_disable_title":"default","ocean_disable_heading":"default","ocean_post_title":"","ocean_post_subheading":"","ocean_post_title_style":"","ocean_post_title_background_color":"","ocean_post_title_background":0,"ocean_post_title_bg_image_position":"","ocean_post_title_bg_image_attachment":"","ocean_post_title_bg_image_repeat":"","ocean_post_title_bg_image_size":"","ocean_post_title_height":0,"ocean_post_title_bg_overlay":0.5,"ocean_post_title_bg_overlay_color":"","ocean_disable_breadcrumbs":"default","ocean_breadcrumbs_color":"","ocean_breadcrumbs_separator_color":"","ocean_breadcrumbs_links_color":"","ocean_breadcrumbs_links_hover_color":"","ocean_display_footer_widgets":"default","ocean_display_footer_bottom":"default","ocean_custom_footer_template":"0"},"product_brand":[],"product_cat":[134],"product_tag":[],"class_list":{"0":"post-17588","1":"product","2":"type-product","3":"status-publish","4":"has-post-thumbnail","6":"product_cat-lierre","8":"entry","9":"has-media","11":"first","12":"instock","13":"purchasable","14":"product-type-variable","15":"has-default-attributes","16":"has-product-nav","17":"col","18":"span_1_of_4","19":"owp-content-center","20":"item-entry","21":"owp-thumbs-layout-horizontal","22":"owp-btn-normal","23":"owp-tabs-layout-section"},"acf":[],"jetpack_sharing_enabled":true,"_links":{"self":[{"href":"https:\/\/www.hedera-etc.com\/it\/wp-json\/wp\/v2\/product\/17588","targetHints":{"allow":["GET"]}}],"collection":[{"href":"https:\/\/www.hedera-etc.com\/it\/wp-json\/wp\/v2\/product"}],"about":[{"href":"https:\/\/www.hedera-etc.com\/it\/wp-json\/wp\/v2\/types\/product"}],"replies":[{"embeddable":true,"href":"https:\/\/www.hedera-etc.com\/it\/wp-json\/wp\/v2\/comments?post=17588"}],"version-history":[{"count":8,"href":"https:\/\/www.hedera-etc.com\/it\/wp-json\/wp\/v2\/product\/17588\/revisions"}],"predecessor-version":[{"id":17603,"href":"https:\/\/www.hedera-etc.com\/it\/wp-json\/wp\/v2\/product\/17588\/revisions\/17603"}],"wp:featuredmedia":[{"embeddable":true,"href":"https:\/\/www.hedera-etc.com\/it\/wp-json\/wp\/v2\/media\/17593"}],"wp:attachment":[{"href":"https:\/\/www.hedera-etc.com\/it\/wp-json\/wp\/v2\/media?parent=17588"}],"wp:term":[{"taxonomy":"product_brand","embeddable":true,"href":"https:\/\/www.hedera-etc.com\/it\/wp-json\/wp\/v2\/product_brand?post=17588"},{"taxonomy":"product_cat","embeddable":true,"href":"https:\/\/www.hedera-etc.com\/it\/wp-json\/wp\/v2\/product_cat?post=17588"},{"taxonomy":"product_tag","embeddable":true,"href":"https:\/\/www.hedera-etc.com\/it\/wp-json\/wp\/v2\/product_tag?post=17588"}],"curies":[{"name":"wp","href":"https:\/\/api.w.org\/{rel}","templated":true}]}}

<div data-elementor-type="product-post" data-elementor-id="17588" class="elementor elementor-17588" data-elementor-post-type="product">
				<div class="elementor-element elementor-element-7a9ab5af e-con-full e-flex e-con e-child" data-id="7a9ab5af" data-element_type="container">
				<div class="elementor-element elementor-element-cf2696b elementor-widget elementor-widget-text-editor" data-id="cf2696b" data-element_type="widget" data-widget_type="text-editor.default">
				<div class="elementor-widget-container">
									<h2><span style="color: #f0ffed;">L'edera ornamentale  &#8211; Hedera helix &lsquo;Peter Vert&rsquo;</span></h2>								</div>
				</div>
				</div>
		<div class="elementor-element elementor-element-606807b7 e-flex e-con-boxed e-con e-parent" data-id="606807b7" data-element_type="container">
					<div class="e-con-inner">
		<div class="elementor-element elementor-element-638988a9 e-flex e-con-boxed e-con e-child" data-id="638988a9" data-element_type="container">
					<div class="e-con-inner">
				<div class="elementor-element elementor-element-2be28048 elementor-widget elementor-widget-heading" data-id="2be28048" data-element_type="widget" data-widget_type="heading.default">
				<div class="elementor-widget-container">
					<h2 class="elementor-heading-title elementor-size-default">In breve</h2>				</div>
				</div>
				<div class="elementor-element elementor-element-5793b387 elementor-widget elementor-widget-text-editor" data-id="5793b387" data-element_type="widget" data-widget_type="text-editor.default">
				<div class="elementor-widget-container">
									<p>Edera ornamentale, <strong>Hedera helix &lsquo;Peter Vert&rsquo;, </strong>è un'edera con foglie a forma di zampa d'uccello che formano un tappeto abbastanza spesso.</p><p>La lamina fogliare presenta da 3 a 5 lobi, con un lobo centrale allungato. I fusti sono ben ramificati con internodi stretti.</p><p>Si può usare come copertura del terreno, in vasi o cesti appesi, ma è anche adatta per la topiaria.</p>								</div>
				</div>
				<div class="elementor-element elementor-element-39bcf1d8 elementor-widget elementor-widget-heading" data-id="39bcf1d8" data-element_type="widget" data-widget_type="heading.default">
				<div class="elementor-widget-container">
					<h2 class="elementor-heading-title elementor-size-default">La storia</h2>				</div>
				</div>
				<div class="elementor-element elementor-element-375c4429 elementor-widget elementor-widget-text-editor" data-id="375c4429" data-element_type="widget" data-widget_type="text-editor.default">
				<div class="elementor-widget-container">
									<p>Questa cultivar deriva da una mutazione di &lsquo;Peter&rsquo; sélectionnée dans notre pépinière.</p>								</div>
				</div>
				<div class="elementor-element elementor-element-3e5f004d elementor-widget elementor-widget-heading" data-id="3e5f004d" data-element_type="widget" data-widget_type="heading.default">
				<div class="elementor-widget-container">
					<h2 class="elementor-heading-title elementor-size-default">Scheda tecnica - Hedera helix 'Peter Vert'</h2>				</div>
				</div>
				<div class="elementor-element elementor-element-5f5488ad elementor-widget elementor-widget-text-editor" data-id="5f5488ad" data-element_type="widget" data-widget_type="text-editor.default">
				<div class="elementor-widget-container">
									<h3>Informazioni botaniche</h3><ul><li>Famiglia: Araliaceae</li><li>Genere : <em><strong>Hedera</strong></em></li><li>Specie : <em>helix</em></li><li>Coltivare : &lsquo;Peter Vert&rsquo;</li><li>Classificazione Pierot: edera con foglie a forma di zampa d'uccello</li><li>Stadio fogliare: giovanile</li><li>Origine della specie: Europa, dalla Spagna alla Norvegia, ma poco sulla costa atlantica.</li><li>Origine della cultivar: mutazione di &lsquo;Peter&rsquo;, sélectionné dans notre pépinière.</li></ul><p> </p><h3>Descrizione di Hedera helix &lsquo;Peter Vert&rsquo;</h3><ul><li>Portamento di crescita: tarchiato, diffondente</li><li>Numero di lobi: da 3 a 5 lobi in generale</li><li>Lunghezza delle foglie: 4 cm</li><li>Larghezza del foglio: 3 cm</li><li>Colore delle foglie: verde</li><li>Colore delle vene: verde chiaro</li><li>Base delle foglie: hastée</li><li>Apice della foglia: acuto</li><li>Colore del fusto e del picciolo: verde porpora</li><li>Fusto: ben ramificato</li><li>Internodi: da 1 a 2 cm</li><li>Peli: stellati, da 3 a 5 ramificazioni</li></ul><h3> </h3><h3>Consigli per la piantagione, la coltivazione e la cura di Hedera helix &lsquo;Peter Vert&rsquo;</h3><ul><li>Esposizione: sole, ombra parziale</li><li>Resistenza: -8°C</li><li>Umidità del terreno: terreno fresco</li><li>PH del terreno: neutro o calcareo</li><li>Tipo di terreno: tutti</li><li>Ricchezza del suolo: ordinario o ricco di humus</li><li>Impiego: copri suolo, vasi, cassette per finestre, cesti appesi, topiaria</li><li>Sviluppo: medio</li><li>Potatura: una volta all'anno</li><li>Parassiti: molto rari (ragnetto, cocciniglia)</li><li>Malattie: molto rare (macchie fogliari)</li></ul>								</div>
				</div>
					</div>
				</div>
					</div>
				</div>
		<div class="elementor-element elementor-element-5db21303 e-flex e-con-boxed e-con e-parent" data-id="5db21303" data-element_type="container">
					<div class="e-con-inner">
				<div class="elementor-element elementor-element-43efe559 elementor-widget elementor-widget-image" data-id="43efe559" data-element_type="widget" data-widget_type="image.default">
				<div class="elementor-widget-container">
															<img fetchpriority="high" decoding="async" width="1024" height="146" src="https://www.hedera-etc.com/wp-content/uploads/2023/10/guirlande-1024x146.webp" class="attachment-large size-large wp-image-116" alt="La boutique du lierre - Ghirlanda di edera" srcset="https://www.hedera-etc.com/wp-content/uploads/2023/10/guirlande-1024x146.webp 1024w, https://www.hedera-etc.com/wp-content/uploads/2023/10/guirlande-900x129.webp 900w, https://www.hedera-etc.com/wp-content/uploads/2023/10/guirlande-300x43.webp 300w, https://www.hedera-etc.com/wp-content/uploads/2023/10/guirlande-768x110.webp 768w, https://www.hedera-etc.com/wp-content/uploads/2023/10/guirlande.webp 1126w" sizes="(max-width: 1024px) 100vw, 1024px" />															</div>
				</div>
				<div class="elementor-element elementor-element-159912d8 elementor-widget elementor-widget-text-editor" data-id="159912d8" data-element_type="widget" data-widget_type="text-editor.default">
				<div class="elementor-widget-container">
									<h3 style="text-align: center;"><span style="color: #008000;">L'edera nella letteratura</span></h3><blockquote><p style="text-align: center;"><span style="color: #993366;">“Guardate, guardate lassù sulle colline,</span></p><p style="text-align: center;"><span style="color: #993366;">Mura smantellate, cumuli di rovine,</span></p><p style="text-align: center;"><span style="color: #993366;">Coperto su tutti i lati da edere striscianti”.”</span></p></blockquote><h5 style="text-align: right;">Ferdinand Fabre, foglie di edera</h5>								</div>
				</div>
					</div>
				</div>
				</div>
