{"id":243,"date":"2023-10-26T16:32:23","date_gmt":"2023-10-26T14:32:23","guid":{"rendered":"https:\/\/www.hedera-etc.com\/?post_type=product&#038;p=243"},"modified":"2026-05-01T07:09:53","modified_gmt":"2026-05-01T05:09:53","slug":"hedera-helix-colin","status":"publish","type":"product","link":"https:\/\/www.hedera-etc.com\/it\/product\/hedera-helix-colin\/","title":{"rendered":"<em>Hedera helix<\/em> &lsquo;Colin&rsquo; &#8211; Edera ornamentale"},"content":{"rendered":"<div data-elementor-type=\"product-post\" data-elementor-id=\"243\" class=\"elementor elementor-243\" data-elementor-post-type=\"product\">\n\t\t\t\t<div class=\"elementor-element elementor-element-6ef8471a e-con-full e-flex e-con e-child\" data-id=\"6ef8471a\" data-element_type=\"container\">\n\t\t\t\t<div class=\"elementor-element elementor-element-5887ce30 elementor-widget elementor-widget-text-editor\" data-id=\"5887ce30\" data-element_type=\"widget\" data-widget_type=\"text-editor.default\">\n\t\t\t\t<div class=\"elementor-widget-container\">\n\t\t\t\t\t\t\t\t\t<h2 style=\"font-variant-ligatures: normal; font-variant-caps: normal; font-family: Spectral, sans-serif; font-style: normal;\"><span style=\"font-size: 30px; color: #f0ffed;\">L'edera ornamentale\u00a0 &#8211; Hedera helix &lsquo;Colin&rsquo;<\/span><\/h2>\t\t\t\t\t\t\t\t<\/div>\n\t\t\t\t<\/div>\n\t\t\t\t<\/div>\n\t\t<div class=\"elementor-element elementor-element-38a69a9 e-flex e-con-boxed e-con e-parent\" data-id=\"38a69a9\" data-element_type=\"container\">\n\t\t\t\t\t<div class=\"e-con-inner\">\n\t\t<div class=\"elementor-element elementor-element-2fcd5c48 e-flex e-con-boxed e-con e-child\" data-id=\"2fcd5c48\" data-element_type=\"container\">\n\t\t\t\t\t<div class=\"e-con-inner\">\n\t\t\t\t<div class=\"elementor-element elementor-element-af1845f elementor-widget elementor-widget-heading\" data-id=\"af1845f\" data-element_type=\"widget\" data-widget_type=\"heading.default\">\n\t\t\t\t<div class=\"elementor-widget-container\">\n\t\t\t\t\t<h2 class=\"elementor-heading-title elementor-size-default\">In breve<\/h2>\t\t\t\t<\/div>\n\t\t\t\t<\/div>\n\t\t\t\t<div class=\"elementor-element elementor-element-2c7e7588 elementor-widget elementor-widget-text-editor\" data-id=\"2c7e7588\" data-element_type=\"widget\" data-widget_type=\"text-editor.default\">\n\t\t\t\t<div class=\"elementor-widget-container\">\n\t\t\t\t\t\t\t\t\t<p>Edera ornamentale, <strong><em>Hedera helix<\/em> &lsquo;Colin&rsquo;<\/strong>, \u00e8 un'edera rampicante vigorosa.<\/p><p>Le foglie sono piuttosto piccole, con 5-7 lobi appuntiti. Sono arricciate con bordi arricciati. La lamina fogliare \u00e8 di colore verde medio, spesso ombreggiata da un'abbondanza di peli biancastri che formano un disegno variegato. Le venature diventano rosse con il freddo. Gli steli sono ramificati, con internodi medi.<\/p><p>Questa edera \u00e8 resistente alla siccit\u00e0 e al sole. Pu\u00f2 essere utilizzata in vasi di grandi dimensioni... \u00c8 una variet\u00e0 facile da usare e di grande effetto.<\/p>\t\t\t\t\t\t\t\t<\/div>\n\t\t\t\t<\/div>\n\t\t\t\t<div class=\"elementor-element elementor-element-2c6a55ce elementor-widget elementor-widget-heading\" data-id=\"2c6a55ce\" data-element_type=\"widget\" data-widget_type=\"heading.default\">\n\t\t\t\t<div class=\"elementor-widget-container\">\n\t\t\t\t\t<h2 class=\"elementor-heading-title elementor-size-default\">La storia<\/h2>\t\t\t\t<\/div>\n\t\t\t\t<\/div>\n\t\t\t\t<div class=\"elementor-element elementor-element-1d900beb elementor-widget elementor-widget-text-editor\" data-id=\"1d900beb\" data-element_type=\"widget\" data-widget_type=\"text-editor.default\">\n\t\t\t\t<div class=\"elementor-widget-container\">\n\t\t\t\t\t\t\t\t\t<p>Questa cultivar \u00e8 stata introdotta dai vivai Fibrex nel 2001.<\/p>\t\t\t\t\t\t\t\t<\/div>\n\t\t\t\t<\/div>\n\t\t\t\t<div class=\"elementor-element elementor-element-5dccbe48 elementor-widget elementor-widget-heading\" data-id=\"5dccbe48\" data-element_type=\"widget\" data-widget_type=\"heading.default\">\n\t\t\t\t<div class=\"elementor-widget-container\">\n\t\t\t\t\t<h2 class=\"elementor-heading-title elementor-size-default\">Scheda dettagliata - Hedera helix 'Colin'<\/h2>\t\t\t\t<\/div>\n\t\t\t\t<\/div>\n\t\t\t\t<div class=\"elementor-element elementor-element-1a89e4a2 elementor-widget elementor-widget-text-editor\" data-id=\"1a89e4a2\" data-element_type=\"widget\" data-widget_type=\"text-editor.default\">\n\t\t\t\t<div class=\"elementor-widget-container\">\n\t\t\t\t\t\t\t\t\t<h3>Informazioni botaniche<\/h3>\n<ul>\n<li>Famiglia: Araliaceae<\/li>\n<li>Genere : <em><strong>Hedera<\/strong><\/em><\/li>\n<li>Specie : <em>helix<\/em><\/li>\n<li>Coltivare : &lsquo;Colin&rsquo;<\/li>\n<li>Classificazione di Pierot: edera con foglie ondulate-crociate<\/li>\n<li>Stadio fogliare: giovanile<\/li>\n<li>Origine della specie: Europa, dalla Spagna alla Norvegia, ma poco sulla costa atlantica.<\/li>\n<li>Origine della cultivar: introdotta dai vivai Fibrex nel 2001.<\/li>\n<\/ul>\n<h3>&nbsp;<\/h3>\n<h3>Descrizione di Hedera helix &lsquo;Colin&rsquo;<\/h3>\n<ul>\n<li>Portamento di crescita: copertura del terreno<\/li>\n<li>Numero di lobi: di solito 3 lobi<\/li>\n<li>Lunghezza delle foglie: 4 cm<\/li>\n<li>Larghezza del foglio: 4 cm<\/li>\n<li>Colore delle foglie: verde medio<\/li>\n<li>Colore delle vene: verde chiaro<\/li>\n<li>Colore del fusto e del picciolo: verde rosato<\/li>\n<li>Rami: pochi rami<\/li>\n<li>Peli: stellati, da 3 a 5 ramificazioni<\/li>\n<\/ul>\n<h3>&nbsp;<\/h3>\n<h3>Consigli per la piantagione, la coltivazione e la cura di Hedera helix &lsquo;Colin&rsquo;<\/h3>\n<ul>\n<li>Esposizione: sole, ombra parziale<\/li>\n<li>Resistenza: -15\u00b0C<\/li>\n<li>Umidit\u00e0 del terreno: terreno fresco<\/li>\n<li>PH del terreno: neutro o calcareo<\/li>\n<li>Tipo di terreno: tutti<\/li>\n<li>Ricchezza del suolo: ordinario o ricco di humus<\/li>\n<li>Uso: rampicante, vaso, cassetta per finestre, cesti appesi<\/li>\n<li>Sviluppo: medio<\/li>\n<li>Potatura: una volta all'anno<\/li>\n<li>Parassiti: molto rari (ragnetto, cocciniglia)<\/li>\n<li>Malattie: molto rare (macchie fogliari)<\/li>\n<\/ul>\t\t\t\t\t\t\t\t<\/div>\n\t\t\t\t<\/div>\n\t\t\t\t\t<\/div>\n\t\t\t\t<\/div>\n\t\t\t\t\t<\/div>\n\t\t\t\t<\/div>\n\t\t<div class=\"elementor-element elementor-element-26684b2b e-flex e-con-boxed e-con e-parent\" data-id=\"26684b2b\" data-element_type=\"container\">\n\t\t\t\t\t<div class=\"e-con-inner\">\n\t\t\t\t<div class=\"elementor-element elementor-element-2154f0e2 elementor-widget elementor-widget-image\" data-id=\"2154f0e2\" data-element_type=\"widget\" data-widget_type=\"image.default\">\n\t\t\t\t<div class=\"elementor-widget-container\">\n\t\t\t\t\t\t\t\t\t\t\t\t\t\t\t<img fetchpriority=\"high\" decoding=\"async\" width=\"1024\" height=\"146\" src=\"https:\/\/www.hedera-etc.com\/wp-content\/uploads\/2023\/10\/guirlande-1024x146.webp\" class=\"attachment-large size-large wp-image-116\" alt=\"La boutique du lierre - Ghirlanda di edera\" srcset=\"https:\/\/www.hedera-etc.com\/wp-content\/uploads\/2023\/10\/guirlande-1024x146.webp 1024w, https:\/\/www.hedera-etc.com\/wp-content\/uploads\/2023\/10\/guirlande-900x129.webp 900w, https:\/\/www.hedera-etc.com\/wp-content\/uploads\/2023\/10\/guirlande-300x43.webp 300w, https:\/\/www.hedera-etc.com\/wp-content\/uploads\/2023\/10\/guirlande-768x110.webp 768w, https:\/\/www.hedera-etc.com\/wp-content\/uploads\/2023\/10\/guirlande.webp 1126w\" sizes=\"(max-width: 1024px) 100vw, 1024px\" \/>\t\t\t\t\t\t\t\t\t\t\t\t\t\t\t<\/div>\n\t\t\t\t<\/div>\n\t\t\t\t<div class=\"elementor-element elementor-element-74c4e090 elementor-widget elementor-widget-text-editor\" data-id=\"74c4e090\" data-element_type=\"widget\" data-widget_type=\"text-editor.default\">\n\t\t\t\t<div class=\"elementor-widget-container\">\n\t\t\t\t\t\t\t\t\t<h3 style=\"text-align: center;\"><span style=\"color: #008000;\">L'edera nella letteratura<\/span><\/h3><blockquote><p style=\"text-align: center;\"><span style=\"color: #993366;\">\u201cIl vecchio portone ricoperto di edera sembrava nascondere segreti dimenticati da tempo.<\/span><span style=\"color: #993366;\">\u201d<\/span><\/p><\/blockquote><h5 style=\"text-align: right;\"><strong>Charles Dickens<\/strong>, <em>La piccola Dorrit<\/em><\/h5>\t\t\t\t\t\t\t\t<\/div>\n\t\t\t\t<\/div>\n\t\t\t\t\t<\/div>\n\t\t\t\t<\/div>\n\t\t\t\t<\/div>","protected":false},"excerpt":{"rendered":"<p>Edera rampicante vigorosa.<\/p>\n<p>Foglie piuttosto piccole, con 5-7 lobi appuntiti, arricciati con margini arricciati. Lama di colore verde medio, spesso ombreggiata da un'abbondanza di peli biancastri che formano un disegno variegato. Le venature diventano rosse con il freddo. Fusti ramosi, con internodi medi.<\/p>\n<p>Edera resistente alla siccit\u00e0 e al sole. Pu\u00f2 essere utilizzata in vasi di grandi dimensioni... Una variet\u00e0 facile da usare e di grande effetto.<\/p>","protected":false},"featured_media":244,"comment_status":"open","ping_status":"closed","template":"","meta":{"_acf_changed":false,"ocean_post_layout":"","ocean_both_sidebars_style":"","ocean_both_sidebars_content_width":0,"ocean_both_sidebars_sidebars_width":0,"ocean_sidebar":"0","ocean_second_sidebar":"0","ocean_disable_margins":"enable","ocean_add_body_class":"","ocean_shortcode_before_top_bar":"","ocean_shortcode_after_top_bar":"","ocean_shortcode_before_header":"","ocean_shortcode_after_header":"","ocean_has_shortcode":"","ocean_shortcode_after_title":"","ocean_shortcode_before_footer_widgets":"","ocean_shortcode_after_footer_widgets":"","ocean_shortcode_before_footer_bottom":"","ocean_shortcode_after_footer_bottom":"","ocean_display_top_bar":"default","ocean_display_header":"default","ocean_header_style":"","ocean_center_header_left_menu":"0","ocean_custom_header_template":"0","ocean_custom_logo":0,"ocean_custom_retina_logo":0,"ocean_custom_logo_max_width":0,"ocean_custom_logo_tablet_max_width":0,"ocean_custom_logo_mobile_max_width":0,"ocean_custom_logo_max_height":0,"ocean_custom_logo_tablet_max_height":0,"ocean_custom_logo_mobile_max_height":0,"ocean_header_custom_menu":"0","ocean_menu_typo_font_family":"0","ocean_menu_typo_font_subset":"","ocean_menu_typo_font_size":0,"ocean_menu_typo_font_size_tablet":0,"ocean_menu_typo_font_size_mobile":0,"ocean_menu_typo_font_size_unit":"px","ocean_menu_typo_font_weight":"","ocean_menu_typo_font_weight_tablet":"","ocean_menu_typo_font_weight_mobile":"","ocean_menu_typo_transform":"","ocean_menu_typo_transform_tablet":"","ocean_menu_typo_transform_mobile":"","ocean_menu_typo_line_height":0,"ocean_menu_typo_line_height_tablet":0,"ocean_menu_typo_line_height_mobile":0,"ocean_menu_typo_line_height_unit":"","ocean_menu_typo_spacing":0,"ocean_menu_typo_spacing_tablet":0,"ocean_menu_typo_spacing_mobile":0,"ocean_menu_typo_spacing_unit":"","ocean_menu_link_color":"","ocean_menu_link_color_hover":"","ocean_menu_link_color_active":"","ocean_menu_link_background":"","ocean_menu_link_hover_background":"","ocean_menu_link_active_background":"","ocean_menu_social_links_bg":"","ocean_menu_social_hover_links_bg":"","ocean_menu_social_links_color":"","ocean_menu_social_hover_links_color":"","ocean_disable_title":"default","ocean_disable_heading":"default","ocean_post_title":"","ocean_post_subheading":"","ocean_post_title_style":"","ocean_post_title_background_color":"","ocean_post_title_background":0,"ocean_post_title_bg_image_position":"","ocean_post_title_bg_image_attachment":"","ocean_post_title_bg_image_repeat":"","ocean_post_title_bg_image_size":"","ocean_post_title_height":0,"ocean_post_title_bg_overlay":0.5,"ocean_post_title_bg_overlay_color":"","ocean_disable_breadcrumbs":"default","ocean_breadcrumbs_color":"","ocean_breadcrumbs_separator_color":"","ocean_breadcrumbs_links_color":"","ocean_breadcrumbs_links_hover_color":"","ocean_display_footer_widgets":"default","ocean_display_footer_bottom":"default","ocean_custom_footer_template":"0"},"product_brand":[],"product_cat":[134],"product_tag":[],"class_list":{"0":"post-243","1":"product","2":"type-product","3":"status-publish","4":"has-post-thumbnail","6":"product_cat-lierre","8":"entry","9":"has-media","11":"first","12":"instock","13":"purchasable","14":"product-type-variable","15":"has-default-attributes","16":"has-product-nav","17":"col","18":"span_1_of_4","19":"owp-content-center","20":"item-entry","21":"owp-thumbs-layout-horizontal","22":"owp-btn-normal","23":"owp-tabs-layout-section"},"acf":[],"jetpack_sharing_enabled":true,"_links":{"self":[{"href":"https:\/\/www.hedera-etc.com\/it\/wp-json\/wp\/v2\/product\/243","targetHints":{"allow":["GET"]}}],"collection":[{"href":"https:\/\/www.hedera-etc.com\/it\/wp-json\/wp\/v2\/product"}],"about":[{"href":"https:\/\/www.hedera-etc.com\/it\/wp-json\/wp\/v2\/types\/product"}],"replies":[{"embeddable":true,"href":"https:\/\/www.hedera-etc.com\/it\/wp-json\/wp\/v2\/comments?post=243"}],"version-history":[{"count":4,"href":"https:\/\/www.hedera-etc.com\/it\/wp-json\/wp\/v2\/product\/243\/revisions"}],"predecessor-version":[{"id":18478,"href":"https:\/\/www.hedera-etc.com\/it\/wp-json\/wp\/v2\/product\/243\/revisions\/18478"}],"wp:featuredmedia":[{"embeddable":true,"href":"https:\/\/www.hedera-etc.com\/it\/wp-json\/wp\/v2\/media\/244"}],"wp:attachment":[{"href":"https:\/\/www.hedera-etc.com\/it\/wp-json\/wp\/v2\/media?parent=243"}],"wp:term":[{"taxonomy":"product_brand","embeddable":true,"href":"https:\/\/www.hedera-etc.com\/it\/wp-json\/wp\/v2\/product_brand?post=243"},{"taxonomy":"product_cat","embeddable":true,"href":"https:\/\/www.hedera-etc.com\/it\/wp-json\/wp\/v2\/product_cat?post=243"},{"taxonomy":"product_tag","embeddable":true,"href":"https:\/\/www.hedera-etc.com\/it\/wp-json\/wp\/v2\/product_tag?post=243"}],"curies":[{"name":"wp","href":"https:\/\/api.w.org\/{rel}","templated":true}]}}

<div data-elementor-type="product-post" data-elementor-id="243" class="elementor elementor-243" data-elementor-post-type="product">
				<div class="elementor-element elementor-element-6ef8471a e-con-full e-flex e-con e-child" data-id="6ef8471a" data-element_type="container">
				<div class="elementor-element elementor-element-5887ce30 elementor-widget elementor-widget-text-editor" data-id="5887ce30" data-element_type="widget" data-widget_type="text-editor.default">
				<div class="elementor-widget-container">
									<h2 style="font-variant-ligatures: normal; font-variant-caps: normal; font-family: Spectral, sans-serif; font-style: normal;"><span style="font-size: 30px; color: #f0ffed;">L'edera ornamentale  &#8211; Hedera helix &lsquo;Colin&rsquo;</span></h2>								</div>
				</div>
				</div>
		<div class="elementor-element elementor-element-38a69a9 e-flex e-con-boxed e-con e-parent" data-id="38a69a9" data-element_type="container">
					<div class="e-con-inner">
		<div class="elementor-element elementor-element-2fcd5c48 e-flex e-con-boxed e-con e-child" data-id="2fcd5c48" data-element_type="container">
					<div class="e-con-inner">
				<div class="elementor-element elementor-element-af1845f elementor-widget elementor-widget-heading" data-id="af1845f" data-element_type="widget" data-widget_type="heading.default">
				<div class="elementor-widget-container">
					<h2 class="elementor-heading-title elementor-size-default">In breve</h2>				</div>
				</div>
				<div class="elementor-element elementor-element-2c7e7588 elementor-widget elementor-widget-text-editor" data-id="2c7e7588" data-element_type="widget" data-widget_type="text-editor.default">
				<div class="elementor-widget-container">
									<p>Edera ornamentale, <strong><em>Hedera helix</em> &lsquo;Colin&rsquo;</strong>, è un'edera rampicante vigorosa.</p><p>Le foglie sono piuttosto piccole, con 5-7 lobi appuntiti. Sono arricciate con bordi arricciati. La lamina fogliare è di colore verde medio, spesso ombreggiata da un'abbondanza di peli biancastri che formano un disegno variegato. Le venature diventano rosse con il freddo. Gli steli sono ramificati, con internodi medi.</p><p>Questa edera è resistente alla siccità e al sole. Può essere utilizzata in vasi di grandi dimensioni... È una varietà facile da usare e di grande effetto.</p>								</div>
				</div>
				<div class="elementor-element elementor-element-2c6a55ce elementor-widget elementor-widget-heading" data-id="2c6a55ce" data-element_type="widget" data-widget_type="heading.default">
				<div class="elementor-widget-container">
					<h2 class="elementor-heading-title elementor-size-default">La storia</h2>				</div>
				</div>
				<div class="elementor-element elementor-element-1d900beb elementor-widget elementor-widget-text-editor" data-id="1d900beb" data-element_type="widget" data-widget_type="text-editor.default">
				<div class="elementor-widget-container">
									<p>Questa cultivar è stata introdotta dai vivai Fibrex nel 2001.</p>								</div>
				</div>
				<div class="elementor-element elementor-element-5dccbe48 elementor-widget elementor-widget-heading" data-id="5dccbe48" data-element_type="widget" data-widget_type="heading.default">
				<div class="elementor-widget-container">
					<h2 class="elementor-heading-title elementor-size-default">Scheda dettagliata - Hedera helix 'Colin'</h2>				</div>
				</div>
				<div class="elementor-element elementor-element-1a89e4a2 elementor-widget elementor-widget-text-editor" data-id="1a89e4a2" data-element_type="widget" data-widget_type="text-editor.default">
				<div class="elementor-widget-container">
									<h3>Informazioni botaniche</h3>
<ul>
<li>Famiglia: Araliaceae</li>
<li>Genere : <em><strong>Hedera</strong></em></li>
<li>Specie : <em>helix</em></li>
<li>Coltivare : &lsquo;Colin&rsquo;</li>
<li>Classificazione di Pierot: edera con foglie ondulate-crociate</li>
<li>Stadio fogliare: giovanile</li>
<li>Origine della specie: Europa, dalla Spagna alla Norvegia, ma poco sulla costa atlantica.</li>
<li>Origine della cultivar: introdotta dai vivai Fibrex nel 2001.</li>
</ul>
<h3>&nbsp;</h3>
<h3>Descrizione di Hedera helix &lsquo;Colin&rsquo;</h3>
<ul>
<li>Portamento di crescita: copertura del terreno</li>
<li>Numero di lobi: di solito 3 lobi</li>
<li>Lunghezza delle foglie: 4 cm</li>
<li>Larghezza del foglio: 4 cm</li>
<li>Colore delle foglie: verde medio</li>
<li>Colore delle vene: verde chiaro</li>
<li>Colore del fusto e del picciolo: verde rosato</li>
<li>Rami: pochi rami</li>
<li>Peli: stellati, da 3 a 5 ramificazioni</li>
</ul>
<h3>&nbsp;</h3>
<h3>Consigli per la piantagione, la coltivazione e la cura di Hedera helix &lsquo;Colin&rsquo;</h3>
<ul>
<li>Esposizione: sole, ombra parziale</li>
<li>Resistenza: -15°C</li>
<li>Umidità del terreno: terreno fresco</li>
<li>PH del terreno: neutro o calcareo</li>
<li>Tipo di terreno: tutti</li>
<li>Ricchezza del suolo: ordinario o ricco di humus</li>
<li>Uso: rampicante, vaso, cassetta per finestre, cesti appesi</li>
<li>Sviluppo: medio</li>
<li>Potatura: una volta all'anno</li>
<li>Parassiti: molto rari (ragnetto, cocciniglia)</li>
<li>Malattie: molto rare (macchie fogliari)</li>
</ul>								</div>
				</div>
					</div>
				</div>
					</div>
				</div>
		<div class="elementor-element elementor-element-26684b2b e-flex e-con-boxed e-con e-parent" data-id="26684b2b" data-element_type="container">
					<div class="e-con-inner">
				<div class="elementor-element elementor-element-2154f0e2 elementor-widget elementor-widget-image" data-id="2154f0e2" data-element_type="widget" data-widget_type="image.default">
				<div class="elementor-widget-container">
															<img fetchpriority="high" decoding="async" width="1024" height="146" src="https://www.hedera-etc.com/wp-content/uploads/2023/10/guirlande-1024x146.webp" class="attachment-large size-large wp-image-116" alt="La boutique du lierre - Ghirlanda di edera" srcset="https://www.hedera-etc.com/wp-content/uploads/2023/10/guirlande-1024x146.webp 1024w, https://www.hedera-etc.com/wp-content/uploads/2023/10/guirlande-900x129.webp 900w, https://www.hedera-etc.com/wp-content/uploads/2023/10/guirlande-300x43.webp 300w, https://www.hedera-etc.com/wp-content/uploads/2023/10/guirlande-768x110.webp 768w, https://www.hedera-etc.com/wp-content/uploads/2023/10/guirlande.webp 1126w" sizes="(max-width: 1024px) 100vw, 1024px" />															</div>
				</div>
				<div class="elementor-element elementor-element-74c4e090 elementor-widget elementor-widget-text-editor" data-id="74c4e090" data-element_type="widget" data-widget_type="text-editor.default">
				<div class="elementor-widget-container">
									<h3 style="text-align: center;"><span style="color: #008000;">L'edera nella letteratura</span></h3><blockquote><p style="text-align: center;"><span style="color: #993366;">“Il vecchio portone ricoperto di edera sembrava nascondere segreti dimenticati da tempo.</span><span style="color: #993366;">”</span></p></blockquote><h5 style="text-align: right;"><strong>Charles Dickens</strong>, <em>La piccola Dorrit</em></h5>								</div>
				</div>
					</div>
				</div>
				</div>

<p>Edera rampicante vigorosa.</p>
<p>Foglie piuttosto piccole, con 5-7 lobi appuntiti, arricciati con margini arricciati. Lama di colore verde medio, spesso ombreggiata da un'abbondanza di peli biancastri che formano un disegno variegato. Le venature diventano rosse con il freddo. Fusti ramosi, con internodi medi.</p>
<p>Edera resistente alla siccità e al sole. Può essere utilizzata in vasi di grandi dimensioni... Una varietà facile da usare e di grande effetto.</p>
