{"id":616,"date":"2023-10-29T07:55:30","date_gmt":"2023-10-29T06:55:30","guid":{"rendered":"https:\/\/www.hedera-etc.com\/?post_type=product&#038;p=616"},"modified":"2026-04-29T07:09:35","modified_gmt":"2026-04-29T05:09:35","slug":"hedera-helix-elfenbein","status":"publish","type":"product","link":"https:\/\/www.hedera-etc.com\/it\/product\/hedera-helix-elfenbein\/","title":{"rendered":"<em>Hedera helix<\/em> &lsquo;Elfenbein&rsquo; &#8211; Edera ornamentale"},"content":{"rendered":"<div data-elementor-type=\"product-post\" data-elementor-id=\"616\" class=\"elementor elementor-616\" data-elementor-post-type=\"product\">\n\t\t\t\t<div class=\"elementor-element elementor-element-29e36bc6 e-con-full e-flex e-con e-child\" data-id=\"29e36bc6\" data-element_type=\"container\">\n\t\t\t\t<div class=\"elementor-element elementor-element-1b3f4f56 elementor-widget elementor-widget-text-editor\" data-id=\"1b3f4f56\" data-element_type=\"widget\" data-widget_type=\"text-editor.default\">\n\t\t\t\t<div class=\"elementor-widget-container\">\n\t\t\t\t\t\t\t\t\t<h2><span style=\"color: #f0ffed;\">L'edera ornamentale\u00a0 &#8211; Hedera helix &lsquo;Elfenbein&rsquo;<\/span><\/h2>\t\t\t\t\t\t\t\t<\/div>\n\t\t\t\t<\/div>\n\t\t\t\t<\/div>\n\t\t<div class=\"elementor-element elementor-element-74861c43 e-flex e-con-boxed e-con e-parent\" data-id=\"74861c43\" data-element_type=\"container\">\n\t\t\t\t\t<div class=\"e-con-inner\">\n\t\t<div class=\"elementor-element elementor-element-13c46ac6 e-flex e-con-boxed e-con e-child\" data-id=\"13c46ac6\" data-element_type=\"container\">\n\t\t\t\t\t<div class=\"e-con-inner\">\n\t\t\t\t<div class=\"elementor-element elementor-element-b617b30 elementor-widget elementor-widget-heading\" data-id=\"b617b30\" data-element_type=\"widget\" data-widget_type=\"heading.default\">\n\t\t\t\t<div class=\"elementor-widget-container\">\n\t\t\t\t\t<h2 class=\"elementor-heading-title elementor-size-default\">In breve<\/h2>\t\t\t\t<\/div>\n\t\t\t\t<\/div>\n\t\t\t\t<div class=\"elementor-element elementor-element-3421f5a7 elementor-widget elementor-widget-text-editor\" data-id=\"3421f5a7\" data-element_type=\"widget\" data-widget_type=\"text-editor.default\">\n\t\t\t\t<div class=\"elementor-widget-container\">\n\t\t\t\t\t\t\t\t\t<p>Edera ornamentale, <strong><em>Hedera helix<\/em> &lsquo;Elfenbein&rsquo;<\/strong>, Ha foglie attraenti con margini arricciati.<\/p><p>Sono a volte arrotondate, a volte con 3 o 5 lobi. La lamina fogliare \u00e8 di colore grigio-verde chiaro screziato di grigio. I bordi delle foglie sono crespi e variegati di bianco avorio.<\/p><p>Questa edera forma una buona copertura del terreno con una crescita media e un buon spessore.<\/p>\t\t\t\t\t\t\t\t<\/div>\n\t\t\t\t<\/div>\n\t\t\t\t<div class=\"elementor-element elementor-element-1851fee6 elementor-widget elementor-widget-heading\" data-id=\"1851fee6\" data-element_type=\"widget\" data-widget_type=\"heading.default\">\n\t\t\t\t<div class=\"elementor-widget-container\">\n\t\t\t\t\t<h2 class=\"elementor-heading-title elementor-size-default\">La storia<\/h2>\t\t\t\t<\/div>\n\t\t\t\t<\/div>\n\t\t\t\t<div class=\"elementor-element elementor-element-51636e18 elementor-widget elementor-widget-text-editor\" data-id=\"51636e18\" data-element_type=\"widget\" data-widget_type=\"text-editor.default\">\n\t\t\t\t<div class=\"elementor-widget-container\">\n\t\t\t\t\t\t\t\t\t<p>Questa cultivar \u00e8 stata scoperta nel 1977 da Gebr. Stauss, M\u00f6glingen, Germania. Si tratta probabilmente di una mutazione della variet\u00e0 \u2018Crispa\u2019.<\/p>\t\t\t\t\t\t\t\t<\/div>\n\t\t\t\t<\/div>\n\t\t\t\t<div class=\"elementor-element elementor-element-4761958e elementor-widget elementor-widget-heading\" data-id=\"4761958e\" data-element_type=\"widget\" data-widget_type=\"heading.default\">\n\t\t\t\t<div class=\"elementor-widget-container\">\n\t\t\t\t\t<h2 class=\"elementor-heading-title elementor-size-default\">Scheda tecnica - Hedera helix 'Elfenbein'<\/h2>\t\t\t\t<\/div>\n\t\t\t\t<\/div>\n\t\t\t\t<div class=\"elementor-element elementor-element-1fc06220 elementor-widget elementor-widget-text-editor\" data-id=\"1fc06220\" data-element_type=\"widget\" data-widget_type=\"text-editor.default\">\n\t\t\t\t<div class=\"elementor-widget-container\">\n\t\t\t\t\t\t\t\t\t<h3>Informazioni botaniche<\/h3>\n<ul>\n<li>Famiglia: Araliaceae<\/li>\n<li>Genere : <em><strong>Hedera<\/strong><\/em><\/li>\n<li>Specie : <em>helix<\/em><\/li>\n<li>Coltivare : &lsquo;Elfenbein&rsquo;<\/li>\n<li>Classificazione Pierot: edera variegata, edera con foglie ondulate, edera curiosa.<\/li>\n<li>Stadio fogliare: giovanile<\/li>\n<li>Origine della specie: Europa, dalla Spagna alla Norvegia, ma poco sulla costa atlantica.<\/li>\n<li>Origine della cultivar: probabilmente una mutazione della \u2018Crispa\u2019, scoperta dai fratelli Stauss,&nbsp;<span style=\"font-family: Roboto, sans-serif; font-size: 18px; font-style: normal; font-variant-ligatures: normal; font-variant-caps: normal; font-weight: 400; background-color: #f8f8f7;\">M\u00f6glingen, Germania, nel 1977<\/span><\/li>\n<\/ul>\n<h3>&nbsp;<\/h3>\n<h3>Descrizione di Hedera helix &lsquo;Elfenbein&rsquo;<\/h3>\n<ul>\n<li>Portamento di crescita: si allarga<\/li>\n<li>Numero di lobi: da 0 a 3 lobi in generale<\/li>\n<li>Lunghezza delle foglie: 6 cm<\/li>\n<li>Larghezza del foglio: 5 cm<\/li>\n<li>Colore delle foglie: grigio-verde con macchie grigie e margini bianco-avorio.<\/li>\n<li>Colore delle vene: verde<\/li>\n<li>Colore del fusto e del picciolo: viola verdastro<\/li>\n<li>Rami: pochi rami<\/li>\n<li>Spessore del materasso: abbastanza spesso<\/li>\n<li>Peli: stellati, da 3 a 5 ramificazioni<\/li>\n<\/ul>\n<h3>&nbsp;<\/h3>\n<h3>Consigli per la piantagione, la coltivazione e la cura di Hedera helix &lsquo;Elfenbein&rsquo;<\/h3>\n<ul>\n<li>Esposizione: sole, ombra parziale<\/li>\n<li>Resistenza: -8\u00b0C<\/li>\n<li>Umidit\u00e0 del terreno: terreno fresco<\/li>\n<li>PH del terreno: neutro o calcareo<\/li>\n<li>Tipo di terreno: tutti<\/li>\n<li>Ricchezza del suolo: ordinario o ricco di humus<\/li>\n<li>Impiego: coprisuolo, rampicante, vaso, cassetta per finestre, cesti appesi<\/li>\n<li>Sviluppo: medio, lento<\/li>\n<li>Potatura: una volta all'anno<\/li>\n<li>Parassiti: molto rari (ragnetto, cocciniglia)<\/li>\n<li>Malattie: molto rare (macchie fogliari)<\/li>\n<\/ul>\t\t\t\t\t\t\t\t<\/div>\n\t\t\t\t<\/div>\n\t\t\t\t\t<\/div>\n\t\t\t\t<\/div>\n\t\t\t\t\t<\/div>\n\t\t\t\t<\/div>\n\t\t<div class=\"elementor-element elementor-element-5747e46d e-flex e-con-boxed e-con e-parent\" data-id=\"5747e46d\" data-element_type=\"container\">\n\t\t\t\t\t<div class=\"e-con-inner\">\n\t\t\t\t<div class=\"elementor-element elementor-element-1fe515e8 elementor-widget elementor-widget-image\" data-id=\"1fe515e8\" data-element_type=\"widget\" data-widget_type=\"image.default\">\n\t\t\t\t<div class=\"elementor-widget-container\">\n\t\t\t\t\t\t\t\t\t\t\t\t\t\t\t<img fetchpriority=\"high\" decoding=\"async\" width=\"1024\" height=\"146\" src=\"https:\/\/www.hedera-etc.com\/wp-content\/uploads\/2023\/10\/guirlande-1024x146.webp\" class=\"attachment-large size-large wp-image-116\" alt=\"La boutique du lierre - Ghirlanda di edera\" srcset=\"https:\/\/www.hedera-etc.com\/wp-content\/uploads\/2023\/10\/guirlande-1024x146.webp 1024w, https:\/\/www.hedera-etc.com\/wp-content\/uploads\/2023\/10\/guirlande-900x129.webp 900w, https:\/\/www.hedera-etc.com\/wp-content\/uploads\/2023\/10\/guirlande-300x43.webp 300w, https:\/\/www.hedera-etc.com\/wp-content\/uploads\/2023\/10\/guirlande-768x110.webp 768w, https:\/\/www.hedera-etc.com\/wp-content\/uploads\/2023\/10\/guirlande.webp 1126w\" sizes=\"(max-width: 1024px) 100vw, 1024px\" \/>\t\t\t\t\t\t\t\t\t\t\t\t\t\t\t<\/div>\n\t\t\t\t<\/div>\n\t\t\t\t<div class=\"elementor-element elementor-element-771a7ab7 elementor-widget elementor-widget-text-editor\" data-id=\"771a7ab7\" data-element_type=\"widget\" data-widget_type=\"text-editor.default\">\n\t\t\t\t<div class=\"elementor-widget-container\">\n\t\t\t\t\t\t\t\t\t<h3 style=\"text-align: center;\"><span style=\"color: #008000;\">L'edera nella letteratura<\/span><\/h3><blockquote><p style=\"text-align: center;\"><span style=\"color: #993366;\">\u201cL'edera, con la sua implacabile costanza, avvolgeva le pietre come un abbraccio eterno.<\/span><span style=\"color: #993366;\">\u201d<\/span><\/p><\/blockquote><h5 style=\"text-align: right;\"><strong>Rainer Maria Rilke<\/strong>, <em>I quaderni di Malta Laurids Brigge<\/em><\/h5>\t\t\t\t\t\t\t\t<\/div>\n\t\t\t\t<\/div>\n\t\t\t\t\t<\/div>\n\t\t\t\t<\/div>\n\t\t\t\t<\/div>","protected":false},"excerpt":{"rendered":"<p>Belle foglie con margini arricciati.<\/p>\n<p>Foglie talvolta arrotondate, talvolta con 3-5 lobi. Lama verde-grigio chiaro screziata di grigio. Margini delle foglie crespati e variegati di bianco avorio.<\/p>\n<p>Buona copertura del terreno con crescita media e buon spessore.<\/p>","protected":false},"featured_media":11814,"comment_status":"open","ping_status":"closed","template":"","meta":{"_acf_changed":false,"ocean_post_layout":"","ocean_both_sidebars_style":"","ocean_both_sidebars_content_width":0,"ocean_both_sidebars_sidebars_width":0,"ocean_sidebar":"0","ocean_second_sidebar":"0","ocean_disable_margins":"enable","ocean_add_body_class":"","ocean_shortcode_before_top_bar":"","ocean_shortcode_after_top_bar":"","ocean_shortcode_before_header":"","ocean_shortcode_after_header":"","ocean_has_shortcode":"","ocean_shortcode_after_title":"","ocean_shortcode_before_footer_widgets":"","ocean_shortcode_after_footer_widgets":"","ocean_shortcode_before_footer_bottom":"","ocean_shortcode_after_footer_bottom":"","ocean_display_top_bar":"default","ocean_display_header":"default","ocean_header_style":"","ocean_center_header_left_menu":"0","ocean_custom_header_template":"0","ocean_custom_logo":0,"ocean_custom_retina_logo":0,"ocean_custom_logo_max_width":0,"ocean_custom_logo_tablet_max_width":0,"ocean_custom_logo_mobile_max_width":0,"ocean_custom_logo_max_height":0,"ocean_custom_logo_tablet_max_height":0,"ocean_custom_logo_mobile_max_height":0,"ocean_header_custom_menu":"0","ocean_menu_typo_font_family":"0","ocean_menu_typo_font_subset":"","ocean_menu_typo_font_size":0,"ocean_menu_typo_font_size_tablet":0,"ocean_menu_typo_font_size_mobile":0,"ocean_menu_typo_font_size_unit":"px","ocean_menu_typo_font_weight":"","ocean_menu_typo_font_weight_tablet":"","ocean_menu_typo_font_weight_mobile":"","ocean_menu_typo_transform":"","ocean_menu_typo_transform_tablet":"","ocean_menu_typo_transform_mobile":"","ocean_menu_typo_line_height":0,"ocean_menu_typo_line_height_tablet":0,"ocean_menu_typo_line_height_mobile":0,"ocean_menu_typo_line_height_unit":"","ocean_menu_typo_spacing":0,"ocean_menu_typo_spacing_tablet":0,"ocean_menu_typo_spacing_mobile":0,"ocean_menu_typo_spacing_unit":"","ocean_menu_link_color":"","ocean_menu_link_color_hover":"","ocean_menu_link_color_active":"","ocean_menu_link_background":"","ocean_menu_link_hover_background":"","ocean_menu_link_active_background":"","ocean_menu_social_links_bg":"","ocean_menu_social_hover_links_bg":"","ocean_menu_social_links_color":"","ocean_menu_social_hover_links_color":"","ocean_disable_title":"default","ocean_disable_heading":"default","ocean_post_title":"","ocean_post_subheading":"","ocean_post_title_style":"","ocean_post_title_background_color":"","ocean_post_title_background":0,"ocean_post_title_bg_image_position":"","ocean_post_title_bg_image_attachment":"","ocean_post_title_bg_image_repeat":"","ocean_post_title_bg_image_size":"","ocean_post_title_height":0,"ocean_post_title_bg_overlay":0.5,"ocean_post_title_bg_overlay_color":"","ocean_disable_breadcrumbs":"default","ocean_breadcrumbs_color":"","ocean_breadcrumbs_separator_color":"","ocean_breadcrumbs_links_color":"","ocean_breadcrumbs_links_hover_color":"","ocean_display_footer_widgets":"default","ocean_display_footer_bottom":"default","ocean_custom_footer_template":"0"},"product_brand":[],"product_cat":[134],"product_tag":[],"class_list":{"0":"post-616","1":"product","2":"type-product","3":"status-publish","4":"has-post-thumbnail","6":"product_cat-lierre","8":"entry","9":"has-media","11":"first","12":"instock","13":"purchasable","14":"product-type-variable","15":"has-default-attributes","16":"has-product-nav","17":"col","18":"span_1_of_4","19":"owp-content-center","20":"item-entry","21":"owp-thumbs-layout-horizontal","22":"owp-btn-normal","23":"owp-tabs-layout-section"},"acf":[],"jetpack_sharing_enabled":true,"_links":{"self":[{"href":"https:\/\/www.hedera-etc.com\/it\/wp-json\/wp\/v2\/product\/616","targetHints":{"allow":["GET"]}}],"collection":[{"href":"https:\/\/www.hedera-etc.com\/it\/wp-json\/wp\/v2\/product"}],"about":[{"href":"https:\/\/www.hedera-etc.com\/it\/wp-json\/wp\/v2\/types\/product"}],"replies":[{"embeddable":true,"href":"https:\/\/www.hedera-etc.com\/it\/wp-json\/wp\/v2\/comments?post=616"}],"version-history":[{"count":4,"href":"https:\/\/www.hedera-etc.com\/it\/wp-json\/wp\/v2\/product\/616\/revisions"}],"predecessor-version":[{"id":18355,"href":"https:\/\/www.hedera-etc.com\/it\/wp-json\/wp\/v2\/product\/616\/revisions\/18355"}],"wp:featuredmedia":[{"embeddable":true,"href":"https:\/\/www.hedera-etc.com\/it\/wp-json\/wp\/v2\/media\/11814"}],"wp:attachment":[{"href":"https:\/\/www.hedera-etc.com\/it\/wp-json\/wp\/v2\/media?parent=616"}],"wp:term":[{"taxonomy":"product_brand","embeddable":true,"href":"https:\/\/www.hedera-etc.com\/it\/wp-json\/wp\/v2\/product_brand?post=616"},{"taxonomy":"product_cat","embeddable":true,"href":"https:\/\/www.hedera-etc.com\/it\/wp-json\/wp\/v2\/product_cat?post=616"},{"taxonomy":"product_tag","embeddable":true,"href":"https:\/\/www.hedera-etc.com\/it\/wp-json\/wp\/v2\/product_tag?post=616"}],"curies":[{"name":"wp","href":"https:\/\/api.w.org\/{rel}","templated":true}]}}

<div data-elementor-type="product-post" data-elementor-id="616" class="elementor elementor-616" data-elementor-post-type="product">
				<div class="elementor-element elementor-element-29e36bc6 e-con-full e-flex e-con e-child" data-id="29e36bc6" data-element_type="container">
				<div class="elementor-element elementor-element-1b3f4f56 elementor-widget elementor-widget-text-editor" data-id="1b3f4f56" data-element_type="widget" data-widget_type="text-editor.default">
				<div class="elementor-widget-container">
									<h2><span style="color: #f0ffed;">L'edera ornamentale  &#8211; Hedera helix &lsquo;Elfenbein&rsquo;</span></h2>								</div>
				</div>
				</div>
		<div class="elementor-element elementor-element-74861c43 e-flex e-con-boxed e-con e-parent" data-id="74861c43" data-element_type="container">
					<div class="e-con-inner">
		<div class="elementor-element elementor-element-13c46ac6 e-flex e-con-boxed e-con e-child" data-id="13c46ac6" data-element_type="container">
					<div class="e-con-inner">
				<div class="elementor-element elementor-element-b617b30 elementor-widget elementor-widget-heading" data-id="b617b30" data-element_type="widget" data-widget_type="heading.default">
				<div class="elementor-widget-container">
					<h2 class="elementor-heading-title elementor-size-default">In breve</h2>				</div>
				</div>
				<div class="elementor-element elementor-element-3421f5a7 elementor-widget elementor-widget-text-editor" data-id="3421f5a7" data-element_type="widget" data-widget_type="text-editor.default">
				<div class="elementor-widget-container">
									<p>Edera ornamentale, <strong><em>Hedera helix</em> &lsquo;Elfenbein&rsquo;</strong>, Ha foglie attraenti con margini arricciati.</p><p>Sono a volte arrotondate, a volte con 3 o 5 lobi. La lamina fogliare è di colore grigio-verde chiaro screziato di grigio. I bordi delle foglie sono crespi e variegati di bianco avorio.</p><p>Questa edera forma una buona copertura del terreno con una crescita media e un buon spessore.</p>								</div>
				</div>
				<div class="elementor-element elementor-element-1851fee6 elementor-widget elementor-widget-heading" data-id="1851fee6" data-element_type="widget" data-widget_type="heading.default">
				<div class="elementor-widget-container">
					<h2 class="elementor-heading-title elementor-size-default">La storia</h2>				</div>
				</div>
				<div class="elementor-element elementor-element-51636e18 elementor-widget elementor-widget-text-editor" data-id="51636e18" data-element_type="widget" data-widget_type="text-editor.default">
				<div class="elementor-widget-container">
									<p>Questa cultivar è stata scoperta nel 1977 da Gebr. Stauss, Möglingen, Germania. Si tratta probabilmente di una mutazione della varietà ‘Crispa’.</p>								</div>
				</div>
				<div class="elementor-element elementor-element-4761958e elementor-widget elementor-widget-heading" data-id="4761958e" data-element_type="widget" data-widget_type="heading.default">
				<div class="elementor-widget-container">
					<h2 class="elementor-heading-title elementor-size-default">Scheda tecnica - Hedera helix 'Elfenbein'</h2>				</div>
				</div>
				<div class="elementor-element elementor-element-1fc06220 elementor-widget elementor-widget-text-editor" data-id="1fc06220" data-element_type="widget" data-widget_type="text-editor.default">
				<div class="elementor-widget-container">
									<h3>Informazioni botaniche</h3>
<ul>
<li>Famiglia: Araliaceae</li>
<li>Genere : <em><strong>Hedera</strong></em></li>
<li>Specie : <em>helix</em></li>
<li>Coltivare : &lsquo;Elfenbein&rsquo;</li>
<li>Classificazione Pierot: edera variegata, edera con foglie ondulate, edera curiosa.</li>
<li>Stadio fogliare: giovanile</li>
<li>Origine della specie: Europa, dalla Spagna alla Norvegia, ma poco sulla costa atlantica.</li>
<li>Origine della cultivar: probabilmente una mutazione della ‘Crispa’, scoperta dai fratelli Stauss,&nbsp;<span style="font-family: Roboto, sans-serif; font-size: 18px; font-style: normal; font-variant-ligatures: normal; font-variant-caps: normal; font-weight: 400; background-color: #f8f8f7;">Möglingen, Germania, nel 1977</span></li>
</ul>
<h3>&nbsp;</h3>
<h3>Descrizione di Hedera helix &lsquo;Elfenbein&rsquo;</h3>
<ul>
<li>Portamento di crescita: si allarga</li>
<li>Numero di lobi: da 0 a 3 lobi in generale</li>
<li>Lunghezza delle foglie: 6 cm</li>
<li>Larghezza del foglio: 5 cm</li>
<li>Colore delle foglie: grigio-verde con macchie grigie e margini bianco-avorio.</li>
<li>Colore delle vene: verde</li>
<li>Colore del fusto e del picciolo: viola verdastro</li>
<li>Rami: pochi rami</li>
<li>Spessore del materasso: abbastanza spesso</li>
<li>Peli: stellati, da 3 a 5 ramificazioni</li>
</ul>
<h3>&nbsp;</h3>
<h3>Consigli per la piantagione, la coltivazione e la cura di Hedera helix &lsquo;Elfenbein&rsquo;</h3>
<ul>
<li>Esposizione: sole, ombra parziale</li>
<li>Resistenza: -8°C</li>
<li>Umidità del terreno: terreno fresco</li>
<li>PH del terreno: neutro o calcareo</li>
<li>Tipo di terreno: tutti</li>
<li>Ricchezza del suolo: ordinario o ricco di humus</li>
<li>Impiego: coprisuolo, rampicante, vaso, cassetta per finestre, cesti appesi</li>
<li>Sviluppo: medio, lento</li>
<li>Potatura: una volta all'anno</li>
<li>Parassiti: molto rari (ragnetto, cocciniglia)</li>
<li>Malattie: molto rare (macchie fogliari)</li>
</ul>								</div>
				</div>
					</div>
				</div>
					</div>
				</div>
		<div class="elementor-element elementor-element-5747e46d e-flex e-con-boxed e-con e-parent" data-id="5747e46d" data-element_type="container">
					<div class="e-con-inner">
				<div class="elementor-element elementor-element-1fe515e8 elementor-widget elementor-widget-image" data-id="1fe515e8" data-element_type="widget" data-widget_type="image.default">
				<div class="elementor-widget-container">
															<img fetchpriority="high" decoding="async" width="1024" height="146" src="https://www.hedera-etc.com/wp-content/uploads/2023/10/guirlande-1024x146.webp" class="attachment-large size-large wp-image-116" alt="La boutique du lierre - Ghirlanda di edera" srcset="https://www.hedera-etc.com/wp-content/uploads/2023/10/guirlande-1024x146.webp 1024w, https://www.hedera-etc.com/wp-content/uploads/2023/10/guirlande-900x129.webp 900w, https://www.hedera-etc.com/wp-content/uploads/2023/10/guirlande-300x43.webp 300w, https://www.hedera-etc.com/wp-content/uploads/2023/10/guirlande-768x110.webp 768w, https://www.hedera-etc.com/wp-content/uploads/2023/10/guirlande.webp 1126w" sizes="(max-width: 1024px) 100vw, 1024px" />															</div>
				</div>
				<div class="elementor-element elementor-element-771a7ab7 elementor-widget elementor-widget-text-editor" data-id="771a7ab7" data-element_type="widget" data-widget_type="text-editor.default">
				<div class="elementor-widget-container">
									<h3 style="text-align: center;"><span style="color: #008000;">L'edera nella letteratura</span></h3><blockquote><p style="text-align: center;"><span style="color: #993366;">“L'edera, con la sua implacabile costanza, avvolgeva le pietre come un abbraccio eterno.</span><span style="color: #993366;">”</span></p></blockquote><h5 style="text-align: right;"><strong>Rainer Maria Rilke</strong>, <em>I quaderni di Malta Laurids Brigge</em></h5>								</div>
				</div>
					</div>
				</div>
				</div>
